{"id":773378,"date":"2025-08-28T16:13:59","date_gmt":"2025-08-28T13:13:59","guid":{"rendered":"https:\/\/roveyayinevi.com.tr\/index.php\/urun\/medikal-istihbarat-istihbaratin-biyolojik-yuzu\/"},"modified":"2026-04-15T03:39:44","modified_gmt":"2026-04-15T00:39:44","slug":"medikal-istihbarat-istihbaratin-biyolojik-yuzu","status":"publish","type":"product","link":"https:\/\/roveyayinevi.com.tr\/index.php\/urun\/medikal-istihbarat-istihbaratin-biyolojik-yuzu\/","title":{"rendered":"Medikal \u0130stihbarat : \u0130stihbarat\u0131n Biyolojik Y\u00fcz\u00fc"},"content":{"rendered":"<p>21. y\u00fczy\u0131l\u0131n krizleri art\u0131k yaln\u0131zca cephelerde ya\u015fanm\u0131yor. Vir\u00fcsler, g\u00f6\u00e7 ak\u0131nlar\u0131, do\u011fal afetler ve k\u00fcresel ula\u015f\u0131m sistemleri; devletlerin g\u00fcvenli\u011fini, toplumlar\u0131n yap\u0131s\u0131n\u0131 ve istihbarat\u0131n tan\u0131m\u0131n\u0131 k\u00f6kten de\u011fi\u015ftirdi. Medikal istihbarat, bu \u00e7ok boyutlu kriz ortam\u0131nda yeni nesil g\u00fcvenlik stratejilerinin merkezine oturdu. Bu kitap, Kara Veba\u2019dan COVID-19\u2019a, b\u00fcy\u00fck g\u00f6\u00e7 dalgalar\u0131ndan sava\u015flara, y\u0131k\u0131c\u0131 depremlerden hava yolu kaynakl\u0131 pandemi yay\u0131l\u0131mlar\u0131na kadar bir\u00e7ok tehdidi medikal istihbarat perspektifiyle ele al\u0131yor. Modern toplumlarda biyolojik riskler yaln\u0131zca sa\u011fl\u0131k kurumlar\u0131n\u0131 de\u011fil; s\u0131n\u0131r g\u00fcvenli\u011fini, kamu d\u00fczenini ve karar alma s\u00fcre\u00e7lerini de do\u011frudan etkiliyor. Peki bu s\u00fcre\u00e7lerde istihbarat kurumlar\u0131n\u0131n rol\u00fc nedir? Medikal veriler istihbarat nesnesine d\u00f6n\u00fc\u015febilir mi? Biyolojik tehditlere kar\u015f\u0131 sadece bilimsel de\u011fil, stratejik ve \u00f6nleyici bir istihbarat yap\u0131lanmas\u0131 nas\u0131l kurulabilir? \u201c\u0130stihbarat\u0131n Biyolojik Y\u00fcz\u00fc: Medikal \u0130stihbarat\u201d, yazar\u0131n \u00f6zg\u00fcn bir ara\u015ft\u0131rma eseridir. Bu kitap, pandemiler, sava\u015flar, g\u00f6\u00e7 hareketleri ve do\u011fal afetler gibi krizlerin ortak noktas\u0131 olan t\u0131bbi ve biyolojik g\u00fcvenlik risklerini, geleneksel istihbarat modellerinin \u00f6tesinde yorumlamay\u0131 hedefler. Gelece\u011fin sava\u015flar\u0131 art\u0131k g\u00f6r\u00fcnmeyen cephelerde ya\u015fan\u0131yor. Bu kitap, o cepheleri anlamak i\u00e7in bir pusula niteli\u011finde. <\/p>\n","protected":false},"excerpt":{"rendered":"<p>21. y\u00fczy\u0131l\u0131n krizleri art\u0131k yaln\u0131zca cephelerde ya\u015fanm\u0131yor. Vir\u00fcsler, g\u00f6\u00e7 ak\u0131nlar\u0131, do\u011fal afetler ve k\u00fcresel ula\u015f\u0131m sistemleri; devletlerin g\u00fcvenli\u011fini, toplumlar\u0131n yap\u0131s\u0131n\u0131 ve istihbarat\u0131n tan\u0131m\u0131n\u0131 k\u00f6kten de\u011fi\u015ftirdi. Medikal<span class=\"excerpt-hellip\"> [\u2026]<\/span><\/p>\n","protected":false},"featured_media":0,"template":"","meta":{"_monsterinsights_skip_tracking":false,"_monsterinsights_sitenote_active":false,"_monsterinsights_sitenote_note":"","_monsterinsights_sitenote_category":0},"product_brand":[],"product_cat":[13590,12337],"product_tag":[],"class_list":{"0":"post-773378","1":"product","2":"type-product","3":"status-publish","5":"product_cat-arastirma-inceleme-politika-siyaset","6":"product_cat-politika-siyaset","7":"pa_cilt-ciltsiz","8":"pa_tur-kitap","9":"pa_yayinevi-orion-kitabevi","10":"pa_yazar-abdurrahim-oksuz","12":"first","13":"instock","14":"sale","15":"shipping-taxable","16":"purchasable","17":"product-type-simple"},"_links":{"self":[{"href":"https:\/\/roveyayinevi.com.tr\/index.php\/wp-json\/wp\/v2\/product\/773378","targetHints":{"allow":["GET"]}}],"collection":[{"href":"https:\/\/roveyayinevi.com.tr\/index.php\/wp-json\/wp\/v2\/product"}],"about":[{"href":"https:\/\/roveyayinevi.com.tr\/index.php\/wp-json\/wp\/v2\/types\/product"}],"wp:attachment":[{"href":"https:\/\/roveyayinevi.com.tr\/index.php\/wp-json\/wp\/v2\/media?parent=773378"}],"wp:term":[{"taxonomy":"product_brand","embeddable":true,"href":"https:\/\/roveyayinevi.com.tr\/index.php\/wp-json\/wp\/v2\/product_brand?post=773378"},{"taxonomy":"product_cat","embeddable":true,"href":"https:\/\/roveyayinevi.com.tr\/index.php\/wp-json\/wp\/v2\/product_cat?post=773378"},{"taxonomy":"product_tag","embeddable":true,"href":"https:\/\/roveyayinevi.com.tr\/index.php\/wp-json\/wp\/v2\/product_tag?post=773378"}],"curies":[{"name":"wp","href":"https:\/\/api.w.org\/{rel}","templated":true}]}}