{"id":773364,"date":"2025-08-28T16:13:27","date_gmt":"2025-08-28T13:13:27","guid":{"rendered":"https:\/\/roveyayinevi.com.tr\/index.php\/urun\/halden-anlamak\/"},"modified":"2026-04-15T03:39:44","modified_gmt":"2026-04-15T00:39:44","slug":"halden-anlamak","status":"publish","type":"product","link":"https:\/\/roveyayinevi.com.tr\/index.php\/urun\/halden-anlamak\/","title":{"rendered":"Halden Anlamak"},"content":{"rendered":"<p>O geceyi hat\u0131rlasana sevgili okur. Yast\u0131\u011f\u0131n\u0131 g\u00f6zya\u015flar\u0131nla \u0131slatt\u0131\u011f\u0131n, sabaha kadar karanl\u0131k d\u00fc\u015f\u00fcncelerle bo\u011fu\u015ftu\u011fun ve art\u0131k \u201cHer \u015fey bitti, k\u0131yametim koptu\u201d dedi\u011fin o geceyi hat\u0131rla. B\u00fcy\u00fck bir \u00fcz\u00fcnt\u00fc ve keskin bir \u00e7aresizlik hissetti\u011fin, d\u00fcnyan\u0131n en yaln\u0131z ve en ac\u0131l\u0131 insan\u0131 oldu\u011funu d\u00fc\u015f\u00fcnd\u00fc\u011f\u00fcn o geceyi&#8230;   Ama bak \u015fimdi buradas\u0131n, buraday\u0131z. Ac\u0131s\u0131 belki h\u00e2l\u00e2 s\u00fcr\u00fcyor. S\u00fcrecek. Fakat sen o geceden sa\u011f \u00e7\u0131kt\u0131n sevgili okur. \u201cNas\u0131l sa\u011f \u00e7\u0131kt\u0131\u011f\u0131m\u0131 bir de bana sor\u201d diyorsun, emin ol oradan nas\u0131l sa\u011f \u00e7\u0131kt\u0131\u011f\u0131n\u0131, sonras\u0131nda nas\u0131l devam etti\u011fini, ne zorluklar, kazalar, belalar ya\u015fad\u0131\u011f\u0131n\u0131 biliyorum, hissediyorum. \u015euna inan: En zor k\u0131sm\u0131 ge\u00e7ti. Ve \u015funa da: Yeniden ba\u015fka zorluklar ba\u015flayacak. Ama ben buraday\u0131m sevgili okur, biz buraday\u0131z ve bunu da atlataca\u011f\u0131z. <\/p>\n","protected":false},"excerpt":{"rendered":"<p>O geceyi hat\u0131rlasana sevgili okur. Yast\u0131\u011f\u0131n\u0131 g\u00f6zya\u015flar\u0131nla \u0131slatt\u0131\u011f\u0131n, sabaha kadar karanl\u0131k d\u00fc\u015f\u00fcncelerle bo\u011fu\u015ftu\u011fun ve art\u0131k \u201cHer \u015fey bitti, k\u0131yametim koptu\u201d dedi\u011fin o geceyi hat\u0131rla. B\u00fcy\u00fck bir<span class=\"excerpt-hellip\"> [\u2026]<\/span><\/p>\n","protected":false},"featured_media":0,"template":"","meta":{"_monsterinsights_skip_tracking":false,"_monsterinsights_sitenote_active":false,"_monsterinsights_sitenote_note":"","_monsterinsights_sitenote_category":0},"product_brand":[],"product_cat":[12358,12357],"product_tag":[],"class_list":{"0":"post-773364","1":"product","2":"type-product","3":"status-publish","5":"product_cat-genel-psikoloji","6":"product_cat-psikoloji","7":"pa_cilt-ciltsiz","8":"pa_tur-kitap","9":"pa_yayinevi-muhit-kitap","10":"pa_yazar-gokhan-ergur","12":"first","13":"instock","14":"sale","15":"shipping-taxable","16":"purchasable","17":"product-type-simple"},"_links":{"self":[{"href":"https:\/\/roveyayinevi.com.tr\/index.php\/wp-json\/wp\/v2\/product\/773364","targetHints":{"allow":["GET"]}}],"collection":[{"href":"https:\/\/roveyayinevi.com.tr\/index.php\/wp-json\/wp\/v2\/product"}],"about":[{"href":"https:\/\/roveyayinevi.com.tr\/index.php\/wp-json\/wp\/v2\/types\/product"}],"wp:attachment":[{"href":"https:\/\/roveyayinevi.com.tr\/index.php\/wp-json\/wp\/v2\/media?parent=773364"}],"wp:term":[{"taxonomy":"product_brand","embeddable":true,"href":"https:\/\/roveyayinevi.com.tr\/index.php\/wp-json\/wp\/v2\/product_brand?post=773364"},{"taxonomy":"product_cat","embeddable":true,"href":"https:\/\/roveyayinevi.com.tr\/index.php\/wp-json\/wp\/v2\/product_cat?post=773364"},{"taxonomy":"product_tag","embeddable":true,"href":"https:\/\/roveyayinevi.com.tr\/index.php\/wp-json\/wp\/v2\/product_tag?post=773364"}],"curies":[{"name":"wp","href":"https:\/\/api.w.org\/{rel}","templated":true}]}}