{"id":773342,"date":"2025-08-28T16:12:46","date_gmt":"2025-08-28T13:12:46","guid":{"rendered":"https:\/\/roveyayinevi.com.tr\/index.php\/urun\/renk-avcilari-cocuklar-icin-mandala\/"},"modified":"2026-04-15T03:39:29","modified_gmt":"2026-04-15T00:39:29","slug":"renk-avcilari-cocuklar-icin-mandala","status":"publish","type":"product","link":"https:\/\/roveyayinevi.com.tr\/index.php\/urun\/renk-avcilari-cocuklar-icin-mandala\/","title":{"rendered":"Renk Avc\u0131lar\u0131 ;\u00c7ocuklar \u0130\u00e7in Mandala"},"content":{"rendered":"<p>\u00c7ek &#8211; Kopar Mandalalar\u0131n d\u00fcnyan\u0131 renklendirebilece\u011fini biliyor muydun?Kitab\u0131n sayfalar\u0131n\u0131 arala ve e\u011flenceli desenleri boyayarak renk avc\u0131l\u0131\u011f\u0131na ba\u015fla!<\/p>\n","protected":false},"excerpt":{"rendered":"<p>\u00c7ek &#8211; Kopar Mandalalar\u0131n d\u00fcnyan\u0131 renklendirebilece\u011fini biliyor muydun?Kitab\u0131n sayfalar\u0131n\u0131 arala ve e\u011flenceli desenleri boyayarak renk avc\u0131l\u0131\u011f\u0131na ba\u015fla!<\/p>\n","protected":false},"featured_media":0,"template":"","meta":{"_monsterinsights_skip_tracking":false,"_monsterinsights_sitenote_active":false,"_monsterinsights_sitenote_note":"","_monsterinsights_sitenote_category":0},"product_brand":[],"product_cat":[12644,12274],"product_tag":[],"class_list":{"0":"post-773342","1":"product","2":"type-product","3":"status-publish","5":"product_cat-boyama-kitaplari","6":"product_cat-cocuk-ve-genclik-kitaplari","7":"pa_cilt-ciltsiz","8":"pa_tur-kitap","9":"pa_yayinevi-bilgi-park","10":"pa_yazar-kolektif","12":"first","13":"instock","14":"sale","15":"shipping-taxable","16":"purchasable","17":"product-type-simple"},"_links":{"self":[{"href":"https:\/\/roveyayinevi.com.tr\/index.php\/wp-json\/wp\/v2\/product\/773342","targetHints":{"allow":["GET"]}}],"collection":[{"href":"https:\/\/roveyayinevi.com.tr\/index.php\/wp-json\/wp\/v2\/product"}],"about":[{"href":"https:\/\/roveyayinevi.com.tr\/index.php\/wp-json\/wp\/v2\/types\/product"}],"wp:attachment":[{"href":"https:\/\/roveyayinevi.com.tr\/index.php\/wp-json\/wp\/v2\/media?parent=773342"}],"wp:term":[{"taxonomy":"product_brand","embeddable":true,"href":"https:\/\/roveyayinevi.com.tr\/index.php\/wp-json\/wp\/v2\/product_brand?post=773342"},{"taxonomy":"product_cat","embeddable":true,"href":"https:\/\/roveyayinevi.com.tr\/index.php\/wp-json\/wp\/v2\/product_cat?post=773342"},{"taxonomy":"product_tag","embeddable":true,"href":"https:\/\/roveyayinevi.com.tr\/index.php\/wp-json\/wp\/v2\/product_tag?post=773342"}],"curies":[{"name":"wp","href":"https:\/\/api.w.org\/{rel}","templated":true}]}}