{"id":773325,"date":"2025-08-28T16:12:09","date_gmt":"2025-08-28T13:12:09","guid":{"rendered":"https:\/\/roveyayinevi.com.tr\/index.php\/urun\/vatan-yahut-silivri-2\/"},"modified":"2026-04-15T03:39:28","modified_gmt":"2026-04-15T00:39:28","slug":"vatan-yahut-silivri-2","status":"publish","type":"product","link":"https:\/\/roveyayinevi.com.tr\/index.php\/urun\/vatan-yahut-silivri-2\/","title":{"rendered":"Vatan Yahut Silivri"},"content":{"rendered":"<p>&#8220;Say\u0131n H\u00e2kim,   Bug\u00fcn verece\u011finiz tek adil karar olan beraat karar\u0131 ile 86 milyon insana, merakla bu davan\u0131n sonucunu bekleyen T\u00fcrk milletine, \u00fclkemizde ba\u011f\u0131ms\u0131z yarg\u0131 olmasa da ba\u011f\u0131ms\u0131z yarg\u0131\u00e7lar oldu\u011fu mesaj\u0131n\u0131 verecek ve insanlar\u0131n adalet i\u00e7in tekrar umutlanmas\u0131n\u0131 sa\u011flayacaks\u0131n\u0131z.&#8221; <\/p>\n","protected":false},"excerpt":{"rendered":"<p>&#8220;Say\u0131n H\u00e2kim, Bug\u00fcn verece\u011finiz tek adil karar olan beraat karar\u0131 ile 86 milyon insana, merakla bu davan\u0131n sonucunu bekleyen T\u00fcrk milletine, \u00fclkemizde ba\u011f\u0131ms\u0131z yarg\u0131 olmasa da<span class=\"excerpt-hellip\"> [\u2026]<\/span><\/p>\n","protected":false},"featured_media":0,"template":"","meta":{"_monsterinsights_skip_tracking":false,"_monsterinsights_sitenote_active":false,"_monsterinsights_sitenote_note":"","_monsterinsights_sitenote_category":0},"product_brand":[],"product_cat":[12337,14543],"product_tag":[],"class_list":{"0":"post-773325","1":"product","2":"type-product","3":"status-publish","5":"product_cat-politika-siyaset","6":"product_cat-turkiye-siyaseti-ve-politikasi","7":"pa_cilt-ciltsiz","8":"pa_tur-kitap","9":"pa_yayinevi-destek-yayinlari","10":"pa_yazar-umit-ozdag","12":"first","13":"instock","14":"sale","15":"shipping-taxable","16":"purchasable","17":"product-type-simple"},"_links":{"self":[{"href":"https:\/\/roveyayinevi.com.tr\/index.php\/wp-json\/wp\/v2\/product\/773325","targetHints":{"allow":["GET"]}}],"collection":[{"href":"https:\/\/roveyayinevi.com.tr\/index.php\/wp-json\/wp\/v2\/product"}],"about":[{"href":"https:\/\/roveyayinevi.com.tr\/index.php\/wp-json\/wp\/v2\/types\/product"}],"wp:attachment":[{"href":"https:\/\/roveyayinevi.com.tr\/index.php\/wp-json\/wp\/v2\/media?parent=773325"}],"wp:term":[{"taxonomy":"product_brand","embeddable":true,"href":"https:\/\/roveyayinevi.com.tr\/index.php\/wp-json\/wp\/v2\/product_brand?post=773325"},{"taxonomy":"product_cat","embeddable":true,"href":"https:\/\/roveyayinevi.com.tr\/index.php\/wp-json\/wp\/v2\/product_cat?post=773325"},{"taxonomy":"product_tag","embeddable":true,"href":"https:\/\/roveyayinevi.com.tr\/index.php\/wp-json\/wp\/v2\/product_tag?post=773325"}],"curies":[{"name":"wp","href":"https:\/\/api.w.org\/{rel}","templated":true}]}}