{"id":773319,"date":"2025-08-28T16:11:58","date_gmt":"2025-08-28T13:11:58","guid":{"rendered":"https:\/\/roveyayinevi.com.tr\/index.php\/urun\/bir-politik-arena-olarak-spor-takimlari-takim-ici-guc-ve-politik-mucadeleler\/"},"modified":"2026-04-15T03:39:28","modified_gmt":"2026-04-15T00:39:28","slug":"bir-politik-arena-olarak-spor-takimlari-takim-ici-guc-ve-politik-mucadeleler","status":"publish","type":"product","link":"https:\/\/roveyayinevi.com.tr\/index.php\/urun\/bir-politik-arena-olarak-spor-takimlari-takim-ici-guc-ve-politik-mucadeleler\/","title":{"rendered":"Bir Politik Arena Olarak Spor Tak\u0131mlar\u0131 Tak\u0131m \u0130\u00e7i G\u00fc\u00e7 ve Politik M\u00fccadeleler"},"content":{"rendered":"<p>B\u00d6L\u00dcM I Spor Tak\u0131mlar\u0131nda G\u00fc\u00e7, Politika ve \u00d6rg\u00fctsel Politika   B\u00d6L\u00dcM II Tak\u0131m \u0130\u00e7i Politik M\u00fccadeleyi Anlamak ve Y\u00f6netmek<\/p>\n","protected":false},"excerpt":{"rendered":"<p>B\u00d6L\u00dcM I Spor Tak\u0131mlar\u0131nda G\u00fc\u00e7, Politika ve \u00d6rg\u00fctsel Politika B\u00d6L\u00dcM II Tak\u0131m \u0130\u00e7i Politik M\u00fccadeleyi Anlamak ve Y\u00f6netmek<\/p>\n","protected":false},"featured_media":0,"template":"","meta":{"_monsterinsights_skip_tracking":false,"_monsterinsights_sitenote_active":false,"_monsterinsights_sitenote_note":"","_monsterinsights_sitenote_category":0},"product_brand":[],"product_cat":[12573,12566],"product_tag":[],"class_list":{"0":"post-773319","1":"product","2":"type-product","3":"status-publish","5":"product_cat-akademik-kitaplar","6":"product_cat-egitim","7":"pa_cilt-ciltsiz","8":"pa_tur-kitap","9":"pa_yayinevi-gazi-kitabevi","10":"pa_yazar-ozgun-parasiz","12":"first","13":"instock","14":"sale","15":"shipping-taxable","16":"purchasable","17":"product-type-simple"},"_links":{"self":[{"href":"https:\/\/roveyayinevi.com.tr\/index.php\/wp-json\/wp\/v2\/product\/773319","targetHints":{"allow":["GET"]}}],"collection":[{"href":"https:\/\/roveyayinevi.com.tr\/index.php\/wp-json\/wp\/v2\/product"}],"about":[{"href":"https:\/\/roveyayinevi.com.tr\/index.php\/wp-json\/wp\/v2\/types\/product"}],"wp:attachment":[{"href":"https:\/\/roveyayinevi.com.tr\/index.php\/wp-json\/wp\/v2\/media?parent=773319"}],"wp:term":[{"taxonomy":"product_brand","embeddable":true,"href":"https:\/\/roveyayinevi.com.tr\/index.php\/wp-json\/wp\/v2\/product_brand?post=773319"},{"taxonomy":"product_cat","embeddable":true,"href":"https:\/\/roveyayinevi.com.tr\/index.php\/wp-json\/wp\/v2\/product_cat?post=773319"},{"taxonomy":"product_tag","embeddable":true,"href":"https:\/\/roveyayinevi.com.tr\/index.php\/wp-json\/wp\/v2\/product_tag?post=773319"}],"curies":[{"name":"wp","href":"https:\/\/api.w.org\/{rel}","templated":true}]}}