{"id":773316,"date":"2025-08-28T16:11:53","date_gmt":"2025-08-28T13:11:53","guid":{"rendered":"https:\/\/roveyayinevi.com.tr\/index.php\/urun\/gelecek-avrupa\/"},"modified":"2026-04-15T03:39:28","modified_gmt":"2026-04-15T00:39:28","slug":"gelecek-avrupa","status":"publish","type":"product","link":"https:\/\/roveyayinevi.com.tr\/index.php\/urun\/gelecek-avrupa\/","title":{"rendered":"Gelecek Avrupa"},"content":{"rendered":"<p>Elinizdeki kitap, Avrupa k\u0131tas\u0131na yaln\u0131zca bir co\u011frafya ya da siyasal birlik olarak de\u011fil, ayn\u0131 zamanda felsefi ve etik bir miras\u0131n ta\u015f\u0131y\u0131c\u0131s\u0131 olarak yakla\u015fan \u00f6zg\u00fcn bir \u00e7al\u0131\u015fma. Derrida\u2019n\u0131n d\u00fc\u015f\u00fcncesinden ilhamla haz\u0131rlanan bu eser, Avrupa\u2019n\u0131n ge\u00e7mi\u015fe dayal\u0131 bir kimlik in\u015fas\u0131 oldu\u011fu kadar gelece\u011fe a\u00e7\u0131k bir \u201cumut imgesi\u201d olarak da nas\u0131l yeniden ele al\u0131nabilece\u011fini sorguluyor. Derrida\u2019n\u0131n \u201cfark,\u201d \u201cmiras,\u201d \u201csorumluluk,\u201d \u201cmisafirperverlik\u201d ve \u201cdemokrasi\u201d gibi kilit kavramlar\u0131 \u00fczerinden ilerleyen bu \u00e7al\u0131\u015fma; Avrupa\u2019n\u0131n hen\u00fcz gelmemi\u015f olan\u0131, yani kendi imk\u00e2ns\u0131z imgesini nas\u0131l ta\u015f\u0131yabilece\u011fini ara\u015ft\u0131r\u0131yor. Son b\u00f6l\u00fcmde \u0130ngiliz filozof Simon Glendinning ile yap\u0131lan s\u00f6yle\u015fi ise, bu tart\u0131\u015fmay\u0131 derinle\u015ftirerek g\u00fc\u00e7l\u00fc bir d\u00fc\u015f\u00fcnsel perspektif sunuyor. Gelecek Avrupa: Jacques Derrida\u2019n\u0131n Umut Avrupas\u0131, belirsizlikler ve ciddi krizlerle bo\u011fu\u015fan Avrupa\u2019y\u0131, felsefi bir sorumlulukla yeniden d\u00fc\u015f\u00fcnmeye davet ediyor.<\/p>\n","protected":false},"excerpt":{"rendered":"<p>Elinizdeki kitap, Avrupa k\u0131tas\u0131na yaln\u0131zca bir co\u011frafya ya da siyasal birlik olarak de\u011fil, ayn\u0131 zamanda felsefi ve etik bir miras\u0131n ta\u015f\u0131y\u0131c\u0131s\u0131 olarak yakla\u015fan \u00f6zg\u00fcn bir \u00e7al\u0131\u015fma.<span class=\"excerpt-hellip\"> [\u2026]<\/span><\/p>\n","protected":false},"featured_media":0,"template":"","meta":{"_monsterinsights_skip_tracking":false,"_monsterinsights_sitenote_active":false,"_monsterinsights_sitenote_note":"","_monsterinsights_sitenote_category":0},"product_brand":[],"product_cat":[20351,12388],"product_tag":[],"class_list":{"0":"post-773316","1":"product","2":"type-product","3":"status-publish","5":"product_cat-dusunce","6":"product_cat-felsefe","7":"pa_cilt-ciltsiz","8":"pa_tur-kitap","9":"pa_yayinevi-paradigma-yayinlari","10":"pa_yazar-sema-cevirici-atilla","12":"first","13":"instock","14":"sale","15":"shipping-taxable","16":"purchasable","17":"product-type-simple"},"_links":{"self":[{"href":"https:\/\/roveyayinevi.com.tr\/index.php\/wp-json\/wp\/v2\/product\/773316","targetHints":{"allow":["GET"]}}],"collection":[{"href":"https:\/\/roveyayinevi.com.tr\/index.php\/wp-json\/wp\/v2\/product"}],"about":[{"href":"https:\/\/roveyayinevi.com.tr\/index.php\/wp-json\/wp\/v2\/types\/product"}],"wp:attachment":[{"href":"https:\/\/roveyayinevi.com.tr\/index.php\/wp-json\/wp\/v2\/media?parent=773316"}],"wp:term":[{"taxonomy":"product_brand","embeddable":true,"href":"https:\/\/roveyayinevi.com.tr\/index.php\/wp-json\/wp\/v2\/product_brand?post=773316"},{"taxonomy":"product_cat","embeddable":true,"href":"https:\/\/roveyayinevi.com.tr\/index.php\/wp-json\/wp\/v2\/product_cat?post=773316"},{"taxonomy":"product_tag","embeddable":true,"href":"https:\/\/roveyayinevi.com.tr\/index.php\/wp-json\/wp\/v2\/product_tag?post=773316"}],"curies":[{"name":"wp","href":"https:\/\/api.w.org\/{rel}","templated":true}]}}