{"id":773297,"date":"2025-08-28T16:11:14","date_gmt":"2025-08-28T13:11:14","guid":{"rendered":"https:\/\/roveyayinevi.com.tr\/index.php\/urun\/senbazuru-bin-turna-felsefesi\/"},"modified":"2026-04-15T03:39:28","modified_gmt":"2026-04-15T00:39:28","slug":"senbazuru-bin-turna-felsefesi","status":"publish","type":"product","link":"https:\/\/roveyayinevi.com.tr\/index.php\/urun\/senbazuru-bin-turna-felsefesi\/","title":{"rendered":"Senbazuru \u2013 Bin Turna Felsefesi"},"content":{"rendered":"<p>Sadako\u2019nun An\u0131s\u0131na G\u00f6ky\u00fcz\u00fcne B\u0131rak\u0131lan Turna Ku\u015flar\u0131\u2026   Umut, \u015fifa ve mutlulu\u011fa giden k\u00fc\u00e7\u00fck ad\u0131mlar: SENBAZURU Japonya\u2019da k\u00e2\u011f\u0131ttan turna ku\u015fu; bar\u0131\u015f\u0131n, umudun ve \u015fifan\u0131n sembol\u00fcd\u00fcr. Efsaneye g\u00f6re turna ku\u015fu, bin y\u0131l ya\u015fayabilen mistik ve g\u00f6rkemli bir yarat\u0131k olan \u201cmutluluk ku\u015fu\u201d olarak kabul edilir.  E\u011fer bir ki\u015fi, bir y\u0131l i\u00e7inde bin k\u00e2\u011f\u0131t turna ku\u015fu katlarsa, ona uzun bir \u00f6m\u00fcr, \u015fifa ve sonsuz mutluluk getiren \u00f6zel bir dilek bah\u015fedilir. K\u00e2\u011f\u0131ttan bin turna ku\u015fu katlama gelene\u011fi yani SENBAZURU, yava\u015flamaya ve kendi ki\u015fisel yolculu\u011fumuzda bir\u00e7ok k\u00fc\u00e7\u00fck ad\u0131m atmaya te\u015fvik eden ilham verici bir felsefe olarak biliniyor. Japonlar\u0131n umut a\u015f\u0131layan bu felsefesi, ruhunuzu iyile\u015ftirmek ve mutlulu\u011fa giderken kendi yolunuzu bulman\u0131za yard\u0131mc\u0131 olmak i\u00e7in ince \u00f6\u011fretiler ve minik ad\u0131mlar e\u015fli\u011finde size yol g\u00f6steriyor. D\u00fcnya \u00e7ap\u0131nda ses getiren bu bilin\u00e7li fark\u0131ndal\u0131k uygulamas\u0131n\u0131, kendinize rehber alarak SENBAZURU\u2019nun ilham veren felsefesi ile mutlulu\u011fa giden yolda ilerleyin.<\/p>\n","protected":false},"excerpt":{"rendered":"<p>Sadako\u2019nun An\u0131s\u0131na G\u00f6ky\u00fcz\u00fcne B\u0131rak\u0131lan Turna Ku\u015flar\u0131\u2026 Umut, \u015fifa ve mutlulu\u011fa giden k\u00fc\u00e7\u00fck ad\u0131mlar: SENBAZURU Japonya\u2019da k\u00e2\u011f\u0131ttan turna ku\u015fu; bar\u0131\u015f\u0131n, umudun ve \u015fifan\u0131n sembol\u00fcd\u00fcr. Efsaneye g\u00f6re turna<span class=\"excerpt-hellip\"> [\u2026]<\/span><\/p>\n","protected":false},"featured_media":0,"template":"","meta":{"_monsterinsights_skip_tracking":false,"_monsterinsights_sitenote_active":false,"_monsterinsights_sitenote_note":"","_monsterinsights_sitenote_category":0},"product_brand":[],"product_cat":[12364,12376],"product_tag":[],"class_list":{"0":"post-773297","1":"product","2":"type-product","3":"status-publish","5":"product_cat-genel-konular","6":"product_cat-kisisel-gelisim","7":"pa_cilt-ciltsiz","8":"pa_tur-kitap","9":"pa_yayinevi-tokyo-manga","10":"pa_yazar-michael-james-wong","12":"first","13":"instock","14":"sale","15":"shipping-taxable","16":"purchasable","17":"product-type-simple"},"_links":{"self":[{"href":"https:\/\/roveyayinevi.com.tr\/index.php\/wp-json\/wp\/v2\/product\/773297","targetHints":{"allow":["GET"]}}],"collection":[{"href":"https:\/\/roveyayinevi.com.tr\/index.php\/wp-json\/wp\/v2\/product"}],"about":[{"href":"https:\/\/roveyayinevi.com.tr\/index.php\/wp-json\/wp\/v2\/types\/product"}],"wp:attachment":[{"href":"https:\/\/roveyayinevi.com.tr\/index.php\/wp-json\/wp\/v2\/media?parent=773297"}],"wp:term":[{"taxonomy":"product_brand","embeddable":true,"href":"https:\/\/roveyayinevi.com.tr\/index.php\/wp-json\/wp\/v2\/product_brand?post=773297"},{"taxonomy":"product_cat","embeddable":true,"href":"https:\/\/roveyayinevi.com.tr\/index.php\/wp-json\/wp\/v2\/product_cat?post=773297"},{"taxonomy":"product_tag","embeddable":true,"href":"https:\/\/roveyayinevi.com.tr\/index.php\/wp-json\/wp\/v2\/product_tag?post=773297"}],"curies":[{"name":"wp","href":"https:\/\/api.w.org\/{rel}","templated":true}]}}