{"id":773269,"date":"2025-08-28T16:10:18","date_gmt":"2025-08-28T13:10:18","guid":{"rendered":"https:\/\/roveyayinevi.com.tr\/index.php\/urun\/gachiakuta-1\/"},"modified":"2026-04-15T03:39:27","modified_gmt":"2026-04-15T00:39:27","slug":"gachiakuta-1","status":"publish","type":"product","link":"https:\/\/roveyayinevi.com.tr\/index.php\/urun\/gachiakuta-1\/","title":{"rendered":"Gachiakuta 1"},"content":{"rendered":"<p>RUDO, SU\u00c7LULARIN \u00c7ocuklar\u0131n\u0131n   TOPLANDI\u011eI GECEKONDU MAHALLES\u0130NDE \u00c7\u00d6P TOPLAYARAK YA\u015eAMAKTA VE AYRIMCILI\u011eA U\u011eRAMAKTADIR. B\u0130R G\u00dcN, G\u0130ZEML\u0130 B\u0130R SU\u00c7 \u00dcZER\u0130NE ATILINCA HERKES\u0130N KORKTU\u011eU \u201cYERALTI\u201dNA G\u00d6NDER\u0130L\u0130R. ORADA \u201cTEM\u0130ZL\u0130K\u00c7\u0130\u201d ENJ\u0130N\u2019LE TANI\u015eAN RUDO, \u0130\u00c7\u0130NDE BULUNDU\u011eU D\u00dcNYANIN GER\u00c7EKLER\u0130N\u0130 KE\u015eFEDER VE E\u015eYALARA HAYAT VEREN B\u0130R G\u00dcCE SAH\u0130P OLDU\u011eUNUN FARKINA VARIR. HER \u015eEY,   \u201cBU P\u0130SL\u0130K D\u00dcNYA\u201dYI DE\u011e\u0130\u015eT\u0130RMEK \u0130\u00c7\u0130N! <\/p>\n","protected":false},"excerpt":{"rendered":"<p>RUDO, SU\u00c7LULARIN \u00c7ocuklar\u0131n\u0131n TOPLANDI\u011eI GECEKONDU MAHALLES\u0130NDE \u00c7\u00d6P TOPLAYARAK YA\u015eAMAKTA VE AYRIMCILI\u011eA U\u011eRAMAKTADIR. B\u0130R G\u00dcN, G\u0130ZEML\u0130 B\u0130R SU\u00c7 \u00dcZER\u0130NE ATILINCA HERKES\u0130N KORKTU\u011eU \u201cYERALTI\u201dNA G\u00d6NDER\u0130L\u0130R. ORADA \u201cTEM\u0130ZL\u0130K\u00c7\u0130\u201d ENJ\u0130N\u2019LE<span class=\"excerpt-hellip\"> [\u2026]<\/span><\/p>\n","protected":false},"featured_media":0,"template":"","meta":{"_monsterinsights_skip_tracking":false,"_monsterinsights_sitenote_active":false,"_monsterinsights_sitenote_note":"","_monsterinsights_sitenote_category":0},"product_brand":[],"product_cat":[12416,12291],"product_tag":[],"class_list":{"0":"post-773269","1":"product","2":"type-product","3":"status-publish","5":"product_cat-cizgi-roman","6":"product_cat-edebiyat","7":"pa_cilt-ciltsiz","8":"pa_tur-kitap","9":"pa_yayinevi-athica-yayinlari","10":"pa_yazar-kei-urana","12":"first","13":"instock","14":"sale","15":"shipping-taxable","16":"purchasable","17":"product-type-simple"},"_links":{"self":[{"href":"https:\/\/roveyayinevi.com.tr\/index.php\/wp-json\/wp\/v2\/product\/773269","targetHints":{"allow":["GET"]}}],"collection":[{"href":"https:\/\/roveyayinevi.com.tr\/index.php\/wp-json\/wp\/v2\/product"}],"about":[{"href":"https:\/\/roveyayinevi.com.tr\/index.php\/wp-json\/wp\/v2\/types\/product"}],"wp:attachment":[{"href":"https:\/\/roveyayinevi.com.tr\/index.php\/wp-json\/wp\/v2\/media?parent=773269"}],"wp:term":[{"taxonomy":"product_brand","embeddable":true,"href":"https:\/\/roveyayinevi.com.tr\/index.php\/wp-json\/wp\/v2\/product_brand?post=773269"},{"taxonomy":"product_cat","embeddable":true,"href":"https:\/\/roveyayinevi.com.tr\/index.php\/wp-json\/wp\/v2\/product_cat?post=773269"},{"taxonomy":"product_tag","embeddable":true,"href":"https:\/\/roveyayinevi.com.tr\/index.php\/wp-json\/wp\/v2\/product_tag?post=773269"}],"curies":[{"name":"wp","href":"https:\/\/api.w.org\/{rel}","templated":true}]}}