{"id":773257,"date":"2025-08-28T16:09:53","date_gmt":"2025-08-28T13:09:53","guid":{"rendered":"https:\/\/roveyayinevi.com.tr\/index.php\/urun\/sokagin-kini-yok\/"},"modified":"2026-04-15T03:39:26","modified_gmt":"2026-04-15T00:39:26","slug":"sokagin-kini-yok","status":"publish","type":"product","link":"https:\/\/roveyayinevi.com.tr\/index.php\/urun\/sokagin-kini-yok\/","title":{"rendered":"Soka\u011f\u0131n Kini Yok"},"content":{"rendered":"<p>Bu kitapta, ku\u015fa\u011f\u0131n\u0131n g\u00fc\u00e7l\u00fc \u015fairlerinden \u00d6mer Turan\u2019\u0131n daha \u00f6nce yay\u0131mlanm\u0131\u015f olan d\u00f6rt eseri bir arada bulunmakta. \u00dcryan ve \u0130syan, Kedi Gu\u0308zu\u0308, Du\u0308nyan\u0131n \u0130lk Sabah\u0131, Atlar\u0131n Gu\u0308nu\u0308 \u015fiir okurlar\u0131n\u0131 Soka\u011f\u0131n Kini Yok\u2019ta selaml\u0131yor.   ***   bo\u015fluklar, bir \u00f6lu\u0308nu\u0308n sava\u015f alan\u0131n\u0131 terk etmesi midir   sesim, rengi ka\u00e7an e\u015fyalar gibi kal\u0131yor ortada ah \u015fimdi! bu sesimden gu\u0308vercinler \u00e7\u0131karan bir sihirbaz olsa sana, insana kar\u0131\u015fmam\u0131\u015f bir orman sevi\u015fmeye haz\u0131r bir iskelet. \u015feytan i\u00e7imizden ge\u00e7iyor k\u00f6leler du\u0308zgu\u0308n bir tu\u0308rk\u00e7eyle a\u011flasa ipince da\u011f\u0131l\u0131yor mu\u0308rekkebin kokusu k\u00e2\u011f\u0131da sen u\u011furlayan, ben bekleyenim bu \u00f6yku\u0308de ikiye b\u00f6lu\u0308ndu\u0308 boynumdaki a\u011fr\u0131 kas\u0131klar\u0131m\u0131za kadar inelim. bunun \u00f6tesi sana emanetim   bo\u015fluklar; senin uzakl\u0131\u011f\u0131n, benim d\u00f6nu\u0308p geldi\u011fim <\/p>\n","protected":false},"excerpt":{"rendered":"<p>Bu kitapta, ku\u015fa\u011f\u0131n\u0131n g\u00fc\u00e7l\u00fc \u015fairlerinden \u00d6mer Turan\u2019\u0131n daha \u00f6nce yay\u0131mlanm\u0131\u015f olan d\u00f6rt eseri bir arada bulunmakta. \u00dcryan ve \u0130syan, Kedi Gu\u0308zu\u0308, Du\u0308nyan\u0131n \u0130lk Sabah\u0131, Atlar\u0131n Gu\u0308nu\u0308<span class=\"excerpt-hellip\"> [\u2026]<\/span><\/p>\n","protected":false},"featured_media":0,"template":"","meta":{"_monsterinsights_skip_tracking":false,"_monsterinsights_sitenote_active":false,"_monsterinsights_sitenote_note":"","_monsterinsights_sitenote_category":0},"product_brand":[],"product_cat":[12291,12509],"product_tag":[],"class_list":{"0":"post-773257","1":"product","2":"type-product","3":"status-publish","5":"product_cat-edebiyat","6":"product_cat-siir","7":"pa_cilt-ciltsiz","8":"pa_tur-kitap","9":"pa_yayinevi-yitik-ulke-yayinlari","10":"pa_yazar-omer-turan","12":"first","13":"instock","14":"sale","15":"shipping-taxable","16":"purchasable","17":"product-type-simple"},"_links":{"self":[{"href":"https:\/\/roveyayinevi.com.tr\/index.php\/wp-json\/wp\/v2\/product\/773257","targetHints":{"allow":["GET"]}}],"collection":[{"href":"https:\/\/roveyayinevi.com.tr\/index.php\/wp-json\/wp\/v2\/product"}],"about":[{"href":"https:\/\/roveyayinevi.com.tr\/index.php\/wp-json\/wp\/v2\/types\/product"}],"wp:attachment":[{"href":"https:\/\/roveyayinevi.com.tr\/index.php\/wp-json\/wp\/v2\/media?parent=773257"}],"wp:term":[{"taxonomy":"product_brand","embeddable":true,"href":"https:\/\/roveyayinevi.com.tr\/index.php\/wp-json\/wp\/v2\/product_brand?post=773257"},{"taxonomy":"product_cat","embeddable":true,"href":"https:\/\/roveyayinevi.com.tr\/index.php\/wp-json\/wp\/v2\/product_cat?post=773257"},{"taxonomy":"product_tag","embeddable":true,"href":"https:\/\/roveyayinevi.com.tr\/index.php\/wp-json\/wp\/v2\/product_tag?post=773257"}],"curies":[{"name":"wp","href":"https:\/\/api.w.org\/{rel}","templated":true}]}}