{"id":773210,"date":"2025-08-28T16:07:38","date_gmt":"2025-08-28T13:07:38","guid":{"rendered":"https:\/\/roveyayinevi.com.tr\/index.php\/urun\/istanbulun-kalbinde-bir-simge-pera-palas-otelinin-hikayesi\/"},"modified":"2026-04-15T03:39:25","modified_gmt":"2026-04-15T00:39:25","slug":"istanbulun-kalbinde-bir-simge-pera-palas-otelinin-hikayesi","status":"publish","type":"product","link":"https:\/\/roveyayinevi.com.tr\/index.php\/urun\/istanbulun-kalbinde-bir-simge-pera-palas-otelinin-hikayesi\/","title":{"rendered":"\u0130stanbul\u2019un Kalbinde Bir Simge: Pera Palas Otelinin Hik\u00e2yesi"},"content":{"rendered":"<p>\u0130\u00e7indekiler :   B\u0130R\u0130NC\u0130 B\u00d6L\u00dcM P\u00e2yitaht\u0131n Renkli Y\u00fcz\u00fc: Pera \u201cBeyo\u011flu\u2019nun\u201d Kozmopolit D\u00fcnyas\u0131   \u0130K\u0130NC\u0130 B\u00d6L\u00dcM Avrupa Zarafetinin \u0130stanbul Yans\u0131mas\u0131 Pera Palas Oteli   \u00dc\u00c7\u00dcNC\u00dc B\u00d6L\u00dcM Zaman\u0131n Tan\u0131\u011f\u0131 Olarak Pera Palas: Siyasi ve Sosyal D\u00f6n\u00fc\u015f\u00fcmler   D\u00d6RD\u00dcNC\u00dc B\u00d6L\u00dcM Pera Palas\u2019\u0131n Kap\u0131lar\u0131ndan Ge\u00e7en \u00dcnl\u00fc \u0130simler <\/p>\n","protected":false},"excerpt":{"rendered":"<p>\u0130\u00e7indekiler : B\u0130R\u0130NC\u0130 B\u00d6L\u00dcM P\u00e2yitaht\u0131n Renkli Y\u00fcz\u00fc: Pera \u201cBeyo\u011flu\u2019nun\u201d Kozmopolit D\u00fcnyas\u0131 \u0130K\u0130NC\u0130 B\u00d6L\u00dcM Avrupa Zarafetinin \u0130stanbul Yans\u0131mas\u0131 Pera Palas Oteli \u00dc\u00c7\u00dcNC\u00dc B\u00d6L\u00dcM Zaman\u0131n Tan\u0131\u011f\u0131 Olarak Pera<span class=\"excerpt-hellip\"> [\u2026]<\/span><\/p>\n","protected":false},"featured_media":0,"template":"","meta":{"_monsterinsights_skip_tracking":false,"_monsterinsights_sitenote_active":false,"_monsterinsights_sitenote_note":"","_monsterinsights_sitenote_category":0},"product_brand":[],"product_cat":[13005,40995],"product_tag":[],"class_list":{"0":"post-773210","1":"product","2":"type-product","3":"status-publish","5":"product_cat-bilim-muhendislik","6":"product_cat-sosyal-bilimler","7":"pa_cilt-ciltsiz","8":"pa_tur-kitap","9":"pa_yayinevi-gazi-kitabevi","10":"pa_yazar-musa-demir","12":"first","13":"instock","14":"sale","15":"shipping-taxable","16":"purchasable","17":"product-type-simple"},"_links":{"self":[{"href":"https:\/\/roveyayinevi.com.tr\/index.php\/wp-json\/wp\/v2\/product\/773210","targetHints":{"allow":["GET"]}}],"collection":[{"href":"https:\/\/roveyayinevi.com.tr\/index.php\/wp-json\/wp\/v2\/product"}],"about":[{"href":"https:\/\/roveyayinevi.com.tr\/index.php\/wp-json\/wp\/v2\/types\/product"}],"wp:attachment":[{"href":"https:\/\/roveyayinevi.com.tr\/index.php\/wp-json\/wp\/v2\/media?parent=773210"}],"wp:term":[{"taxonomy":"product_brand","embeddable":true,"href":"https:\/\/roveyayinevi.com.tr\/index.php\/wp-json\/wp\/v2\/product_brand?post=773210"},{"taxonomy":"product_cat","embeddable":true,"href":"https:\/\/roveyayinevi.com.tr\/index.php\/wp-json\/wp\/v2\/product_cat?post=773210"},{"taxonomy":"product_tag","embeddable":true,"href":"https:\/\/roveyayinevi.com.tr\/index.php\/wp-json\/wp\/v2\/product_tag?post=773210"}],"curies":[{"name":"wp","href":"https:\/\/api.w.org\/{rel}","templated":true}]}}

İstanbul’un Kalbinde Bir Simge: Pera Palas Otelinin Hikâyesi

<p>İçindekiler :   BİRİNCİ BÖLÜM Pâyitahtın Renkli Yüzü: Pera “Beyoğlu’nun” Kozmopolit Dünyası   İKİNCİ BÖLÜM Avrupa Zarafetinin İstanbul Yansıması Pera Palas Oteli   ÜÇÜNCÜ BÖLÜM Zamanın Tanığı Olarak Pera Palas: Siyasi ve Sosyal Dönüşümler   DÖRDÜNCÜ BÖLÜM Pera Palas’ın Kapılarından Geçen Ünlü İsimler </p>

<p>İçindekiler : BİRİNCİ BÖLÜM Pâyitahtın Renkli Yüzü: Pera “Beyoğlu’nun” Kozmopolit Dünyası İKİNCİ BÖLÜM Avrupa Zarafetinin İstanbul Yansıması Pera Palas Oteli ÜÇÜNCÜ BÖLÜM Zamanın Tanığı Olarak Pera<span class="excerpt-hellip"> […]</span></p>
