{"id":773196,"date":"2025-08-28T16:07:10","date_gmt":"2025-08-28T13:07:10","guid":{"rendered":"https:\/\/roveyayinevi.com.tr\/index.php\/urun\/erken-cocuklukta-okuryazarlik-deneyimi\/"},"modified":"2026-04-15T03:39:25","modified_gmt":"2026-04-15T00:39:25","slug":"erken-cocuklukta-okuryazarlik-deneyimi","status":"publish","type":"product","link":"https:\/\/roveyayinevi.com.tr\/index.php\/urun\/erken-cocuklukta-okuryazarlik-deneyimi\/","title":{"rendered":"Erken \u00c7ocuklukta Okuryazarl\u0131k Deneyimi"},"content":{"rendered":"<p>Frans\u0131z felsefeci Gaston Bachelard (1964), evin, \u00e7ocu\u011fun i\u00e7ine i\u015fleyen ve ilk al\u0131\u015fkanl\u0131klar\u0131n\u0131n ye\u015ferdi\u011fi asli evreni oldu\u011funa de\u011finir. Erken \u00e7ocukluktaki okuryazarl\u0131k deneyimlerine odakland\u0131\u011f\u0131m\u0131z bu kitapta, disiplinler aras\u0131 bir yakla\u015f\u0131m ile \u00e7ocu\u011fun anne karn\u0131ndan sonra gelen ilk ve en \u00f6nemli \u00e7evrelerinden biri olan ev ortam\u0131n\u0131n \u00f6zelliklerinin, bu ortamda yeti\u015fkinlerle olan etkile\u015fimlerin, y\u00fcr\u00fct\u00fclen faaliyetlerin ve kazan\u0131lan deneyimlerin \u00e7ocu\u011fun ya\u015fam\u0131na ve fakl\u0131 geli\u015fimsel becerilerine olan etkilerini mercek alt\u0131na al\u0131yoruz. Bu bak\u0131\u015f a\u00e7\u0131s\u0131 ile, alanyaz\u0131nda \u00e7ok say\u0131da tan\u0131m bulunmas\u0131na ra\u011fmen, erken okur yazarl\u0131\u011f\u0131, belli s\u0131n\u0131rlar\u0131 ya da \u00e7er\u00e7evesi olan bir e\u011fitim s\u00fcreci olarak ele alan tan\u0131mlar\u0131n \u00f6tesine ge\u00e7iyoruz. Daha kapsay\u0131c\u0131 tan\u0131mlamalardan yola \u00e7\u0131karak erken okur yazarl\u0131\u011f\u0131, \u00e7ocu\u011fun ya\u015fad\u0131\u011f\u0131 ev ortam\u0131n\u0131n \u00f6zelliklerini ve bu ortamdaki etkile\u015fimleri, faaliyetleri ve deneyimleri kapsayacak \u015fekilde ele al\u0131yoruz. Aile taraf\u0131ndan i\u00e7selle\u015ftirilmi\u015f, g\u00fcnl\u00fck rutinlerin ve ya\u015fant\u0131lar\u0131n i\u00e7ine entegre edilmi\u015f bir okuryazarl\u0131k deneyiminin, al\u0131\u015fkanl\u0131\u011f\u0131n\u0131n, di\u011fer bir ifadeyle ilk okuryazarl\u0131k bilincinin ve k\u00fclt\u00fcr\u00fcn\u00fcn in\u015fa edilme s\u00fcrecinin alt\u0131n\u0131 \u00e7iziyoruz. Evdeki erken okuryazarl\u0131k deneyimlerinin sadece \u201cerken okuryazarl\u0131k\u201d olarak an\u0131lan okuma-yazma becerilerini de\u011fil, ayn\u0131 zamanda akademik, bili\u015fsel, sosyal-duygusal, dil ve ileti\u015fim alanlar\u0131ndaki t\u00fcm becerilerin ve okur-yazarl\u0131k k\u00fclt\u00fcr\u00fcn\u00fcn geli\u015fimini destekleyecek, \u00f6nemli bir geli\u015fimsel sermaye olarak g\u00f6r\u00fcyoruz. Okurlar\u0131m\u0131za sundu\u011fumuz bu kitap ile erken okuryazarl\u0131k konusunda, bilimsel y\u00f6ntem ve veriye dayal\u0131 T\u00fcrk\u00e7e bir kaynak eser olu\u015fturmay\u0131 hedeflerken bu \u00e7al\u0131\u015fman\u0131n, \u00e7ocuklar\u0131n hayat\u0131ndan yolu ge\u00e7ecek t\u00fcm okurlar\u0131m\u0131z i\u00e7in \u00e7ocuklara bilgi ve deneyim zenginli\u011fi, di\u011fer bir ifadeyle geli\u015fim ve b\u00fcy\u00fcme sermayesi sa\u011flamak \u00fczere faydal\u0131 bir el kitab\u0131 olmas\u0131n\u0131 temenni ediyoruz. Dr. A. Beyza Ate\u015f, MEF \u00dcniversitesi Psikoloji B\u00f6l\u00fcm\u00fc\u2019nde \u00f6\u011fretim \u00fcyesi olarak g\u00f6rev yapmaktad\u0131r.<\/p>\n","protected":false},"excerpt":{"rendered":"<p>Frans\u0131z felsefeci Gaston Bachelard (1964), evin, \u00e7ocu\u011fun i\u00e7ine i\u015fleyen ve ilk al\u0131\u015fkanl\u0131klar\u0131n\u0131n ye\u015ferdi\u011fi asli evreni oldu\u011funa de\u011finir. Erken \u00e7ocukluktaki okuryazarl\u0131k deneyimlerine odakland\u0131\u011f\u0131m\u0131z bu kitapta, disiplinler aras\u0131<span class=\"excerpt-hellip\"> [\u2026]<\/span><\/p>\n","protected":false},"featured_media":0,"template":"","meta":{"_monsterinsights_skip_tracking":false,"_monsterinsights_sitenote_active":false,"_monsterinsights_sitenote_note":"","_monsterinsights_sitenote_category":0},"product_brand":[],"product_cat":[12679,12357],"product_tag":[],"class_list":{"0":"post-773196","1":"product","2":"type-product","3":"status-publish","5":"product_cat-cocuk-psikolojisi","6":"product_cat-psikoloji","7":"pa_cilt-ciltsiz","8":"pa_tur-kitap","9":"pa_yayinevi-koc-universitesi-yayinlari","10":"pa_yazar-kolektif","12":"first","13":"instock","14":"sale","15":"shipping-taxable","16":"purchasable","17":"product-type-simple"},"_links":{"self":[{"href":"https:\/\/roveyayinevi.com.tr\/index.php\/wp-json\/wp\/v2\/product\/773196","targetHints":{"allow":["GET"]}}],"collection":[{"href":"https:\/\/roveyayinevi.com.tr\/index.php\/wp-json\/wp\/v2\/product"}],"about":[{"href":"https:\/\/roveyayinevi.com.tr\/index.php\/wp-json\/wp\/v2\/types\/product"}],"wp:attachment":[{"href":"https:\/\/roveyayinevi.com.tr\/index.php\/wp-json\/wp\/v2\/media?parent=773196"}],"wp:term":[{"taxonomy":"product_brand","embeddable":true,"href":"https:\/\/roveyayinevi.com.tr\/index.php\/wp-json\/wp\/v2\/product_brand?post=773196"},{"taxonomy":"product_cat","embeddable":true,"href":"https:\/\/roveyayinevi.com.tr\/index.php\/wp-json\/wp\/v2\/product_cat?post=773196"},{"taxonomy":"product_tag","embeddable":true,"href":"https:\/\/roveyayinevi.com.tr\/index.php\/wp-json\/wp\/v2\/product_tag?post=773196"}],"curies":[{"name":"wp","href":"https:\/\/api.w.org\/{rel}","templated":true}]}}