{"id":773190,"date":"2025-08-28T16:06:58","date_gmt":"2025-08-28T13:06:58","guid":{"rendered":"https:\/\/roveyayinevi.com.tr\/index.php\/urun\/umuda-imkan-aramak\/"},"modified":"2026-04-15T03:39:24","modified_gmt":"2026-04-15T00:39:24","slug":"umuda-imkan-aramak","status":"publish","type":"product","link":"https:\/\/roveyayinevi.com.tr\/index.php\/urun\/umuda-imkan-aramak\/","title":{"rendered":"Umuda \u0130mkan Aramak"},"content":{"rendered":"<p>Erol G\u00f6ka. Ruh hekimi ve k\u00fclt\u00fcr adam\u0131. \u00c7a\u011f\u0131na ve insan ili\u015fkilerine yak\u0131ndan n\u00fcfuz eden se\u00e7kin bir entelekt\u00fcel. Ya\u015fad\u0131\u011f\u0131m\u0131z d\u00fcnyaya ve insanl\u0131\u011f\u0131n gelece\u011fine dair esasl\u0131 endi\u015feler ta\u015f\u0131yan etkili bir kalem. \u2018Umuda \u0130mk\u00e2n Aramak\u2019ta felsefe, tarih, din ve sosyolojinin teorik birikimini, ya\u015fad\u0131\u011f\u0131m\u0131z s\u00fcre\u00e7ler etraf\u0131nda elekten ge\u00e7iriyor. Ba\u015fta Gazze olmak \u00fczere insan\u0131n kar\u015f\u0131 kar\u015f\u0131ya bulundu\u011fu y\u0131k\u0131m trajedilerine vicdan eksenli projeksiyonlar sunuyor. Adalet, medya, teknoloji gibi kavramlar\u0131 yaln\u0131zl\u0131k, merhamet, \u015f\u00fck\u00fcr, sorumluluk ve irade ekseninde elekten ge\u00e7iriyor. Umudu, bir imk\u00e2n bayra\u011f\u0131 olarak insanl\u0131\u011f\u0131n vicdan\u0131na dikiyor. Deva bazen \u00e7\u0131kmaz\u0131n tam i\u00e7indedir ve onu ancak duyarl\u0131 ve erdemli y\u00fcrekler fark edebilir. \u2018Umuda \u0130mk\u00e2n Aramak\u2019, fikir eksenli bir ruh ve hayat kaz\u0131s\u0131. <\/p>\n","protected":false},"excerpt":{"rendered":"<p>Erol G\u00f6ka. Ruh hekimi ve k\u00fclt\u00fcr adam\u0131. \u00c7a\u011f\u0131na ve insan ili\u015fkilerine yak\u0131ndan n\u00fcfuz eden se\u00e7kin bir entelekt\u00fcel. Ya\u015fad\u0131\u011f\u0131m\u0131z d\u00fcnyaya ve insanl\u0131\u011f\u0131n gelece\u011fine dair esasl\u0131 endi\u015feler ta\u015f\u0131yan<span class=\"excerpt-hellip\"> [\u2026]<\/span><\/p>\n","protected":false},"featured_media":0,"template":"","meta":{"_monsterinsights_skip_tracking":false,"_monsterinsights_sitenote_active":false,"_monsterinsights_sitenote_note":"","_monsterinsights_sitenote_category":0},"product_brand":[],"product_cat":[12357],"product_tag":[],"class_list":{"0":"post-773190","1":"product","2":"type-product","3":"status-publish","5":"product_cat-psikoloji","6":"pa_cilt-ciltsiz","7":"pa_tur-kitap","8":"pa_yayinevi-kapi-yayinlari","9":"pa_yazar-erol-goka","11":"first","12":"instock","13":"sale","14":"shipping-taxable","15":"purchasable","16":"product-type-simple"},"_links":{"self":[{"href":"https:\/\/roveyayinevi.com.tr\/index.php\/wp-json\/wp\/v2\/product\/773190","targetHints":{"allow":["GET"]}}],"collection":[{"href":"https:\/\/roveyayinevi.com.tr\/index.php\/wp-json\/wp\/v2\/product"}],"about":[{"href":"https:\/\/roveyayinevi.com.tr\/index.php\/wp-json\/wp\/v2\/types\/product"}],"wp:attachment":[{"href":"https:\/\/roveyayinevi.com.tr\/index.php\/wp-json\/wp\/v2\/media?parent=773190"}],"wp:term":[{"taxonomy":"product_brand","embeddable":true,"href":"https:\/\/roveyayinevi.com.tr\/index.php\/wp-json\/wp\/v2\/product_brand?post=773190"},{"taxonomy":"product_cat","embeddable":true,"href":"https:\/\/roveyayinevi.com.tr\/index.php\/wp-json\/wp\/v2\/product_cat?post=773190"},{"taxonomy":"product_tag","embeddable":true,"href":"https:\/\/roveyayinevi.com.tr\/index.php\/wp-json\/wp\/v2\/product_tag?post=773190"}],"curies":[{"name":"wp","href":"https:\/\/api.w.org\/{rel}","templated":true}]}}