{"id":773184,"date":"2025-08-28T16:06:47","date_gmt":"2025-08-28T13:06:47","guid":{"rendered":"https:\/\/roveyayinevi.com.tr\/index.php\/urun\/felipe-topun-pesinde\/"},"modified":"2026-04-15T03:39:24","modified_gmt":"2026-04-15T00:39:24","slug":"felipe-topun-pesinde","status":"publish","type":"product","link":"https:\/\/roveyayinevi.com.tr\/index.php\/urun\/felipe-topun-pesinde\/","title":{"rendered":"Felipe Topun Pe\u015finde"},"content":{"rendered":"<p>Felipe\u2019nin en b\u00fcy\u00fck tutkusu futbol. Ama i\u015f sahaya \u00e7\u0131kmaya gelince&#8230; Felipe biraz zorlan\u0131yor. Yine de tak\u0131m arkada\u015flar\u0131n\u0131 her ma\u00e7ta destekliyor. Bu cumartesi b\u00fcy\u00fck g\u00fcn, \u00e7ok \u00f6nemli bir ma\u00e7lar\u0131 var. \u00dcstelik tak\u0131m\u0131n\u0131n kaderi Felipe\u2019ye ba\u011fl\u0131! Bakal\u0131m Felipe gol atmay\u0131 ba\u015farabilecek mi?   Laure Monloubou\u2019nun yazd\u0131\u011f\u0131 ve resimledi\u011fi Felipe Topun Pe\u015finde merak uyand\u0131ran sevimli bir hik\u00e2ye. <\/p>\n","protected":false},"excerpt":{"rendered":"<p>Felipe\u2019nin en b\u00fcy\u00fck tutkusu futbol. Ama i\u015f sahaya \u00e7\u0131kmaya gelince&#8230; Felipe biraz zorlan\u0131yor. Yine de tak\u0131m arkada\u015flar\u0131n\u0131 her ma\u00e7ta destekliyor. Bu cumartesi b\u00fcy\u00fck g\u00fcn, \u00e7ok \u00f6nemli<span class=\"excerpt-hellip\"> [\u2026]<\/span><\/p>\n","protected":false},"featured_media":0,"template":"","meta":{"_monsterinsights_skip_tracking":false,"_monsterinsights_sitenote_active":false,"_monsterinsights_sitenote_note":"","_monsterinsights_sitenote_category":0},"product_brand":[],"product_cat":[12274,12284],"product_tag":[],"class_list":{"0":"post-773184","1":"product","2":"type-product","3":"status-publish","5":"product_cat-cocuk-ve-genclik-kitaplari","6":"product_cat-hikayeler","7":"pa_cilt-ciltsiz","8":"pa_tur-kitap","9":"pa_yayinevi-yapi-kredi-yayinlari","10":"pa_yazar-laure-monloubou","12":"first","13":"instock","14":"sale","15":"shipping-taxable","16":"purchasable","17":"product-type-simple"},"_links":{"self":[{"href":"https:\/\/roveyayinevi.com.tr\/index.php\/wp-json\/wp\/v2\/product\/773184","targetHints":{"allow":["GET"]}}],"collection":[{"href":"https:\/\/roveyayinevi.com.tr\/index.php\/wp-json\/wp\/v2\/product"}],"about":[{"href":"https:\/\/roveyayinevi.com.tr\/index.php\/wp-json\/wp\/v2\/types\/product"}],"wp:attachment":[{"href":"https:\/\/roveyayinevi.com.tr\/index.php\/wp-json\/wp\/v2\/media?parent=773184"}],"wp:term":[{"taxonomy":"product_brand","embeddable":true,"href":"https:\/\/roveyayinevi.com.tr\/index.php\/wp-json\/wp\/v2\/product_brand?post=773184"},{"taxonomy":"product_cat","embeddable":true,"href":"https:\/\/roveyayinevi.com.tr\/index.php\/wp-json\/wp\/v2\/product_cat?post=773184"},{"taxonomy":"product_tag","embeddable":true,"href":"https:\/\/roveyayinevi.com.tr\/index.php\/wp-json\/wp\/v2\/product_tag?post=773184"}],"curies":[{"name":"wp","href":"https:\/\/api.w.org\/{rel}","templated":true}]}}