{"id":773159,"date":"2025-08-28T16:05:52","date_gmt":"2025-08-28T13:05:52","guid":{"rendered":"https:\/\/roveyayinevi.com.tr\/index.php\/urun\/karanlik-ve-mavi\/"},"modified":"2026-04-15T03:39:23","modified_gmt":"2026-04-15T00:39:23","slug":"karanlik-ve-mavi","status":"publish","type":"product","link":"https:\/\/roveyayinevi.com.tr\/index.php\/urun\/karanlik-ve-mavi\/","title":{"rendered":"Karanl\u0131k ve Mavi"},"content":{"rendered":"<p>Karanl\u0131k ve Mavi, Halikarnas Bal\u0131k\u00e7\u0131s\u0131 (Cevat \u015eakir Kabaa\u011fa\u00e7l\u0131) ve mensubu oldu\u011fu \u015eakir Pa\u015fa ailesinin Osmanl\u0131\u2019dan Cumhuriyet\u2019e uzanan f\u0131rt\u0131nal\u0131 hik\u00e2yesi&#8230; Konaklardan yoksullu\u011fa, iktidardan esarete, s\u00fcrg\u00fcnden yepyeni bir d\u00fcnya yaratmaya uzanan bir ya\u015fam \u00e7izgisi. Tutkulu bir a\u015fk ve bir cinayetin yaratt\u0131\u011f\u0131 edebiyat adam\u0131. Mitoloji, tarih, felsefe g\u00fcnleri. Azra Erhat, Sabahattin Ey\u00fcbo\u011flu, Sabahattin Ali, Kemal Tahir, Attil\u00e2 \u0130lhan\u2019l\u0131 y\u0131llar&#8230; Yeni a\u015fklar, yeni kavgalar ve her \u015feye kar\u015f\u0131n \u015fiir tad\u0131ndaki co\u015fkulu bir \u00f6m\u00fcr&#8230; Ve o karanl\u0131\u011fa inat \u00e7\u0131k\u0131lan mavi yolculuklar&#8230; Karanl\u0131k ve Mavi\u2019de Sevim Kahraman, Halikarnas Bal\u0131k\u00e7\u0131s\u0131\u2019n\u0131n bir macera roman\u0131 tad\u0131ndaki ya\u015fam\u00f6yk\u00fcs\u00fc \u00fczerinden bir \u00e7a\u011f de\u011fi\u015fiminin yol a\u00e7t\u0131\u011f\u0131 sars\u0131nt\u0131y\u0131 g\u00f6zler \u00f6n\u00fcne sererken, devrimci Cumhuriyet\u2019in nas\u0131l tutucula\u015ft\u0131\u011f\u0131 ve daha ilk y\u0131llar\u0131ndan itibaren yeni k\u00fclt\u00fcr\u00fc yaratan en p\u0131r\u0131lt\u0131l\u0131 evlatlar\u0131na nas\u0131l k\u0131yd\u0131\u011f\u0131n\u0131 da \u00e7arp\u0131c\u0131 bir \u015fekilde ortaya koyuyor. <\/p>\n","protected":false},"excerpt":{"rendered":"<p>Karanl\u0131k ve Mavi, Halikarnas Bal\u0131k\u00e7\u0131s\u0131 (Cevat \u015eakir Kabaa\u011fa\u00e7l\u0131) ve mensubu oldu\u011fu \u015eakir Pa\u015fa ailesinin Osmanl\u0131\u2019dan Cumhuriyet\u2019e uzanan f\u0131rt\u0131nal\u0131 hik\u00e2yesi&#8230; Konaklardan yoksullu\u011fa, iktidardan esarete, s\u00fcrg\u00fcnden yepyeni bir<span class=\"excerpt-hellip\"> [\u2026]<\/span><\/p>\n","protected":false},"featured_media":0,"template":"","meta":{"_monsterinsights_skip_tracking":false,"_monsterinsights_sitenote_active":false,"_monsterinsights_sitenote_note":"","_monsterinsights_sitenote_category":0},"product_brand":[],"product_cat":[12291,12711],"product_tag":[],"class_list":{"0":"post-773159","1":"product","2":"type-product","3":"status-publish","5":"product_cat-edebiyat","6":"product_cat-roman-oyku","7":"pa_cilt-ciltsiz","8":"pa_tur-kitap","9":"pa_yayinevi-kirmizi-kedi-yayinevi","10":"pa_yazar-sevim-kahraman","12":"first","13":"instock","14":"sale","15":"shipping-taxable","16":"purchasable","17":"product-type-simple"},"_links":{"self":[{"href":"https:\/\/roveyayinevi.com.tr\/index.php\/wp-json\/wp\/v2\/product\/773159","targetHints":{"allow":["GET"]}}],"collection":[{"href":"https:\/\/roveyayinevi.com.tr\/index.php\/wp-json\/wp\/v2\/product"}],"about":[{"href":"https:\/\/roveyayinevi.com.tr\/index.php\/wp-json\/wp\/v2\/types\/product"}],"wp:attachment":[{"href":"https:\/\/roveyayinevi.com.tr\/index.php\/wp-json\/wp\/v2\/media?parent=773159"}],"wp:term":[{"taxonomy":"product_brand","embeddable":true,"href":"https:\/\/roveyayinevi.com.tr\/index.php\/wp-json\/wp\/v2\/product_brand?post=773159"},{"taxonomy":"product_cat","embeddable":true,"href":"https:\/\/roveyayinevi.com.tr\/index.php\/wp-json\/wp\/v2\/product_cat?post=773159"},{"taxonomy":"product_tag","embeddable":true,"href":"https:\/\/roveyayinevi.com.tr\/index.php\/wp-json\/wp\/v2\/product_tag?post=773159"}],"curies":[{"name":"wp","href":"https:\/\/api.w.org\/{rel}","templated":true}]}}