{"id":773134,"date":"2025-08-28T16:05:02","date_gmt":"2025-08-28T13:05:02","guid":{"rendered":"https:\/\/roveyayinevi.com.tr\/index.php\/urun\/klytaimestra\/"},"modified":"2026-04-15T03:39:23","modified_gmt":"2026-04-15T00:39:23","slug":"klytaimestra","status":"publish","type":"product","link":"https:\/\/roveyayinevi.com.tr\/index.php\/urun\/klytaimestra\/","title":{"rendered":"Klytaimestra"},"content":{"rendered":"<p>SAVA\u015e\u00c7I. ANNE. KAT\u0130L. KRAL\u0130\u00c7E   ANTIK YUNAN D\u00dcNYASINDA G\u00dcC\u00dcN VE KEHANETLER\u0130N, NEFRET\u0130N VE SEVG\u0130N\u0130N, KEND\u0130S\u0130NE YAPILAN HER HAKSIZLI\u011eA \u00d6L\u00dcMLE KAR\u015eILIK VEREN UNUTULMAZ B\u0130R KRAL\u0130\u00c7EN\u0130N DESTANSI H\u0130K\u00c2YES\u0130&#8230;   Krali\u00e7eler ya nefret edilir ya da unutulurlar. Ben hangisinin kendime daha uygun oldu\u011funu zaten biliyorum&#8230;   Bir kral\u0131n k\u0131z\u0131 olarak do\u011fdum ama bir zorbayla evlendirildim. Tanr\u0131lar\u0131 yat\u0131\u015ft\u0131rmak ad\u0131na \u00e7ocu\u011fumu kurban ederken kocam\u0131n yan\u0131nda \u00e7aresizce durdum. Onun uzak diyarlarda sava\u015fmas\u0131na tan\u0131kl\u0131k ederken i\u00e7imde gittik\u00e7e bu\u0308yu\u0308yen \u015fiddet dolu du\u0308\u015fu\u0308ncelerle avundum. \u00c7u\u0308nku\u0308 bu, bana yap\u0131lan ilk k\u00f6tu\u0308lu\u0308k de\u011fildi. Asla hak etmedi\u011fim bu ya\u015fam beni y\u0131kamayacak. Yava\u015f\u00e7a yap\u0131yorum planlar\u0131m\u0131.   Ama kocam zaferle d\u00f6ndu\u0308\u011fu\u0308nde art\u0131k \u00f6nu\u0308mde bir se\u00e7im var. Kaderimi kabul mu\u0308 edece\u011fim yoksa intikam m\u0131 alaca\u011f\u0131m? Hangisini se\u00e7ersem se\u00e7eyim, u\u0308zerime s\u0131\u00e7rayan \u00e7amuru temizlemesi gu\u0308\u00e7. Bu yu\u0308zden sab\u0131rla zaman\u0131m\u0131 bekliyorum. \u0130ntikam oyununda tanr\u0131lar\u0131n elini zorlayaca\u011f\u0131m. \u00c7u\u0308nku\u0308 uzun zaman \u00f6nce ba\u015fkalar\u0131n\u0131n hi\u00e7 kavrayamad\u0131\u011f\u0131 bir ger\u00e7e\u011fi kavrad\u0131m: G\u00dc\u00c7 BANA VER\u0130LM\u0130YORSA, ONU KEND\u0130 ELLER\u0130MLE ALACA\u011eIM.   Madeline Miller\u2019\u0131n Ben, Kirke roman\u0131n\u0131 sevenler i\u00e7in, antik du\u0308nyan\u0131n en korkulan kad\u0131n figu\u0308rlerinden biri olan Klytaimestra\u2019y\u0131 merkezine alan \u00e7arp\u0131c\u0131 bir roman. <\/p>\n","protected":false},"excerpt":{"rendered":"<p>SAVA\u015e\u00c7I. ANNE. KAT\u0130L. KRAL\u0130\u00c7E ANTIK YUNAN D\u00dcNYASINDA G\u00dcC\u00dcN VE KEHANETLER\u0130N, NEFRET\u0130N VE SEVG\u0130N\u0130N, KEND\u0130S\u0130NE YAPILAN HER HAKSIZLI\u011eA \u00d6L\u00dcMLE KAR\u015eILIK VEREN UNUTULMAZ B\u0130R KRAL\u0130\u00c7EN\u0130N DESTANSI H\u0130K\u00c2YES\u0130&#8230; Krali\u00e7eler<span class=\"excerpt-hellip\"> [\u2026]<\/span><\/p>\n","protected":false},"featured_media":0,"template":"","meta":{"_monsterinsights_skip_tracking":false,"_monsterinsights_sitenote_active":false,"_monsterinsights_sitenote_note":"","_monsterinsights_sitenote_category":0},"product_brand":[],"product_cat":[12291,14777],"product_tag":[],"class_list":{"0":"post-773134","1":"product","2":"type-product","3":"status-publish","5":"product_cat-edebiyat","6":"product_cat-fantastik","7":"pa_cilt-ciltsiz","8":"pa_tur-kitap","9":"pa_yayinevi-ithaki-yayinlari","10":"pa_yazar-costanza-casati","12":"first","13":"instock","14":"sale","15":"shipping-taxable","16":"purchasable","17":"product-type-simple"},"_links":{"self":[{"href":"https:\/\/roveyayinevi.com.tr\/index.php\/wp-json\/wp\/v2\/product\/773134","targetHints":{"allow":["GET"]}}],"collection":[{"href":"https:\/\/roveyayinevi.com.tr\/index.php\/wp-json\/wp\/v2\/product"}],"about":[{"href":"https:\/\/roveyayinevi.com.tr\/index.php\/wp-json\/wp\/v2\/types\/product"}],"wp:attachment":[{"href":"https:\/\/roveyayinevi.com.tr\/index.php\/wp-json\/wp\/v2\/media?parent=773134"}],"wp:term":[{"taxonomy":"product_brand","embeddable":true,"href":"https:\/\/roveyayinevi.com.tr\/index.php\/wp-json\/wp\/v2\/product_brand?post=773134"},{"taxonomy":"product_cat","embeddable":true,"href":"https:\/\/roveyayinevi.com.tr\/index.php\/wp-json\/wp\/v2\/product_cat?post=773134"},{"taxonomy":"product_tag","embeddable":true,"href":"https:\/\/roveyayinevi.com.tr\/index.php\/wp-json\/wp\/v2\/product_tag?post=773134"}],"curies":[{"name":"wp","href":"https:\/\/api.w.org\/{rel}","templated":true}]}}