{"id":773132,"date":"2025-08-28T16:04:59","date_gmt":"2025-08-28T13:04:59","guid":{"rendered":"https:\/\/roveyayinevi.com.tr\/index.php\/urun\/mih-2-dilsiz-yanki-ciltli\/"},"modified":"2026-04-15T03:39:23","modified_gmt":"2026-04-15T00:39:23","slug":"mih-2-dilsiz-yanki-ciltli","status":"publish","type":"product","link":"https:\/\/roveyayinevi.com.tr\/index.php\/urun\/mih-2-dilsiz-yanki-ciltli\/","title":{"rendered":"M\u0131h 2 &#8211; Dilsiz Yank\u0131 (Ciltli)"},"content":{"rendered":"<p>\u201cYANGINDAN GER\u0130YE, D\u0130LS\u0130Z YANKILARLA B\u00dcY\u00dcYEN B\u0130R U\u00c7URUM VE U\u00c7URUMUN KENARINDA D\u00d6N\u00dcP DURAN B\u0130R KARGA KALDI.\u201d Elif, babas\u0131 ve Sira\u00e7 hakk\u0131nda \u00f6\u011frendi\u011fi ger\u00e7eklerden sonra bir se\u00e7im yapmak zorundad\u0131r. Sevdi\u011fi adam i\u00e7in m\u00fccadele mi edecek yoksa pes edip onu terk mi edecektir? Her iki se\u00e7iminin bedeli olduk\u00e7a a\u011f\u0131rd\u0131r. \u00dcstelik sevdi\u011fi adam\u0131 se\u00e7erse babas\u0131n\u0131n yar\u0131m b\u0131rakt\u0131\u011f\u0131 m\u00fccadeleyi tamamlamak ve onu kurtarmak i\u00e7in bir yuva kurmak zorundad\u0131r. Bunu yaparken ise ger\u00e7ek bir d\u00fc\u015fmanla de\u011fil intikamla sava\u015fmak zorunda kalacakt\u0131r. Ortaya \u00e7\u0131kan s\u0131rlar, karanl\u0131k olaylar, kargan\u0131n tuzaklar\u0131 ve intikam planlar\u0131. B\u00fct\u00fcn bunlarla birlikte, kurul, t\u00fcm tehlikesiyle pusuda onlar\u0131 beklemektedir. \u201cSen yakt\u0131\u011f\u0131ndan beri ate\u015fe, kora sayg\u0131m var art\u0131k,\u201d dedi. \u201cSende yanman\u0131n g\u00fczel oldu\u011funu \u00f6\u011frendi\u011fim g\u00fcnden beri, senin a\u00e7t\u0131\u011f\u0131n her yaran\u0131n ars\u0131z\u0131y\u0131m ben.\u201d Uyar\u0131: Yeti\u015fkin okurlar i\u00e7indir.<\/p>\n","protected":false},"excerpt":{"rendered":"<p>\u201cYANGINDAN GER\u0130YE, D\u0130LS\u0130Z YANKILARLA B\u00dcY\u00dcYEN B\u0130R U\u00c7URUM VE U\u00c7URUMUN KENARINDA D\u00d6N\u00dcP DURAN B\u0130R KARGA KALDI.\u201d Elif, babas\u0131 ve Sira\u00e7 hakk\u0131nda \u00f6\u011frendi\u011fi ger\u00e7eklerden sonra bir se\u00e7im yapmak<span class=\"excerpt-hellip\"> [\u2026]<\/span><\/p>\n","protected":false},"featured_media":0,"template":"","meta":{"_monsterinsights_skip_tracking":false,"_monsterinsights_sitenote_active":false,"_monsterinsights_sitenote_note":"","_monsterinsights_sitenote_category":0},"product_brand":[],"product_cat":[12291,12711],"product_tag":[],"class_list":{"0":"post-773132","1":"product","2":"type-product","3":"status-publish","5":"product_cat-edebiyat","6":"product_cat-roman-oyku","7":"pa_cilt-ciltli","8":"pa_tur-kitap","9":"pa_yayinevi-ephesus-yayinlari","10":"pa_yazar-mehsa","12":"first","13":"instock","14":"sale","15":"shipping-taxable","16":"purchasable","17":"product-type-simple"},"_links":{"self":[{"href":"https:\/\/roveyayinevi.com.tr\/index.php\/wp-json\/wp\/v2\/product\/773132","targetHints":{"allow":["GET"]}}],"collection":[{"href":"https:\/\/roveyayinevi.com.tr\/index.php\/wp-json\/wp\/v2\/product"}],"about":[{"href":"https:\/\/roveyayinevi.com.tr\/index.php\/wp-json\/wp\/v2\/types\/product"}],"wp:attachment":[{"href":"https:\/\/roveyayinevi.com.tr\/index.php\/wp-json\/wp\/v2\/media?parent=773132"}],"wp:term":[{"taxonomy":"product_brand","embeddable":true,"href":"https:\/\/roveyayinevi.com.tr\/index.php\/wp-json\/wp\/v2\/product_brand?post=773132"},{"taxonomy":"product_cat","embeddable":true,"href":"https:\/\/roveyayinevi.com.tr\/index.php\/wp-json\/wp\/v2\/product_cat?post=773132"},{"taxonomy":"product_tag","embeddable":true,"href":"https:\/\/roveyayinevi.com.tr\/index.php\/wp-json\/wp\/v2\/product_tag?post=773132"}],"curies":[{"name":"wp","href":"https:\/\/api.w.org\/{rel}","templated":true}]}}