{"id":773117,"date":"2025-08-28T16:04:25","date_gmt":"2025-08-28T13:04:25","guid":{"rendered":"https:\/\/roveyayinevi.com.tr\/index.php\/urun\/bir-aile-meselesi\/"},"modified":"2026-04-15T03:39:22","modified_gmt":"2026-04-15T00:39:22","slug":"bir-aile-meselesi","status":"publish","type":"product","link":"https:\/\/roveyayinevi.com.tr\/index.php\/urun\/bir-aile-meselesi\/","title":{"rendered":"Bir Aile Meselesi"},"content":{"rendered":"<p>Kendilerini anlayanlar, bir di\u011ferini de b\u00fcy\u00fctebilirler.   \u00c7ocukluk hi\u00e7 bitmez&#8230; Ya\u015f\u0131n\u0131z ilerler, sa\u00e7\u0131n\u0131za aklar d\u00fc\u015fer ama o hep oradad\u0131r. Kalbiniz k\u0131r\u0131ld\u0131\u011f\u0131nda, kendinizi kimsesiz hissetti\u011finizde, ba\u015f edemedi\u011finiz bir \u00f6fkeyle s\u0131nand\u0131\u011f\u0131n\u0131zda, d\u00f6nd\u00fc\u011f\u00fcn\u00fcz yer yine oras\u0131d\u0131r: \u00e7ocuklu\u011funuz.   \u00c7ocuklu\u011funuzu anlamadan, bug\u00fcn\u00fcn\u00fcz\u00fc do\u011fru yorumlaman\u0131z pek de m\u00fcmk\u00fcn de\u011fildir. Zeynep Cihangir \u00c7ankaya ile Serdar \u00c7ankaya, ki\u015fisel ya\u015fant\u0131lar\u0131 ve dan\u0131\u015fma odalar\u0131ndaki deneyimlerinden yola \u00e7\u0131karak \u00e7ocuklu\u011fun, bug\u00fcnk\u00fc benli\u011fimizi, kararlar\u0131m\u0131z\u0131 ve anne babal\u0131\u011f\u0131m\u0131z\u0131 nas\u0131l \u015fekillendirdi\u011fine \u0131\u015f\u0131k tutuyorlar. Kendinize d\u00f6nebilmeniz, i\u00e7inizdeki \u00e7ocu\u011fu \u015fefkatle sarabilmeniz ve anne babal\u0131\u011fa daha derin bakabilmeniz i\u00e7in&#8230;   Bir Aile Meselesi, yaln\u0131zca \u201cNas\u0131l iyi ebeveyn olunur?\u201d sorusuna cevap arayanlara de\u011fil; i\u00e7indeki \u00e7ocukla yeniden ba\u011f kurmak, onu anlamak ve iyile\u015ftirmek isteyen herkese sesleniyor.  Yanl\u0131\u015f \u00f6\u011frenmelerin yerine daha i\u015flevsel yollar koyabilmek ve hem kendinize hem de \u00e7ocu\u011funuza \u015fefkatle yakla\u015fabilmek i\u00e7in&#8230; <\/p>\n","protected":false},"excerpt":{"rendered":"<p>Kendilerini anlayanlar, bir di\u011ferini de b\u00fcy\u00fctebilirler. \u00c7ocukluk hi\u00e7 bitmez&#8230; Ya\u015f\u0131n\u0131z ilerler, sa\u00e7\u0131n\u0131za aklar d\u00fc\u015fer ama o hep oradad\u0131r. Kalbiniz k\u0131r\u0131ld\u0131\u011f\u0131nda, kendinizi kimsesiz hissetti\u011finizde, ba\u015f edemedi\u011finiz bir<span class=\"excerpt-hellip\"> [\u2026]<\/span><\/p>\n","protected":false},"featured_media":0,"template":"","meta":{"_monsterinsights_skip_tracking":false,"_monsterinsights_sitenote_active":false,"_monsterinsights_sitenote_note":"","_monsterinsights_sitenote_category":0},"product_brand":[],"product_cat":[12357],"product_tag":[],"class_list":{"0":"post-773117","1":"product","2":"type-product","3":"status-publish","5":"product_cat-psikoloji","6":"pa_cilt-ciltsiz","7":"pa_tur-kitap","8":"pa_yayinevi-dogan-kitap","9":"pa_yazar-zeynep-cihangir-cankaya-serdar-cankaya","11":"first","12":"instock","13":"sale","14":"shipping-taxable","15":"purchasable","16":"product-type-simple"},"_links":{"self":[{"href":"https:\/\/roveyayinevi.com.tr\/index.php\/wp-json\/wp\/v2\/product\/773117","targetHints":{"allow":["GET"]}}],"collection":[{"href":"https:\/\/roveyayinevi.com.tr\/index.php\/wp-json\/wp\/v2\/product"}],"about":[{"href":"https:\/\/roveyayinevi.com.tr\/index.php\/wp-json\/wp\/v2\/types\/product"}],"wp:attachment":[{"href":"https:\/\/roveyayinevi.com.tr\/index.php\/wp-json\/wp\/v2\/media?parent=773117"}],"wp:term":[{"taxonomy":"product_brand","embeddable":true,"href":"https:\/\/roveyayinevi.com.tr\/index.php\/wp-json\/wp\/v2\/product_brand?post=773117"},{"taxonomy":"product_cat","embeddable":true,"href":"https:\/\/roveyayinevi.com.tr\/index.php\/wp-json\/wp\/v2\/product_cat?post=773117"},{"taxonomy":"product_tag","embeddable":true,"href":"https:\/\/roveyayinevi.com.tr\/index.php\/wp-json\/wp\/v2\/product_tag?post=773117"}],"curies":[{"name":"wp","href":"https:\/\/api.w.org\/{rel}","templated":true}]}}