{"id":773101,"date":"2025-08-28T16:03:49","date_gmt":"2025-08-28T13:03:49","guid":{"rendered":"https:\/\/roveyayinevi.com.tr\/index.php\/urun\/yaratici-yaramazlik-2\/"},"modified":"2026-04-15T03:39:22","modified_gmt":"2026-04-15T00:39:22","slug":"yaratici-yaramazlik-2","status":"publish","type":"product","link":"https:\/\/roveyayinevi.com.tr\/index.php\/urun\/yaratici-yaramazlik-2\/","title":{"rendered":"Yarat\u0131c\u0131 Yaramazl\u0131k"},"content":{"rendered":"<p>YARAMAZLI\u011eIN YA\u015eI OLMAZ. YAZMANIN DA&#8230; Yarat\u0131c\u0131l\u0131k kas\u0131 da t\u0131pk\u0131 di\u011fer kaslar\u0131m\u0131z gibi sistemli \u00e7al\u0131\u015fma sonucunda geli\u015fir. Ama \u0131s\u0131nmadan, kaslar\u0131m\u0131z\u0131 teker teker haz\u0131rlamadan a\u011f\u0131r metinleri y\u00fcklenmeye \u00e7al\u0131\u015fmak yazma iste\u011fimizi incitebilir. Yarat\u0131c\u0131l\u0131k kaslar\u0131n\u0131 d\u00fc\u015f\u00fcnce ve kalem hareketleriyle geli\u015ftirmek isteyenler \u00f6ncelikle harf ve s\u00f6zc\u00fcklerle \u00e7al\u0131\u015fmaya ba\u015flamal\u0131, ard\u0131ndan c\u00fcmle ve paragraf a\u011f\u0131rl\u0131klar\u0131n\u0131 kald\u0131rmal\u0131, ondan sonra uzun metinlere ge\u00e7melidirler. Yarat\u0131c\u0131 Yaramazl\u0131k kitab\u0131 s\u00f6zc\u00fcklerle, \u00e7izgilerle ve resimlerle oynamay\u0131 seven 7\u2019den 70\u2019e t\u00fcm yaramazlar\u0131 yazma oyunlar\u0131na \u00e7a\u011fr\u0131yor. Kalemleriniz haz\u0131r m\u0131? Var m\u0131s\u0131n\u0131z yarat\u0131c\u0131 yazma yaramazl\u0131klar\u0131 yapmaya? Is\u0131nma turumuz ba\u015fl\u0131yoooor! Bir, kiiii, \u00fc\u00e7&#8230;<\/p>\n","protected":false},"excerpt":{"rendered":"<p>YARAMAZLI\u011eIN YA\u015eI OLMAZ. YAZMANIN DA&#8230; Yarat\u0131c\u0131l\u0131k kas\u0131 da t\u0131pk\u0131 di\u011fer kaslar\u0131m\u0131z gibi sistemli \u00e7al\u0131\u015fma sonucunda geli\u015fir. Ama \u0131s\u0131nmadan, kaslar\u0131m\u0131z\u0131 teker teker haz\u0131rlamadan a\u011f\u0131r metinleri y\u00fcklenmeye \u00e7al\u0131\u015fmak<span class=\"excerpt-hellip\"> [\u2026]<\/span><\/p>\n","protected":false},"featured_media":0,"template":"","meta":{"_monsterinsights_skip_tracking":false,"_monsterinsights_sitenote_active":false,"_monsterinsights_sitenote_note":"","_monsterinsights_sitenote_category":0},"product_brand":[],"product_cat":[12274,15842],"product_tag":[],"class_list":{"0":"post-773101","1":"product","2":"type-product","3":"status-publish","5":"product_cat-cocuk-ve-genclik-kitaplari","6":"product_cat-egitici-kitaplar","7":"pa_cilt-ciltsiz","8":"pa_tur-kitap","9":"pa_yayinevi-altin-kitaplar-cocuk-kitaplari","10":"pa_yazar-nilay-yilmaz","12":"first","13":"instock","14":"sale","15":"shipping-taxable","16":"purchasable","17":"product-type-simple"},"_links":{"self":[{"href":"https:\/\/roveyayinevi.com.tr\/index.php\/wp-json\/wp\/v2\/product\/773101","targetHints":{"allow":["GET"]}}],"collection":[{"href":"https:\/\/roveyayinevi.com.tr\/index.php\/wp-json\/wp\/v2\/product"}],"about":[{"href":"https:\/\/roveyayinevi.com.tr\/index.php\/wp-json\/wp\/v2\/types\/product"}],"wp:attachment":[{"href":"https:\/\/roveyayinevi.com.tr\/index.php\/wp-json\/wp\/v2\/media?parent=773101"}],"wp:term":[{"taxonomy":"product_brand","embeddable":true,"href":"https:\/\/roveyayinevi.com.tr\/index.php\/wp-json\/wp\/v2\/product_brand?post=773101"},{"taxonomy":"product_cat","embeddable":true,"href":"https:\/\/roveyayinevi.com.tr\/index.php\/wp-json\/wp\/v2\/product_cat?post=773101"},{"taxonomy":"product_tag","embeddable":true,"href":"https:\/\/roveyayinevi.com.tr\/index.php\/wp-json\/wp\/v2\/product_tag?post=773101"}],"curies":[{"name":"wp","href":"https:\/\/api.w.org\/{rel}","templated":true}]}}