{"id":773094,"date":"2025-08-28T16:03:36","date_gmt":"2025-08-28T13:03:36","guid":{"rendered":"https:\/\/roveyayinevi.com.tr\/index.php\/urun\/surgun-kralin-laneti-toprak\/"},"modified":"2026-04-15T03:39:22","modified_gmt":"2026-04-15T00:39:22","slug":"surgun-kralin-laneti-toprak","status":"publish","type":"product","link":"https:\/\/roveyayinevi.com.tr\/index.php\/urun\/surgun-kralin-laneti-toprak\/","title":{"rendered":"S\u00fcrg\u00fcn Kral\u2019\u0131n Laneti &#8211; Toprak"},"content":{"rendered":"<p>\u0130nsano\u011flu, bin y\u0131l sonra tekrar ayn\u0131 y\u0131k\u0131mla kar\u015f\u0131 kar\u015f\u0131ya!   Efsanelerde anlat\u0131lan karanl\u0131k g\u00fcnler, yeniden g\u00fcn y\u00fcz\u00fcne \u00e7\u0131kt\u0131. Alev Ejderi\u2019nin sald\u0131r\u0131s\u0131 sonras\u0131nda Tulos Vadisi kaybedilmi\u015fti. Unhroba\u2019n\u0131n m\u00fchr\u00fc k\u0131r\u0131lm\u0131\u015f, yarat\u0131klar\u0131n \u00f6n\u00fcndeki engel kalkm\u0131\u015ft\u0131. B\u00fcy\u00fcc\u00fclerin her biri, emirlerindeki yarat\u0131klarla d\u00fcnyan\u0131n d\u00f6rt bir yan\u0131na yay\u0131lmaya ba\u015flad\u0131lar.   \u00d6te yandan Sakha\u2019n\u0131n sava\u015f s\u0131ras\u0131nda ald\u0131\u011f\u0131 yaralar s\u0131ra d\u0131\u015f\u0131 etkilere sebep olacakt\u0131. Sakha\u2019n\u0131n art\u0131k bir yandan d\u00fc\u015fmanla sava\u015f\u0131rken di\u011fer yandan da benli\u011fini geri kazanmas\u0131 gerekiyordu.   Tarih bir kez daha yaz\u0131lmak \u00fczere\u2026   Karanl\u0131k yery\u00fcz\u00fcnde yay\u0131l\u0131rken Kutsal Sava\u015f\u00e7\u0131lar yeniden bir araya geliyorlar ancak birbirilerine olan ba\u011fl\u0131l\u0131klar\u0131 b\u00fcy\u00fck bir s\u0131navdan ge\u00e7ecekti.   D\u00fcnya de\u011fi\u015fiyordu ve bu de\u011fi\u015fimden herkes pay\u0131na d\u00fc\u015feni alacakt\u0131.<\/p>\n","protected":false},"excerpt":{"rendered":"<p>\u0130nsano\u011flu, bin y\u0131l sonra tekrar ayn\u0131 y\u0131k\u0131mla kar\u015f\u0131 kar\u015f\u0131ya! Efsanelerde anlat\u0131lan karanl\u0131k g\u00fcnler, yeniden g\u00fcn y\u00fcz\u00fcne \u00e7\u0131kt\u0131. Alev Ejderi\u2019nin sald\u0131r\u0131s\u0131 sonras\u0131nda Tulos Vadisi kaybedilmi\u015fti. Unhroba\u2019n\u0131n m\u00fchr\u00fc<span class=\"excerpt-hellip\"> [\u2026]<\/span><\/p>\n","protected":false},"featured_media":0,"template":"","meta":{"_monsterinsights_skip_tracking":false,"_monsterinsights_sitenote_active":false,"_monsterinsights_sitenote_note":"","_monsterinsights_sitenote_category":0},"product_brand":[],"product_cat":[12291,14777],"product_tag":[],"class_list":{"0":"post-773094","1":"product","2":"type-product","3":"status-publish","5":"product_cat-edebiyat","6":"product_cat-fantastik","7":"pa_cilt-ciltsiz","8":"pa_tur-kitap","9":"pa_yayinevi-perseus","10":"pa_yazar-furkan-yilmazoglu","12":"first","13":"instock","14":"sale","15":"shipping-taxable","16":"purchasable","17":"product-type-simple"},"_links":{"self":[{"href":"https:\/\/roveyayinevi.com.tr\/index.php\/wp-json\/wp\/v2\/product\/773094","targetHints":{"allow":["GET"]}}],"collection":[{"href":"https:\/\/roveyayinevi.com.tr\/index.php\/wp-json\/wp\/v2\/product"}],"about":[{"href":"https:\/\/roveyayinevi.com.tr\/index.php\/wp-json\/wp\/v2\/types\/product"}],"wp:attachment":[{"href":"https:\/\/roveyayinevi.com.tr\/index.php\/wp-json\/wp\/v2\/media?parent=773094"}],"wp:term":[{"taxonomy":"product_brand","embeddable":true,"href":"https:\/\/roveyayinevi.com.tr\/index.php\/wp-json\/wp\/v2\/product_brand?post=773094"},{"taxonomy":"product_cat","embeddable":true,"href":"https:\/\/roveyayinevi.com.tr\/index.php\/wp-json\/wp\/v2\/product_cat?post=773094"},{"taxonomy":"product_tag","embeddable":true,"href":"https:\/\/roveyayinevi.com.tr\/index.php\/wp-json\/wp\/v2\/product_tag?post=773094"}],"curies":[{"name":"wp","href":"https:\/\/api.w.org\/{rel}","templated":true}]}}