{"id":773093,"date":"2025-08-28T16:03:33","date_gmt":"2025-08-28T13:03:33","guid":{"rendered":"https:\/\/roveyayinevi.com.tr\/index.php\/urun\/gokturklunun-intikami\/"},"modified":"2026-04-15T03:39:22","modified_gmt":"2026-04-15T00:39:22","slug":"gokturklunun-intikami","status":"publish","type":"product","link":"https:\/\/roveyayinevi.com.tr\/index.php\/urun\/gokturklunun-intikami\/","title":{"rendered":"G\u00f6kt\u00fcrkl\u00fc\u2019n\u00fcn \u0130ntikam\u0131"},"content":{"rendered":"<p>\u201cYerin dibine bats\u0131n sava\u015fla korunmayan \u015fan\u0131n, d\u00fc\u015fmana de\u011fil de geri ka\u00e7mak i\u00e7in s\u00fcr\u00fclen at\u0131n\u2026\u201d        Akman, bir \u00e7ocu\u011fun kalbine s\u0131\u011fmayacak kadar b\u00fcy\u00fck bir yang\u0131n\u0131n miras\u00e7\u0131s\u0131d\u0131r. Ailesini bir Mo\u011fol bask\u0131n\u0131nda yitirmi\u015f, kaybettiklerinin yas\u0131n\u0131 k\u0131l\u0131c\u0131nda bileylemi\u015f, intikam\u0131 yutkunarak b\u00fcy\u00fcm\u00fc\u015ft\u00fcr. Onun i\u00e7in hayat bir sava\u015ftan ibarettir d\u00fc\u015fmana kar\u015f\u0131 de\u011fil sadece, kendine kar\u015f\u0131 da\u2026 A\u015fk kar\u015f\u0131s\u0131nda bile e\u011filmeyen boynu, yaln\u0131zca bir tek d\u00fc\u015fman i\u00e7in b\u00fck\u00fclmeye haz\u0131rd\u0131r: Ailesinin kan\u0131n\u0131 ak\u0131tan Mo\u011fol komutan Loya\u2026      \u201cBir T\u00fcrk i\u00e7in rahat olmak, onun i\u00e7in \u00e7abalamak benli\u011fine ve \u0131rk\u0131na hakarettir,\u201d diyen Akman\u2019\u0131n i\u00e7 d\u00fcnyas\u0131, onu yasalar\u0131 \u00e7i\u011fnemeye mecbur b\u0131rakt\u0131.         G\u00f6kt\u00fcrklerin bozk\u0131r\u0131nda ge\u00e7en bu destans\u0131 roman; onur, inan\u00e7, a\u015fk ve ihaneti harmanl\u0131yor. Sadece tarih\u00ee bir macera de\u011fil, bir ruhun \u00e7\u0131rp\u0131n\u0131\u015f\u0131&#8230; Bir sava\u015f\u00e7\u0131n\u0131n kendiyle hesapla\u015fmas\u0131&#8230; Ve en \u00f6nemlisi, zaferin her zaman d\u00fc\u015fman\u0131n k\u0131l\u0131c\u0131n\u0131 k\u0131rmakla de\u011fil, bazen kendi i\u00e7indeki zinciri par\u00e7alamakla kazan\u0131ld\u0131\u011f\u0131n\u0131 hat\u0131rlatan bir hik\u00e2ye\u2026        Peki, en b\u00fcy\u00fck d\u00fc\u015fman\u0131 d\u0131\u015far\u0131da m\u0131, yoksa kendi i\u00e7inde midir Akman\u2019\u0131n?        Ya siz bu sesin i\u00e7inde, kendi sesinizi duyacak kadar cesur musunuz? <\/p>\n","protected":false},"excerpt":{"rendered":"<p>\u201cYerin dibine bats\u0131n sava\u015fla korunmayan \u015fan\u0131n, d\u00fc\u015fmana de\u011fil de geri ka\u00e7mak i\u00e7in s\u00fcr\u00fclen at\u0131n\u2026\u201d Akman, bir \u00e7ocu\u011fun kalbine s\u0131\u011fmayacak kadar b\u00fcy\u00fck bir yang\u0131n\u0131n miras\u00e7\u0131s\u0131d\u0131r. Ailesini bir<span class=\"excerpt-hellip\"> [\u2026]<\/span><\/p>\n","protected":false},"featured_media":0,"template":"","meta":{"_monsterinsights_skip_tracking":false,"_monsterinsights_sitenote_active":false,"_monsterinsights_sitenote_note":"","_monsterinsights_sitenote_category":0},"product_brand":[],"product_cat":[12291,12711],"product_tag":[],"class_list":{"0":"post-773093","1":"product","2":"type-product","3":"status-publish","5":"product_cat-edebiyat","6":"product_cat-roman-oyku","7":"pa_cilt-ciltsiz","8":"pa_tur-kitap","9":"pa_yayinevi-elpis-yayinlari","10":"pa_yazar-mehmet-ozbeyis","12":"first","13":"instock","14":"sale","15":"shipping-taxable","16":"purchasable","17":"product-type-simple"},"_links":{"self":[{"href":"https:\/\/roveyayinevi.com.tr\/index.php\/wp-json\/wp\/v2\/product\/773093","targetHints":{"allow":["GET"]}}],"collection":[{"href":"https:\/\/roveyayinevi.com.tr\/index.php\/wp-json\/wp\/v2\/product"}],"about":[{"href":"https:\/\/roveyayinevi.com.tr\/index.php\/wp-json\/wp\/v2\/types\/product"}],"wp:attachment":[{"href":"https:\/\/roveyayinevi.com.tr\/index.php\/wp-json\/wp\/v2\/media?parent=773093"}],"wp:term":[{"taxonomy":"product_brand","embeddable":true,"href":"https:\/\/roveyayinevi.com.tr\/index.php\/wp-json\/wp\/v2\/product_brand?post=773093"},{"taxonomy":"product_cat","embeddable":true,"href":"https:\/\/roveyayinevi.com.tr\/index.php\/wp-json\/wp\/v2\/product_cat?post=773093"},{"taxonomy":"product_tag","embeddable":true,"href":"https:\/\/roveyayinevi.com.tr\/index.php\/wp-json\/wp\/v2\/product_tag?post=773093"}],"curies":[{"name":"wp","href":"https:\/\/api.w.org\/{rel}","templated":true}]}}