{"id":773080,"date":"2025-08-28T16:03:05","date_gmt":"2025-08-28T13:03:05","guid":{"rendered":"https:\/\/roveyayinevi.com.tr\/index.php\/urun\/ibn-sina-metafizigi\/"},"modified":"2026-04-15T03:39:21","modified_gmt":"2026-04-15T00:39:21","slug":"ibn-sina-metafizigi","status":"publish","type":"product","link":"https:\/\/roveyayinevi.com.tr\/index.php\/urun\/ibn-sina-metafizigi\/","title":{"rendered":"\u0130bn Sina Metafizi\u011fi"},"content":{"rendered":"<p>\u0130slam felsefesinde Me\u015f\u015fai Okulun en \u00f6nde gelen filozofu olan ve \u0130slam d\u00fcnyas\u0131nda \u201ce\u015f-\u015eeyh\u00fc\u2019r-Reis\u201d, Bat\u0131\u2019da \u201cAvicenna\u201d olarak tan\u0131nan \u0130bn S\u00een\u00e2 felsefesinde metafizik b\u00fcy\u00fck \u00f6nem arz etmektedir. Kendinden \u00f6ncekilere oranla daha a\u00e7\u0131k ve daha metodik olan \u0130bn S\u00een\u00e2 sisteminde metafizi\u011fi bir y\u00f6nden ald\u0131\u011f\u0131 \u0130slami k\u00fclt\u00fcr do\u011frultusunda a\u00e7\u0131klarken, di\u011fer yandan, birincisini bast\u0131ran felsefi k\u00fclt\u00fcrde Farabi\u2019nin \u015ferhiyle n\u00fcfuz edebildi\u011fi Aristo metafizi\u011fi a\u011f\u0131r basar. \u00d6zellikle nefsin veya ruhun varl\u0131\u011f\u0131 ve cevherlili\u011fi hususunda g\u00f6sterdi\u011fi deliller, verdi\u011fi bilgiler Orta \u00c7a\u011f d\u00fc\u015f\u00fcncesini a\u015farak, Yeni \u00c7a\u011f\u2019a \u0131\u015f\u0131k tutar mahiyettedir. Dolay\u0131s\u0131yla \u0130bn S\u00een\u00e2 metafizi\u011fi, Aristocu, Yeni-Eflatuncu ve \u0130slami d\u00fc\u015f\u00fcncelerin bir sentezi mahiyetindedir. Aristo metafizi\u011finde bulunan konular\u0131 aynen inceleyen \u0130bn S\u00een\u00e2, problemlere \u0130slami g\u00f6r\u00fc\u015f a\u00e7\u0131s\u0131ndan bakar; ancak Yeni-Eflatuncu d\u00fc\u015f\u00fcncelerin de kar\u0131\u015fmas\u0131yla ortaya yeni bir g\u00f6r\u00fc\u015f \u00e7\u0131kar. <\/p>\n","protected":false},"excerpt":{"rendered":"<p>\u0130slam felsefesinde Me\u015f\u015fai Okulun en \u00f6nde gelen filozofu olan ve \u0130slam d\u00fcnyas\u0131nda \u201ce\u015f-\u015eeyh\u00fc\u2019r-Reis\u201d, Bat\u0131\u2019da \u201cAvicenna\u201d olarak tan\u0131nan \u0130bn S\u00een\u00e2 felsefesinde metafizik b\u00fcy\u00fck \u00f6nem arz etmektedir. Kendinden<span class=\"excerpt-hellip\"> [\u2026]<\/span><\/p>\n","protected":false},"featured_media":0,"template":"","meta":{"_monsterinsights_skip_tracking":false,"_monsterinsights_sitenote_active":false,"_monsterinsights_sitenote_note":"","_monsterinsights_sitenote_category":0},"product_brand":[],"product_cat":[20351,12388],"product_tag":[],"class_list":{"0":"post-773080","1":"product","2":"type-product","3":"status-publish","5":"product_cat-dusunce","6":"product_cat-felsefe","7":"pa_cilt-ciltsiz","8":"pa_tur-kitap","9":"pa_yayinevi-ankara-universitesi-yayinevi","10":"pa_yazar-hayrani-altintas","12":"first","13":"instock","14":"sale","15":"shipping-taxable","16":"purchasable","17":"product-type-simple"},"_links":{"self":[{"href":"https:\/\/roveyayinevi.com.tr\/index.php\/wp-json\/wp\/v2\/product\/773080","targetHints":{"allow":["GET"]}}],"collection":[{"href":"https:\/\/roveyayinevi.com.tr\/index.php\/wp-json\/wp\/v2\/product"}],"about":[{"href":"https:\/\/roveyayinevi.com.tr\/index.php\/wp-json\/wp\/v2\/types\/product"}],"wp:attachment":[{"href":"https:\/\/roveyayinevi.com.tr\/index.php\/wp-json\/wp\/v2\/media?parent=773080"}],"wp:term":[{"taxonomy":"product_brand","embeddable":true,"href":"https:\/\/roveyayinevi.com.tr\/index.php\/wp-json\/wp\/v2\/product_brand?post=773080"},{"taxonomy":"product_cat","embeddable":true,"href":"https:\/\/roveyayinevi.com.tr\/index.php\/wp-json\/wp\/v2\/product_cat?post=773080"},{"taxonomy":"product_tag","embeddable":true,"href":"https:\/\/roveyayinevi.com.tr\/index.php\/wp-json\/wp\/v2\/product_tag?post=773080"}],"curies":[{"name":"wp","href":"https:\/\/api.w.org\/{rel}","templated":true}]}}