{"id":773071,"date":"2025-08-28T16:02:49","date_gmt":"2025-08-28T13:02:49","guid":{"rendered":"https:\/\/roveyayinevi.com.tr\/index.php\/urun\/sevket-mirziyoyev-donemi-turkiye-ozbekistan-iliskileri-2016-2021\/"},"modified":"2026-04-15T03:39:21","modified_gmt":"2026-04-15T00:39:21","slug":"sevket-mirziyoyev-donemi-turkiye-ozbekistan-iliskileri-2016-2021","status":"publish","type":"product","link":"https:\/\/roveyayinevi.com.tr\/index.php\/urun\/sevket-mirziyoyev-donemi-turkiye-ozbekistan-iliskileri-2016-2021\/","title":{"rendered":"\u015eevket Mirziyoyev D\u00f6nemi T\u00fcrkiye-\u00d6zbekistan \u0130li\u015fkileri (2016-2021)"},"content":{"rendered":"<p>\u00d6zbekistan gerek k\u00f6kl\u00fc tarihi gerekse jeopolitik konumu ile Orta Asya&#8217;n\u0131n incisi olarak \u00f6ne \u00e7\u0131kan bir \u00fclkedir. Son y\u0131llarda T\u00fcrk D\u00fcnyas\u0131n\u0131n artan bir ivmeyle birlik ve beraberlik ad\u0131na i\u015fbirli\u011fi i\u00e7erisinde hareket etti\u011fi g\u00f6r\u00fclmektedir. T\u00fcrk D\u00fcnyas\u0131n\u0131n k\u00fcresel sistem i\u00e7erisinde \u00f6nemli bir akt\u00f6r olarak yer almas\u0131 s\u00fcrecinde, T\u00fcrkiye ile \u00d6zbekistan&#8217;\u0131n &#8220;stratejik ortakl\u0131k&#8221; seviyesine ula\u015fan ili\u015fkilerinin b\u00fcy\u00fck katk\u0131s\u0131 bulunmaktad\u0131r. Cumhurba\u015fkan\u0131 \u015eevket Mirziyoyev&#8217;in &#8220;Yeni \u00d6zbekistan&#8221; a\u00e7\u0131l\u0131m\u0131 ve uluslararas\u0131 ili\u015fkilerde geli\u015ftirdi\u011fi pozitif atmosfer neticesinde T\u00fcrkiye-\u00d6zbekistan ili\u015fkileri derinlik kazanm\u0131\u015ft\u0131r. T\u00fcrkiye-\u00d6zbekistan ili\u015fkilerinin geli\u015fmesinin; b\u00f6lge g\u00fcvenli\u011fi ve istikrar\u0131 a\u00e7\u0131s\u0131ndan faydal\u0131 olaca\u011f\u0131 d\u00fc\u015f\u00fcn\u00fclmektedir. Orta Asya b\u00f6lgesinde geli\u015ftirilmekte olan \u00e7ok boyutlu ve i\u015fbirli\u011fine dayal\u0131 ili\u015fkiler, kar\u015f\u0131l\u0131kl\u0131 g\u00fcvenlik ba\u011flam\u0131nda b\u00f6lge devletlerinin daha istikrarl\u0131 ve g\u00fcvenli bir devlet yap\u0131s\u0131na ula\u015fmas\u0131na yard\u0131mc\u0131 olmaktad\u0131r. Bu \u00e7al\u0131\u015fmada, \u015eevket Mirziyoyev d\u00f6nemi T\u00fcrkiye-\u00d6zbekistan ili\u015fkileri (2016-2021), Kopenhag Okulu ve b\u00f6lgesel g\u00fcvenlik kompleksleri teorisi ba\u011flam\u0131nda incelenmi\u015ftir. \u00c7al\u0131\u015fman\u0131n okuyuculara faydal\u0131 olmas\u0131 ve literat\u00fcre yeni bir perspektifle katk\u0131da bulunmas\u0131 temenni edilmektedir. <\/p>\n","protected":false},"excerpt":{"rendered":"<p>\u00d6zbekistan gerek k\u00f6kl\u00fc tarihi gerekse jeopolitik konumu ile Orta Asya&#8217;n\u0131n incisi olarak \u00f6ne \u00e7\u0131kan bir \u00fclkedir. Son y\u0131llarda T\u00fcrk D\u00fcnyas\u0131n\u0131n artan bir ivmeyle birlik ve beraberlik<span class=\"excerpt-hellip\"> [\u2026]<\/span><\/p>\n","protected":false},"featured_media":0,"template":"","meta":{"_monsterinsights_skip_tracking":false,"_monsterinsights_sitenote_active":false,"_monsterinsights_sitenote_note":"","_monsterinsights_sitenote_category":0},"product_brand":[],"product_cat":[48062,12337],"product_tag":[],"class_list":{"0":"post-773071","1":"product","2":"type-product","3":"status-publish","5":"product_cat-dis-politika","6":"product_cat-politika-siyaset","7":"pa_cilt-ciltsiz","8":"pa_tur-kitap","9":"pa_yayinevi-astana-yayinlari","10":"pa_yazar-zeynep-alpinar","12":"first","13":"instock","14":"sale","15":"shipping-taxable","16":"purchasable","17":"product-type-simple"},"_links":{"self":[{"href":"https:\/\/roveyayinevi.com.tr\/index.php\/wp-json\/wp\/v2\/product\/773071","targetHints":{"allow":["GET"]}}],"collection":[{"href":"https:\/\/roveyayinevi.com.tr\/index.php\/wp-json\/wp\/v2\/product"}],"about":[{"href":"https:\/\/roveyayinevi.com.tr\/index.php\/wp-json\/wp\/v2\/types\/product"}],"wp:attachment":[{"href":"https:\/\/roveyayinevi.com.tr\/index.php\/wp-json\/wp\/v2\/media?parent=773071"}],"wp:term":[{"taxonomy":"product_brand","embeddable":true,"href":"https:\/\/roveyayinevi.com.tr\/index.php\/wp-json\/wp\/v2\/product_brand?post=773071"},{"taxonomy":"product_cat","embeddable":true,"href":"https:\/\/roveyayinevi.com.tr\/index.php\/wp-json\/wp\/v2\/product_cat?post=773071"},{"taxonomy":"product_tag","embeddable":true,"href":"https:\/\/roveyayinevi.com.tr\/index.php\/wp-json\/wp\/v2\/product_tag?post=773071"}],"curies":[{"name":"wp","href":"https:\/\/api.w.org\/{rel}","templated":true}]}}