{"id":773054,"date":"2025-08-28T16:02:12","date_gmt":"2025-08-28T13:02:12","guid":{"rendered":"https:\/\/roveyayinevi.com.tr\/index.php\/urun\/gunese-yolculuk\/"},"modified":"2026-04-15T03:39:20","modified_gmt":"2026-04-15T00:39:20","slug":"gunese-yolculuk","status":"publish","type":"product","link":"https:\/\/roveyayinevi.com.tr\/index.php\/urun\/gunese-yolculuk\/","title":{"rendered":"G\u00fcne\u015f\u2019e Yolculuk"},"content":{"rendered":"<p>\u00c7ok sevdi\u011fim yazarlardan biri olan Jules Verne\u2019in macera dolu kitaplar\u0131ndan ve en \u00e7ok da D\u00fcnyan\u0131n Merkezine Yolculuk kitab\u0131ndan ilham alarak yazd\u0131\u011f\u0131m &#8221; G\u00fcne\u015f&#8217;e Yolculuk&#8221; okurlar\u0131m i\u00e7in haz\u0131r. Belki de g\u00fcne\u015f d\u00fc\u015f\u00fcnd\u00fc\u011f\u00fcm\u00fcz kadar da s\u0131cak de\u011fildir? Kim bilir&#8230; <\/p>\n","protected":false},"excerpt":{"rendered":"<p>\u00c7ok sevdi\u011fim yazarlardan biri olan Jules Verne\u2019in macera dolu kitaplar\u0131ndan ve en \u00e7ok da D\u00fcnyan\u0131n Merkezine Yolculuk kitab\u0131ndan ilham alarak yazd\u0131\u011f\u0131m &#8221; G\u00fcne\u015f&#8217;e Yolculuk&#8221; okurlar\u0131m i\u00e7in<span class=\"excerpt-hellip\"> [\u2026]<\/span><\/p>\n","protected":false},"featured_media":0,"template":"","meta":{"_monsterinsights_skip_tracking":false,"_monsterinsights_sitenote_active":false,"_monsterinsights_sitenote_note":"","_monsterinsights_sitenote_category":0},"product_brand":[],"product_cat":[12291,12711],"product_tag":[],"class_list":{"0":"post-773054","1":"product","2":"type-product","3":"status-publish","5":"product_cat-edebiyat","6":"product_cat-roman-oyku","7":"pa_cilt-ciltsiz","8":"pa_tur-kitap","9":"pa_yayinevi-soncag","10":"pa_yazar-yusuf-golcuk","12":"first","13":"instock","14":"sale","15":"shipping-taxable","16":"purchasable","17":"product-type-simple"},"_links":{"self":[{"href":"https:\/\/roveyayinevi.com.tr\/index.php\/wp-json\/wp\/v2\/product\/773054","targetHints":{"allow":["GET"]}}],"collection":[{"href":"https:\/\/roveyayinevi.com.tr\/index.php\/wp-json\/wp\/v2\/product"}],"about":[{"href":"https:\/\/roveyayinevi.com.tr\/index.php\/wp-json\/wp\/v2\/types\/product"}],"wp:attachment":[{"href":"https:\/\/roveyayinevi.com.tr\/index.php\/wp-json\/wp\/v2\/media?parent=773054"}],"wp:term":[{"taxonomy":"product_brand","embeddable":true,"href":"https:\/\/roveyayinevi.com.tr\/index.php\/wp-json\/wp\/v2\/product_brand?post=773054"},{"taxonomy":"product_cat","embeddable":true,"href":"https:\/\/roveyayinevi.com.tr\/index.php\/wp-json\/wp\/v2\/product_cat?post=773054"},{"taxonomy":"product_tag","embeddable":true,"href":"https:\/\/roveyayinevi.com.tr\/index.php\/wp-json\/wp\/v2\/product_tag?post=773054"}],"curies":[{"name":"wp","href":"https:\/\/api.w.org\/{rel}","templated":true}]}}