{"id":773050,"date":"2025-08-28T16:02:04","date_gmt":"2025-08-28T13:02:04","guid":{"rendered":"https:\/\/roveyayinevi.com.tr\/index.php\/urun\/annem-bebek-bekliyor\/"},"modified":"2026-04-15T03:39:20","modified_gmt":"2026-04-15T00:39:20","slug":"annem-bebek-bekliyor","status":"publish","type":"product","link":"https:\/\/roveyayinevi.com.tr\/index.php\/urun\/annem-bebek-bekliyor\/","title":{"rendered":"Annem Bebek Bekliyor"},"content":{"rendered":"<p>R\u00fczg\u00e2r\u2019\u0131n annesi bebek bekliyor. K\u00fc\u00e7\u00fck \u00e7ocu\u011fun akl\u0131na pek \u00e7ok soru geliyor: Karde\u015fi ona benzeyecek mi? Abi olmak istiyor mu? Peki, annesiyle babas\u0131 onu mu yoksa karde\u015fini mi daha \u00e7ok sevecek?   R\u00fczg\u00e2r ve en yak\u0131n arkada\u015f\u0131 Meltem b\u00fct\u00fcn bu sorulara beraber yan\u0131t ar\u0131yorlar.   Aileye bir bebe\u011fin karde\u015f olarak geli\u015fi b\u00fcy\u00fck \u00e7ocuk i\u00e7in genellikle karma\u015f\u0131k bir durumdur. Bu kitap \u00e7ocuklar\u0131n kayg\u0131lar\u0131 ve duygular\u0131na y\u00f6nelik do\u011fru s\u00f6zc\u00fckleri kullanmak ve annelerle babalar\u0131n yararlanabilecekleri deneyimleri aktarmak i\u00e7in haz\u0131rland\u0131. <\/p>\n","protected":false},"excerpt":{"rendered":"<p>R\u00fczg\u00e2r\u2019\u0131n annesi bebek bekliyor. K\u00fc\u00e7\u00fck \u00e7ocu\u011fun akl\u0131na pek \u00e7ok soru geliyor: Karde\u015fi ona benzeyecek mi? Abi olmak istiyor mu? Peki, annesiyle babas\u0131 onu mu yoksa karde\u015fini<span class=\"excerpt-hellip\"> [\u2026]<\/span><\/p>\n","protected":false},"featured_media":0,"template":"","meta":{"_monsterinsights_skip_tracking":false,"_monsterinsights_sitenote_active":false,"_monsterinsights_sitenote_note":"","_monsterinsights_sitenote_category":0},"product_brand":[],"product_cat":[12274,12518],"product_tag":[],"class_list":{"0":"post-773050","1":"product","2":"type-product","3":"status-publish","5":"product_cat-cocuk-ve-genclik-kitaplari","6":"product_cat-okul-oncesi-kitaplar","7":"pa_cilt-ciltsiz","8":"pa_tur-kitap","9":"pa_yayinevi-yapi-kredi-yayinlari","10":"pa_yazar-sophie-furlaud","12":"first","13":"instock","14":"sale","15":"shipping-taxable","16":"purchasable","17":"product-type-simple"},"_links":{"self":[{"href":"https:\/\/roveyayinevi.com.tr\/index.php\/wp-json\/wp\/v2\/product\/773050","targetHints":{"allow":["GET"]}}],"collection":[{"href":"https:\/\/roveyayinevi.com.tr\/index.php\/wp-json\/wp\/v2\/product"}],"about":[{"href":"https:\/\/roveyayinevi.com.tr\/index.php\/wp-json\/wp\/v2\/types\/product"}],"wp:attachment":[{"href":"https:\/\/roveyayinevi.com.tr\/index.php\/wp-json\/wp\/v2\/media?parent=773050"}],"wp:term":[{"taxonomy":"product_brand","embeddable":true,"href":"https:\/\/roveyayinevi.com.tr\/index.php\/wp-json\/wp\/v2\/product_brand?post=773050"},{"taxonomy":"product_cat","embeddable":true,"href":"https:\/\/roveyayinevi.com.tr\/index.php\/wp-json\/wp\/v2\/product_cat?post=773050"},{"taxonomy":"product_tag","embeddable":true,"href":"https:\/\/roveyayinevi.com.tr\/index.php\/wp-json\/wp\/v2\/product_tag?post=773050"}],"curies":[{"name":"wp","href":"https:\/\/api.w.org\/{rel}","templated":true}]}}