{"id":773042,"date":"2025-08-28T16:01:48","date_gmt":"2025-08-28T13:01:48","guid":{"rendered":"https:\/\/roveyayinevi.com.tr\/index.php\/urun\/geriye-kalanlar-sergisi\/"},"modified":"2026-04-15T03:39:20","modified_gmt":"2026-04-15T00:39:20","slug":"geriye-kalanlar-sergisi","status":"publish","type":"product","link":"https:\/\/roveyayinevi.com.tr\/index.php\/urun\/geriye-kalanlar-sergisi\/","title":{"rendered":"Geriye Kalanlar Sergisi"},"content":{"rendered":"<p>Bir ayr\u0131l\u0131k kutusuyla gelen kalp k\u0131r\u0131kl\u0131\u011f\u0131 ve o kalp k\u0131r\u0131kl\u0131\u011f\u0131n\u0131n sanata d\u00f6n\u00fc\u015fme hik\u00e2yesi.Chloe Chang\u2019in hayat\u0131, ailesinin New York\u2019tan Los Angeles\u2019a ta\u015f\u0131nmas\u0131yla alt\u00fcst olur. T\u00fcm tan\u0131d\u0131klardan, al\u0131\u015fkanl\u0131klardan ve erkek arkada\u015f\u0131 Jake\u2019ten kopar. Ancak Chloe\u2019nin beklemedi\u011fi bir \u015fey daha olur: Jake, ona posta yoluyla bir \u201cayr\u0131l\u0131k kutusu\u201d g\u00f6nderir.\u0130\u00e7inde yaln\u0131zca e\u015fyalar de\u011fil, bitmemi\u015f c\u00fcmleler ve k\u0131r\u0131k bir kalbin izleri vard\u0131r.Chloe\u2019nin ilk refleksi bu kutuyu \u00e7\u00f6pe atmak olur. Sonra i\u00e7indeki ac\u0131y\u0131 ve merak\u0131 ba\u015fka bir \u015feye d\u00f6n\u00fc\u015ft\u00fcr\u00fcr: adl\u0131bir sanat sergisine&#8230;Sergi ba\u015fka gen\u00e7lerin ayr\u0131l\u0131k kutular\u0131yla b\u00fcy\u00fcrken, Chloe\u2019nin ha- yat\u0131na beklenmedik bir ziyaret\u00e7i gelir: Daniel Kwak. Aralar\u0131nda do\u011fan yarat\u0131c\u0131 k\u0131v\u0131lc\u0131m, k\u0131sa s\u00fcrede dostlu\u011fa ve kalp at\u0131\u015flar\u0131n\u0131 h\u0131zland\u0131ran bir yak\u0131nl\u0131\u011fa d\u00f6n\u00fc\u015f\u00fcr. Fakat Daniel\u2019\u0131n bir kural\u0131 vard\u0131r:\u201cYara band\u0131\u201d yani ge\u00e7ici iyile\u015ftirme adam\u0131 olmak istemez.Chloe ge\u00e7mi\u015fiyle hesapla\u015fmaya \u00e7al\u0131\u015f\u0131rken, sergisi sosyal medyan\u0131n par\u0131lt\u0131s\u0131nda yolunu \u015fa\u015f\u0131r\u0131r. Sanat\u0131na ve ne istedi\u011fine ger\u00e7ekanlamda yeniden d\u00f6nmesi gereken Chloe, hem kendine hem Daniel\u2019a \u201ckalbinin art\u0131k haz\u0131r oldu\u011funu\u201d kan\u0131tlayabilecek midir?\u201cKayb\u0131n, a\u015fk\u0131n ve sanat\u0131n d\u00f6n\u00fc\u015ft\u00fcr\u00fcc\u00fc do\u011fas\u0131na dair sevimli bir ke\u015fif.\u201d -Kirkus&#8221;Chen a\u015fk\u0131n tatl\u0131 ve ba\u015f d\u00f6nd\u00fcr\u00fcc\u00fc yanlar\u0131n\u0131, \u00e2\u015f\u0131k olman\u0131n beraberinde getirdi\u011fi kahkahalar ve kalp k\u0131r\u0131kl\u0131klar\u0131yla ustal\u0131kla harmanl\u0131yor.&#8221; -Brian D. Kennedy<\/p>\n","protected":false},"excerpt":{"rendered":"<p>Bir ayr\u0131l\u0131k kutusuyla gelen kalp k\u0131r\u0131kl\u0131\u011f\u0131 ve o kalp k\u0131r\u0131kl\u0131\u011f\u0131n\u0131n sanata d\u00f6n\u00fc\u015fme hik\u00e2yesi.Chloe Chang\u2019in hayat\u0131, ailesinin New York\u2019tan Los Angeles\u2019a ta\u015f\u0131nmas\u0131yla alt\u00fcst olur. T\u00fcm tan\u0131d\u0131klardan, al\u0131\u015fkanl\u0131klardan<span class=\"excerpt-hellip\"> [\u2026]<\/span><\/p>\n","protected":false},"featured_media":0,"template":"","meta":{"_monsterinsights_skip_tracking":false,"_monsterinsights_sitenote_active":false,"_monsterinsights_sitenote_note":"","_monsterinsights_sitenote_category":0},"product_brand":[],"product_cat":[12291,12711],"product_tag":[],"class_list":{"0":"post-773042","1":"product","2":"type-product","3":"status-publish","5":"product_cat-edebiyat","6":"product_cat-roman-oyku","7":"pa_cilt-ciltsiz","8":"pa_tur-kitap","9":"pa_yayinevi-nemesis-kitap","10":"pa_yazar-jennifer-chen","12":"first","13":"instock","14":"sale","15":"shipping-taxable","16":"purchasable","17":"product-type-simple"},"_links":{"self":[{"href":"https:\/\/roveyayinevi.com.tr\/index.php\/wp-json\/wp\/v2\/product\/773042","targetHints":{"allow":["GET"]}}],"collection":[{"href":"https:\/\/roveyayinevi.com.tr\/index.php\/wp-json\/wp\/v2\/product"}],"about":[{"href":"https:\/\/roveyayinevi.com.tr\/index.php\/wp-json\/wp\/v2\/types\/product"}],"wp:attachment":[{"href":"https:\/\/roveyayinevi.com.tr\/index.php\/wp-json\/wp\/v2\/media?parent=773042"}],"wp:term":[{"taxonomy":"product_brand","embeddable":true,"href":"https:\/\/roveyayinevi.com.tr\/index.php\/wp-json\/wp\/v2\/product_brand?post=773042"},{"taxonomy":"product_cat","embeddable":true,"href":"https:\/\/roveyayinevi.com.tr\/index.php\/wp-json\/wp\/v2\/product_cat?post=773042"},{"taxonomy":"product_tag","embeddable":true,"href":"https:\/\/roveyayinevi.com.tr\/index.php\/wp-json\/wp\/v2\/product_tag?post=773042"}],"curies":[{"name":"wp","href":"https:\/\/api.w.org\/{rel}","templated":true}]}}