{"id":773011,"date":"2025-08-28T16:00:31","date_gmt":"2025-08-28T13:00:31","guid":{"rendered":"https:\/\/roveyayinevi.com.tr\/index.php\/urun\/disney-pixar-arabalar-sampiyonluk-oykuleri-flexi-kapak\/"},"modified":"2026-04-15T03:39:19","modified_gmt":"2026-04-15T00:39:19","slug":"disney-pixar-arabalar-sampiyonluk-oykuleri-flexi-kapak","status":"publish","type":"product","link":"https:\/\/roveyayinevi.com.tr\/index.php\/urun\/disney-pixar-arabalar-sampiyonluk-oykuleri-flexi-kapak\/","title":{"rendered":"Disney Pixar Arabalar \u015eampiyonluk \u00d6yk\u00fcleri (Flexi Kapak)"},"content":{"rendered":"<p>D\u00fcnyan\u0131n en me\u015fhur yar\u0131\u015f arabas\u0131, duyulmam\u0131\u015f maceralar\u0131yla geri d\u00f6n\u00fcyor! \u0130ster \u00f6yk\u00fc saati, ister uyku \u00f6ncesi\u2026 \u00c7ocuklar\u0131n\u0131z, en sevdikleri karakterlerin macera, dostluk ve ne\u015fe dolu d\u00fcnyas\u0131na dals\u0131n! \u015eim\u015fek ve arkada\u015flar\u0131n\u0131n birbirinden heyecanl\u0131 on iki yar\u0131\u015f \u00f6yk\u00fcs\u00fc bu \u00f6zel koleksiyonda bir arada:   1. Pit Ekibi \u0130\u015fba\u015f\u0131nda 2. Radyat\u00f6r Kasabas\u0131\u2019nda Heyecan 3. H\u0131zl\u0131 Ders 4. \u00c7\u00f6lde \u015eamata 5. H\u0131zl\u0131 \u015e\u00f6hret 6. Bayrak Yar\u0131\u015f\u0131 7. R\u00f6van\u015f 8. Neon Yar\u0131\u015f\u00e7\u0131lar 9. Buz Yar\u0131\u015f\u00e7\u0131lar\u0131 10. Kara Orman Rallisi 11. \u0130yilik Yar\u0131\u015f\u0131 12. Yeni Bir Yar\u0131\u015f\u00e7\u0131 (Arabalar 3 Film \u00d6yk\u00fcs\u00fc) <\/p>\n","protected":false},"excerpt":{"rendered":"<p>D\u00fcnyan\u0131n en me\u015fhur yar\u0131\u015f arabas\u0131, duyulmam\u0131\u015f maceralar\u0131yla geri d\u00f6n\u00fcyor! \u0130ster \u00f6yk\u00fc saati, ister uyku \u00f6ncesi\u2026 \u00c7ocuklar\u0131n\u0131z, en sevdikleri karakterlerin macera, dostluk ve ne\u015fe dolu d\u00fcnyas\u0131na dals\u0131n!<span class=\"excerpt-hellip\"> [\u2026]<\/span><\/p>\n","protected":false},"featured_media":0,"template":"","meta":{"_monsterinsights_skip_tracking":false,"_monsterinsights_sitenote_active":false,"_monsterinsights_sitenote_note":"","_monsterinsights_sitenote_category":0},"product_brand":[],"product_cat":[12274,12284],"product_tag":[],"class_list":{"0":"post-773011","1":"product","2":"type-product","3":"status-publish","5":"product_cat-cocuk-ve-genclik-kitaplari","6":"product_cat-hikayeler","7":"pa_cilt-ciltsiz","8":"pa_tur-kitap","9":"pa_yayinevi-dogan-cocuk","10":"pa_yazar-kolektif","12":"first","13":"instock","14":"sale","15":"shipping-taxable","16":"purchasable","17":"product-type-simple"},"_links":{"self":[{"href":"https:\/\/roveyayinevi.com.tr\/index.php\/wp-json\/wp\/v2\/product\/773011","targetHints":{"allow":["GET"]}}],"collection":[{"href":"https:\/\/roveyayinevi.com.tr\/index.php\/wp-json\/wp\/v2\/product"}],"about":[{"href":"https:\/\/roveyayinevi.com.tr\/index.php\/wp-json\/wp\/v2\/types\/product"}],"wp:attachment":[{"href":"https:\/\/roveyayinevi.com.tr\/index.php\/wp-json\/wp\/v2\/media?parent=773011"}],"wp:term":[{"taxonomy":"product_brand","embeddable":true,"href":"https:\/\/roveyayinevi.com.tr\/index.php\/wp-json\/wp\/v2\/product_brand?post=773011"},{"taxonomy":"product_cat","embeddable":true,"href":"https:\/\/roveyayinevi.com.tr\/index.php\/wp-json\/wp\/v2\/product_cat?post=773011"},{"taxonomy":"product_tag","embeddable":true,"href":"https:\/\/roveyayinevi.com.tr\/index.php\/wp-json\/wp\/v2\/product_tag?post=773011"}],"curies":[{"name":"wp","href":"https:\/\/api.w.org\/{rel}","templated":true}]}}