{"id":772997,"date":"2025-08-28T16:00:04","date_gmt":"2025-08-28T13:00:04","guid":{"rendered":"https:\/\/roveyayinevi.com.tr\/index.php\/urun\/kul-hatiri\/"},"modified":"2026-04-15T03:39:19","modified_gmt":"2026-04-15T00:39:19","slug":"kul-hatiri","status":"publish","type":"product","link":"https:\/\/roveyayinevi.com.tr\/index.php\/urun\/kul-hatiri\/","title":{"rendered":"K\u00fcl Hat\u0131r\u0131"},"content":{"rendered":"<p>kendimi sarmalad\u0131m e\u015fi\u011fe sundum avu\u00e7lar\u0131mda yanaklar\u0131m uzanarak g\u00f6\u011fsu\u0308me   terk edildi\u011fim onca zamandan sen diyemeyece\u011fim bir ger\u00e7ekli\u011fi suya verdim   \u00e7ok yerinden b\u0131\u00e7aklad\u0131m a\u011fr\u0131d\u0131 a\u011f\u0131rl\u0131\u011f\u0131nca zaman tuttu\u011fum ne kald\u0131ysa b\u0131rakmay\u0131 \u00f6\u011frendim <\/p>\n","protected":false},"excerpt":{"rendered":"<p>kendimi sarmalad\u0131m e\u015fi\u011fe sundum avu\u00e7lar\u0131mda yanaklar\u0131m uzanarak g\u00f6\u011fsu\u0308me terk edildi\u011fim onca zamandan sen diyemeyece\u011fim bir ger\u00e7ekli\u011fi suya verdim \u00e7ok yerinden b\u0131\u00e7aklad\u0131m a\u011fr\u0131d\u0131 a\u011f\u0131rl\u0131\u011f\u0131nca zaman tuttu\u011fum ne<span class=\"excerpt-hellip\"> [\u2026]<\/span><\/p>\n","protected":false},"featured_media":0,"template":"","meta":{"_monsterinsights_skip_tracking":false,"_monsterinsights_sitenote_active":false,"_monsterinsights_sitenote_note":"","_monsterinsights_sitenote_category":0},"product_brand":[],"product_cat":[12291,12509],"product_tag":[],"class_list":{"0":"post-772997","1":"product","2":"type-product","3":"status-publish","5":"product_cat-edebiyat","6":"product_cat-siir","7":"pa_cilt-ciltsiz","8":"pa_tur-kitap","9":"pa_yayinevi-yitik-ulke-yayinlari","10":"pa_yazar-dervise-guneyyeli","12":"first","13":"instock","14":"sale","15":"shipping-taxable","16":"purchasable","17":"product-type-simple"},"_links":{"self":[{"href":"https:\/\/roveyayinevi.com.tr\/index.php\/wp-json\/wp\/v2\/product\/772997","targetHints":{"allow":["GET"]}}],"collection":[{"href":"https:\/\/roveyayinevi.com.tr\/index.php\/wp-json\/wp\/v2\/product"}],"about":[{"href":"https:\/\/roveyayinevi.com.tr\/index.php\/wp-json\/wp\/v2\/types\/product"}],"wp:attachment":[{"href":"https:\/\/roveyayinevi.com.tr\/index.php\/wp-json\/wp\/v2\/media?parent=772997"}],"wp:term":[{"taxonomy":"product_brand","embeddable":true,"href":"https:\/\/roveyayinevi.com.tr\/index.php\/wp-json\/wp\/v2\/product_brand?post=772997"},{"taxonomy":"product_cat","embeddable":true,"href":"https:\/\/roveyayinevi.com.tr\/index.php\/wp-json\/wp\/v2\/product_cat?post=772997"},{"taxonomy":"product_tag","embeddable":true,"href":"https:\/\/roveyayinevi.com.tr\/index.php\/wp-json\/wp\/v2\/product_tag?post=772997"}],"curies":[{"name":"wp","href":"https:\/\/api.w.org\/{rel}","templated":true}]}}