{"id":772993,"date":"2025-08-28T15:59:56","date_gmt":"2025-08-28T12:59:56","guid":{"rendered":"https:\/\/roveyayinevi.com.tr\/index.php\/urun\/hidden-pictures-etkinliklerle-ingilizce-ogreniyorum\/"},"modified":"2026-04-15T03:39:18","modified_gmt":"2026-04-15T00:39:18","slug":"hidden-pictures-etkinliklerle-ingilizce-ogreniyorum","status":"publish","type":"product","link":"https:\/\/roveyayinevi.com.tr\/index.php\/urun\/hidden-pictures-etkinliklerle-ingilizce-ogreniyorum\/","title":{"rendered":"Hidden Pictures &#8211; Etkinliklerle \u0130ngilizce \u00d6\u011freniyorum"},"content":{"rendered":"<p>Dikkat At\u00f6lyesi Yay\u0131nlar\u0131n\u0131n en sevilen kitaplar\u0131ndan birisi olan Hidden Pictures Puzzle 3 ya\u015f\u0131ndan itibaren t\u00fcm \u00e7ocuk ve yeti\u015fkinlere uygundur. G\u00f6rsellerde T\u00fcrk\u00e7e ve \u0130ngilizce kelimelerin kullan\u0131lmas\u0131 sayesinde hem \u00e7ocuklar\u0131n hem de yeti\u015fkinlerin \u0130ngilizce dil bilgisi desteklenmektedir. Hidden Pictures ABC Bulmacalar kitab\u0131nda elmadan balona, yo-yodan ksilofona 175 den fazla gizli obje bu kitapta. A-Z ye \u0130ngilizce kelimeleri \u00f6\u011frenmek hi\u00e7 bu kadar kolay olmam\u0131\u015ft\u0131. 3 ya\u015f ve \u00fczeri \u00e7ocuklar i\u00e7in uygundur.<\/p>\n","protected":false},"excerpt":{"rendered":"<p>Dikkat At\u00f6lyesi Yay\u0131nlar\u0131n\u0131n en sevilen kitaplar\u0131ndan birisi olan Hidden Pictures Puzzle 3 ya\u015f\u0131ndan itibaren t\u00fcm \u00e7ocuk ve yeti\u015fkinlere uygundur. G\u00f6rsellerde T\u00fcrk\u00e7e ve \u0130ngilizce kelimelerin kullan\u0131lmas\u0131 sayesinde<span class=\"excerpt-hellip\"> [\u2026]<\/span><\/p>\n","protected":false},"featured_media":0,"template":"","meta":{"_monsterinsights_skip_tracking":false,"_monsterinsights_sitenote_active":false,"_monsterinsights_sitenote_note":"","_monsterinsights_sitenote_category":0},"product_brand":[],"product_cat":[12274,15842],"product_tag":[],"class_list":{"0":"post-772993","1":"product","2":"type-product","3":"status-publish","5":"product_cat-cocuk-ve-genclik-kitaplari","6":"product_cat-egitici-kitaplar","7":"pa_cilt-ciltsiz","8":"pa_tur-kitap","9":"pa_yayinevi-dikkat-atolyesi-yayinlari","10":"pa_yazar-kolektif","12":"first","13":"instock","14":"sale","15":"shipping-taxable","16":"purchasable","17":"product-type-simple"},"_links":{"self":[{"href":"https:\/\/roveyayinevi.com.tr\/index.php\/wp-json\/wp\/v2\/product\/772993","targetHints":{"allow":["GET"]}}],"collection":[{"href":"https:\/\/roveyayinevi.com.tr\/index.php\/wp-json\/wp\/v2\/product"}],"about":[{"href":"https:\/\/roveyayinevi.com.tr\/index.php\/wp-json\/wp\/v2\/types\/product"}],"wp:attachment":[{"href":"https:\/\/roveyayinevi.com.tr\/index.php\/wp-json\/wp\/v2\/media?parent=772993"}],"wp:term":[{"taxonomy":"product_brand","embeddable":true,"href":"https:\/\/roveyayinevi.com.tr\/index.php\/wp-json\/wp\/v2\/product_brand?post=772993"},{"taxonomy":"product_cat","embeddable":true,"href":"https:\/\/roveyayinevi.com.tr\/index.php\/wp-json\/wp\/v2\/product_cat?post=772993"},{"taxonomy":"product_tag","embeddable":true,"href":"https:\/\/roveyayinevi.com.tr\/index.php\/wp-json\/wp\/v2\/product_tag?post=772993"}],"curies":[{"name":"wp","href":"https:\/\/api.w.org\/{rel}","templated":true}]}}