{"id":772985,"date":"2025-08-28T15:59:41","date_gmt":"2025-08-28T12:59:41","guid":{"rendered":"https:\/\/roveyayinevi.com.tr\/index.php\/urun\/dunyanin-en-buyuk-kitapcisi\/"},"modified":"2026-04-15T03:39:18","modified_gmt":"2026-04-15T00:39:18","slug":"dunyanin-en-buyuk-kitapcisi","status":"publish","type":"product","link":"https:\/\/roveyayinevi.com.tr\/index.php\/urun\/dunyanin-en-buyuk-kitapcisi\/","title":{"rendered":"D\u00fcnyan\u0131n En B\u00fcy\u00fck Kitap\u00e7\u0131s\u0131"},"content":{"rendered":"<p>PEARL VE VALLY COLE bir kitap\u00e7\u0131da ya\u015f\u0131yor. Hem de \u00f6yle s\u0131radan bir kitap\u00e7\u0131da de\u011fil; 1893 y\u0131l\u0131nda a\u00e7\u0131lan, akla gelebilecek her t\u00fcrl\u00fc ilgin\u00e7likle dolup ta\u015fan, d\u00fcnyan\u0131n en b\u00fcy\u00fck kitap\u00e7\u0131s\u0131, Cole Kitap Saray\u0131\u2019nda\u2026 Fakat g\u00fcn\u00fcn birinde Pearl ve Vally, babalar\u0131n\u0131n gizemli b\u00fcy\u00fcc\u00fc ile tehlikeli bir anla\u015fma yapt\u0131\u011f\u0131n\u0131 \u00f6\u011frendiler. \u00c7ok ge\u00e7meden de ba\u015f d\u00f6nd\u00fcr\u00fcc\u00fc bir maceraya s\u00fcr\u00fcklendiler: Gece yar\u0131s\u0131na kadar \u00e7e\u015fitli zorluklar\u0131 a\u015fmay\u0131 ba\u015far\u0131rlarsa Cole Kitap Saray\u0131\u2019n\u0131 ve babalar\u0131n\u0131 kurtaracaklard\u0131. Ancak ba\u015far\u0131s\u0131z olurlarsa ak\u0131l almaz bir bedel \u00f6demeleri gerekecekti\u2026 Amelia Mellor\u2019un eseri, kitap sevgisi ve cesaret dolu bir ser\u00fcvenin kap\u0131lar\u0131n\u0131 aral\u0131yor. <\/p>\n","protected":false},"excerpt":{"rendered":"<p>PEARL VE VALLY COLE bir kitap\u00e7\u0131da ya\u015f\u0131yor. Hem de \u00f6yle s\u0131radan bir kitap\u00e7\u0131da de\u011fil; 1893 y\u0131l\u0131nda a\u00e7\u0131lan, akla gelebilecek her t\u00fcrl\u00fc ilgin\u00e7likle dolup ta\u015fan, d\u00fcnyan\u0131n en<span class=\"excerpt-hellip\"> [\u2026]<\/span><\/p>\n","protected":false},"featured_media":0,"template":"","meta":{"_monsterinsights_skip_tracking":false,"_monsterinsights_sitenote_active":false,"_monsterinsights_sitenote_note":"","_monsterinsights_sitenote_category":0},"product_brand":[],"product_cat":[12274],"product_tag":[],"class_list":{"0":"post-772985","1":"product","2":"type-product","3":"status-publish","5":"product_cat-cocuk-ve-genclik-kitaplari","6":"pa_cilt-ciltsiz","7":"pa_tur-kitap","8":"pa_yayinevi-is-bankasi-kultur-yayinlari","9":"pa_yazar-amelia-mellor","11":"first","12":"instock","13":"sale","14":"shipping-taxable","15":"purchasable","16":"product-type-simple"},"_links":{"self":[{"href":"https:\/\/roveyayinevi.com.tr\/index.php\/wp-json\/wp\/v2\/product\/772985","targetHints":{"allow":["GET"]}}],"collection":[{"href":"https:\/\/roveyayinevi.com.tr\/index.php\/wp-json\/wp\/v2\/product"}],"about":[{"href":"https:\/\/roveyayinevi.com.tr\/index.php\/wp-json\/wp\/v2\/types\/product"}],"wp:attachment":[{"href":"https:\/\/roveyayinevi.com.tr\/index.php\/wp-json\/wp\/v2\/media?parent=772985"}],"wp:term":[{"taxonomy":"product_brand","embeddable":true,"href":"https:\/\/roveyayinevi.com.tr\/index.php\/wp-json\/wp\/v2\/product_brand?post=772985"},{"taxonomy":"product_cat","embeddable":true,"href":"https:\/\/roveyayinevi.com.tr\/index.php\/wp-json\/wp\/v2\/product_cat?post=772985"},{"taxonomy":"product_tag","embeddable":true,"href":"https:\/\/roveyayinevi.com.tr\/index.php\/wp-json\/wp\/v2\/product_tag?post=772985"}],"curies":[{"name":"wp","href":"https:\/\/api.w.org\/{rel}","templated":true}]}}