{"id":772976,"date":"2025-08-28T15:59:22","date_gmt":"2025-08-28T12:59:22","guid":{"rendered":"https:\/\/roveyayinevi.com.tr\/index.php\/urun\/bir-adim-arkanda-ciltli\/"},"modified":"2026-04-15T03:39:18","modified_gmt":"2026-04-15T00:39:18","slug":"bir-adim-arkanda-ciltli","status":"publish","type":"product","link":"https:\/\/roveyayinevi.com.tr\/index.php\/urun\/bir-adim-arkanda-ciltli\/","title":{"rendered":"Bir Ad\u0131m Arkanda (Ciltli)"},"content":{"rendered":"<p>BAZI YOLCULUKLAR B\u0130TT\u0130 SANIRSINIZ&#8230; AMA ASIL K\u00c2BUS EVE D\u00d6ND\u00dc\u011e\u00dcN\u00dcZDE BA\u015eLAR. Avrupa&#8217;y\u0131 trenle dola\u015fmaya karar veren Daniel ve Laura \u00e7ifti i\u00e7in ba\u015fta her \u015fey bir r\u00fcya gibidir. Bu yolculuk, ili\u015fkilerini daha da g\u00fc\u00e7lendirecek, onlara unutamayaca\u011f\u0131 g\u00fczel an\u0131lar b\u0131rakacakt\u0131r. Ta ki yanl\u0131\u015f trene binip yanl\u0131\u015f durakta inene kadar&#8230; Geri d\u00f6n\u00fc\u015f yolunu arad\u0131klar\u0131 orman\u0131n derinliklerinde \u015fahit olduklar\u0131 o korkun\u00e7 olay, yaln\u0131zca tatillerini de\u011fil, t\u00fcm hayatlar\u0131n\u0131 parampar\u00e7a eder. Ger\u00e7ek karanl\u0131k onlar\u0131 ele ge\u00e7irmi\u015ftir. Evlerine bir \u015fekilde geri d\u00f6nmeyi ba\u015far\u0131rlar ama o geceden kimseye ama kimseye s\u00f6z etmezler. Ge\u00e7mi\u015fi arkalar\u0131nda b\u0131rakmak ve t\u00fcm bu olanlar\u0131 bir an \u00f6nce unutmak istiyorlard\u0131r. Oysaki ge\u00e7mi\u015f arkalar\u0131nda kalmam\u0131\u015ft\u0131r. T\u00fcm o vah\u015fet, kap\u0131n\u0131n arkas\u0131na saklanm\u0131\u015f bir h\u00e2lde, evlerinde onlar\u0131 beklemektedir. Art\u0131k hi\u00e7bir \u015fey eskisi gibi olmayacakt\u0131r. Uyar\u0131: Yeti\u015fkin okurlar i\u00e7indir<\/p>\n","protected":false},"excerpt":{"rendered":"<p>BAZI YOLCULUKLAR B\u0130TT\u0130 SANIRSINIZ&#8230; AMA ASIL K\u00c2BUS EVE D\u00d6ND\u00dc\u011e\u00dcN\u00dcZDE BA\u015eLAR. Avrupa&#8217;y\u0131 trenle dola\u015fmaya karar veren Daniel ve Laura \u00e7ifti i\u00e7in ba\u015fta her \u015fey bir r\u00fcya gibidir.<span class=\"excerpt-hellip\"> [\u2026]<\/span><\/p>\n","protected":false},"featured_media":0,"template":"","meta":{"_monsterinsights_skip_tracking":false,"_monsterinsights_sitenote_active":false,"_monsterinsights_sitenote_note":"","_monsterinsights_sitenote_category":0},"product_brand":[],"product_cat":[12291],"product_tag":[],"class_list":{"0":"post-772976","1":"product","2":"type-product","3":"status-publish","5":"product_cat-edebiyat","6":"pa_cilt-ciltli","7":"pa_tur-kitap","8":"pa_yayinevi-guardian","9":"pa_yazar-mark-edwards","11":"first","12":"instock","13":"sale","14":"shipping-taxable","15":"purchasable","16":"product-type-simple"},"_links":{"self":[{"href":"https:\/\/roveyayinevi.com.tr\/index.php\/wp-json\/wp\/v2\/product\/772976","targetHints":{"allow":["GET"]}}],"collection":[{"href":"https:\/\/roveyayinevi.com.tr\/index.php\/wp-json\/wp\/v2\/product"}],"about":[{"href":"https:\/\/roveyayinevi.com.tr\/index.php\/wp-json\/wp\/v2\/types\/product"}],"wp:attachment":[{"href":"https:\/\/roveyayinevi.com.tr\/index.php\/wp-json\/wp\/v2\/media?parent=772976"}],"wp:term":[{"taxonomy":"product_brand","embeddable":true,"href":"https:\/\/roveyayinevi.com.tr\/index.php\/wp-json\/wp\/v2\/product_brand?post=772976"},{"taxonomy":"product_cat","embeddable":true,"href":"https:\/\/roveyayinevi.com.tr\/index.php\/wp-json\/wp\/v2\/product_cat?post=772976"},{"taxonomy":"product_tag","embeddable":true,"href":"https:\/\/roveyayinevi.com.tr\/index.php\/wp-json\/wp\/v2\/product_tag?post=772976"}],"curies":[{"name":"wp","href":"https:\/\/api.w.org\/{rel}","templated":true}]}}