{"id":772972,"date":"2025-08-28T15:59:14","date_gmt":"2025-08-28T12:59:14","guid":{"rendered":"https:\/\/roveyayinevi.com.tr\/index.php\/urun\/orgazm\/"},"modified":"2026-04-15T03:39:17","modified_gmt":"2026-04-15T00:39:17","slug":"orgazm","status":"publish","type":"product","link":"https:\/\/roveyayinevi.com.tr\/index.php\/urun\/orgazm\/","title":{"rendered":"Orgazm"},"content":{"rendered":"<p>C\u0130SEF TERM\u0130NOLOJ\u0130S\u0130: \u201cORGAZMN 4 T\u00dcR\u00dc\u201d \u201cSeks\u201d co\u015fkulu bir nehirdir, bu nehrin \u015felalesinden d\u00fc\u015fmek ise \u201corgazm\u201dd\u0131r. Bir nehri yenemezsiniz, ak\u0131nt\u0131s\u0131na ve co\u015fkusuna teslim olmal\u0131s\u0131n\u0131z, onun g\u00fcc\u00fcn\u00fc kendi g\u00fcc\u00fcn\u00fcz gibi kullanmal\u0131s\u0131n\u0131z yani kontrol\u00fcn\u00fcz\u00fc b\u0131rakarak g\u00fcc\u00fc kontrol edebilirsiniz, zihninizi susturarak g\u00fcc\u00fcn\u00fcz\u00fc y\u00fckseltebilirsiniz. Bu \u201cteslimiyet mucizesi\u201d ba\u011flamda insan d\u00f6rt farkl\u0131 orgazm ya\u015far; \u201cplatonik, bedensel, tinsel ve manevi\u201d\u2026 Bunlar\u0131n hepsi \u00e7ok keyiflidir ama tinsel orgazm ayn\u0131 zamanda \u015fifal\u0131 bir orgazm t\u00fcr\u00fcd\u00fcr. \u201cTinsel orgazm\u201d; d\u00fczenli bedensel orgazm ya\u015fayanlar i\u00e7in bir \u201carma\u011fan\u201dd\u0131r, bedensel orgazm\u0131n daha yo\u011fun ve derin bir formudur, \u00e7e\u015fitli bedensel ve psikolojik cinsel uyaranlar sonucunda, ruhun ve bedenin harekete ge\u00e7mesi, bedensel, zihinsel, duyusal ve ruhsal mekanizmalar\u0131n etkisiyle, bireyde hem bedensel hem de ruhsal olarak deneyimlenen, \u201cge\u00e7ici \u015fuur bulan\u0131kl\u0131\u011f\u0131\u201d, \u201czamandan kopma\u201d, \u201cba\u015fka bir \u00e2leme gidip gelme\u201d, \u201ckontrol kayb\u0131 duygusu\u201d ve ortalama 30 saniye s\u00fcren \u201ca\u015fk kaslar\u0131nda istem d\u0131\u015f\u0131 ritmik kas\u0131lmalar\u201d ile birlikte \u201ct\u00fcm bedende g\u00fc\u00e7l\u00fc kas\u0131lmalar\u201d\u0131n ya\u015fand\u0131\u011f\u0131 \u201cyo\u011fun ve derin bir orgazm olma durumu\u201d olarak tan\u0131mlanabilir. Psikoterapist &amp; Yazar &amp; E\u011fitmen Dr. Cem KE\u00c7E DO\u011eRU B\u0130LG\u0130LER VE ETK\u0130L\u0130 Y\u00d6NTEMLERLE \u201cORGAZM SANATI\u201d\u2026 Orgazm, bedenin, ruhun ve zihnin doru\u011fa ula\u015ft\u0131\u011f\u0131 e\u015fsiz bir deneyim, insan olman\u0131n en ayr\u0131cal\u0131kl\u0131 y\u00f6nlerinden biridir. Ancak \u00e7o\u011fu ki\u015fi i\u00e7in orgazm gizemle \u00f6rt\u00fcl\u00fc, cinsel mitlerle \u00e7evrili, bilinmezliklerle dolu ula\u015f\u0131lmaz bir s\u0131rd\u0131r. Kimileri i\u00e7in ise yanl\u0131\u015f bilgi ve beklentilerle \u015fekillenmi\u015f bir hayal k\u0131r\u0131kl\u0131\u011f\u0131d\u0131r. Bu kitap, bilimsel ger\u00e7eklerle ruhsal derinli\u011fi bulu\u015fturarak orgazm\u0131 her y\u00f6n\u00fcyle anlatan hem kad\u0131n\u0131n hem erke\u011fin cinselli\u011fine \u0131\u015f\u0131k tutan kapsaml\u0131 bir rehberdir. Psikoterapist &amp; Yazar &amp; E\u011fitmen Dr. Fatma CO\u015eAR T\u00dcM Y\u00d6NLER\u0130YLE \u201cORGAZMIN G\u0130ZEML\u0130 KE\u015eF\u0130\u201d\u2026 Orgazm\u0131 anlamak ve ya\u015famak isteyenler i\u00e7in yol g\u00f6sterici bir kaynak olan bu kitap ile orgazm\u0131n psikolojik, fizyolojik ve duygusal boyutlar\u0131n\u0131 anlayacak, cinsel tatminin \u00f6n\u00fcndeki engelleri tan\u0131y\u0131p bunlar\u0131 nas\u0131l a\u015fabilece\u011finizi \u00f6\u011freneceksiniz. Bu bilgiler sayesinde cinselli\u011fi bir g\u00f6rev ya da performans olarak g\u00f6rmeden, kar\u015f\u0131l\u0131kl\u0131 haz, g\u00fcven ve ba\u011f kurma s\u00fcreci olarak ya\u015fayabileceksiniz. Cinsel Sa\u011fl\u0131k Dernekleri Federasyonu (C\u0130SEF) <\/p>\n","protected":false},"excerpt":{"rendered":"<p>C\u0130SEF TERM\u0130NOLOJ\u0130S\u0130: \u201cORGAZMN 4 T\u00dcR\u00dc\u201d \u201cSeks\u201d co\u015fkulu bir nehirdir, bu nehrin \u015felalesinden d\u00fc\u015fmek ise \u201corgazm\u201dd\u0131r. Bir nehri yenemezsiniz, ak\u0131nt\u0131s\u0131na ve co\u015fkusuna teslim olmal\u0131s\u0131n\u0131z, onun g\u00fcc\u00fcn\u00fc kendi<span class=\"excerpt-hellip\"> [\u2026]<\/span><\/p>\n","protected":false},"featured_media":0,"template":"","meta":{"_monsterinsights_skip_tracking":false,"_monsterinsights_sitenote_active":false,"_monsterinsights_sitenote_note":"","_monsterinsights_sitenote_category":0},"product_brand":[],"product_cat":[35288,13365],"product_tag":[],"class_list":{"0":"post-772972","1":"product","2":"type-product","3":"status-publish","5":"product_cat-cinsellik-saglik","6":"product_cat-saglik","7":"pa_cilt-ciltsiz","8":"pa_tur-kitap","9":"pa_yayinevi-pusula-yayinevi-ankara","10":"pa_yazar-cem-kece-fatma-cosar","12":"first","13":"instock","14":"sale","15":"shipping-taxable","16":"purchasable","17":"product-type-simple"},"_links":{"self":[{"href":"https:\/\/roveyayinevi.com.tr\/index.php\/wp-json\/wp\/v2\/product\/772972","targetHints":{"allow":["GET"]}}],"collection":[{"href":"https:\/\/roveyayinevi.com.tr\/index.php\/wp-json\/wp\/v2\/product"}],"about":[{"href":"https:\/\/roveyayinevi.com.tr\/index.php\/wp-json\/wp\/v2\/types\/product"}],"wp:attachment":[{"href":"https:\/\/roveyayinevi.com.tr\/index.php\/wp-json\/wp\/v2\/media?parent=772972"}],"wp:term":[{"taxonomy":"product_brand","embeddable":true,"href":"https:\/\/roveyayinevi.com.tr\/index.php\/wp-json\/wp\/v2\/product_brand?post=772972"},{"taxonomy":"product_cat","embeddable":true,"href":"https:\/\/roveyayinevi.com.tr\/index.php\/wp-json\/wp\/v2\/product_cat?post=772972"},{"taxonomy":"product_tag","embeddable":true,"href":"https:\/\/roveyayinevi.com.tr\/index.php\/wp-json\/wp\/v2\/product_tag?post=772972"}],"curies":[{"name":"wp","href":"https:\/\/api.w.org\/{rel}","templated":true}]}}