{"id":772970,"date":"2025-08-28T15:59:10","date_gmt":"2025-08-28T12:59:10","guid":{"rendered":"https:\/\/roveyayinevi.com.tr\/index.php\/urun\/fil-necati-7-herkesin-kazandigi-bir-oyun\/"},"modified":"2026-04-15T03:39:17","modified_gmt":"2026-04-15T00:39:17","slug":"fil-necati-7-herkesin-kazandigi-bir-oyun","status":"publish","type":"product","link":"https:\/\/roveyayinevi.com.tr\/index.php\/urun\/fil-necati-7-herkesin-kazandigi-bir-oyun\/","title":{"rendered":"Fil Necati 7 &#8211; Herkesin Kazand\u0131\u011f\u0131 Bir Oyun"},"content":{"rendered":"<p>\u201cMerhaba arkada\u015flar, ben Fil Necati! Bu kez bir oyunun i\u00e7indeyim\u2026 Hem de \u00f6yle bir oyun ki herkes kazan\u0131yor! Ama ben kaybetmeye \u00e7al\u0131\u015f\u0131yorum! Neden mi? \u00c7\u00fcnk\u00fc ancak kaybederek ger\u00e7ek d\u00fcnyaya d\u00f6nebilece\u011fim! \u00c7ubuk kraker g\u00f6zl\u00fckl\u00fc Karakter, garip kad\u0131n, u\u00e7an d\u00fcr\u00fcmler, patlayan kalemler\u2026 Hepsi bu oyunda! Ama oyun sadece tu\u015flara basmakla oynanm\u0131yor; bazen kendini kaybetmen, bazen de hi\u00e7 k\u0131p\u0131rdamaman gerekiyor. Kemerlerinizi ba\u011flay\u0131n, \u00e7\u00fcnk\u00fc bu macerada oyunbozan olmak \u015fart! <\/p>\n","protected":false},"excerpt":{"rendered":"<p>\u201cMerhaba arkada\u015flar, ben Fil Necati! Bu kez bir oyunun i\u00e7indeyim\u2026 Hem de \u00f6yle bir oyun ki herkes kazan\u0131yor! Ama ben kaybetmeye \u00e7al\u0131\u015f\u0131yorum! Neden mi? \u00c7\u00fcnk\u00fc ancak<span class=\"excerpt-hellip\"> [\u2026]<\/span><\/p>\n","protected":false},"featured_media":0,"template":"","meta":{"_monsterinsights_skip_tracking":false,"_monsterinsights_sitenote_active":false,"_monsterinsights_sitenote_note":"","_monsterinsights_sitenote_category":0},"product_brand":[],"product_cat":[12274,12284],"product_tag":[],"class_list":{"0":"post-772970","1":"product","2":"type-product","3":"status-publish","5":"product_cat-cocuk-ve-genclik-kitaplari","6":"product_cat-hikayeler","7":"pa_cilt-ciltsiz","8":"pa_tur-kitap","9":"pa_yayinevi-eksik-parca-yayinlari","10":"pa_yazar-varol-yasaroglu","12":"first","13":"instock","14":"sale","15":"shipping-taxable","16":"purchasable","17":"product-type-simple"},"_links":{"self":[{"href":"https:\/\/roveyayinevi.com.tr\/index.php\/wp-json\/wp\/v2\/product\/772970","targetHints":{"allow":["GET"]}}],"collection":[{"href":"https:\/\/roveyayinevi.com.tr\/index.php\/wp-json\/wp\/v2\/product"}],"about":[{"href":"https:\/\/roveyayinevi.com.tr\/index.php\/wp-json\/wp\/v2\/types\/product"}],"wp:attachment":[{"href":"https:\/\/roveyayinevi.com.tr\/index.php\/wp-json\/wp\/v2\/media?parent=772970"}],"wp:term":[{"taxonomy":"product_brand","embeddable":true,"href":"https:\/\/roveyayinevi.com.tr\/index.php\/wp-json\/wp\/v2\/product_brand?post=772970"},{"taxonomy":"product_cat","embeddable":true,"href":"https:\/\/roveyayinevi.com.tr\/index.php\/wp-json\/wp\/v2\/product_cat?post=772970"},{"taxonomy":"product_tag","embeddable":true,"href":"https:\/\/roveyayinevi.com.tr\/index.php\/wp-json\/wp\/v2\/product_tag?post=772970"}],"curies":[{"name":"wp","href":"https:\/\/api.w.org\/{rel}","templated":true}]}}