{"id":772963,"date":"2025-08-28T15:58:55","date_gmt":"2025-08-28T12:58:55","guid":{"rendered":"https:\/\/roveyayinevi.com.tr\/index.php\/urun\/cadilar-2\/"},"modified":"2026-04-13T03:35:23","modified_gmt":"2026-04-13T00:35:23","slug":"cadilar-2","status":"publish","type":"product","link":"https:\/\/roveyayinevi.com.tr\/index.php\/urun\/cadilar-2\/","title":{"rendered":"Cad\u0131lar"},"content":{"rendered":"<p>Roald Dahl\u2019\u0131n kara mizahla \u00f6r\u00fclm\u00fc\u015f ba\u015fyap\u0131t\u0131 Cad\u0131lar, Eisner \u00d6d\u00fcll\u00fc \u00e7izer P\u00e9n\u00e9lope Bagieu\u2019n\u00fcn etkileyici tasvirleriyle yeniden hayat buluyor.Cad\u0131lar ger\u00e7ek. Tehlikeli.Ve \u00e7ocuklardan nefret ediyorlar.Ama onlar\u0131 fark etmek neredeyse imk\u00e2ns\u0131z&#8230;\u00c7\u00fcnk\u00fc t\u0131pk\u0131 bizler gibi giyiniyor, s\u0131radan birhayat s\u00fcr\u00fcyorlar. Ta ki \u015feytani planlar\u0131n\u0131 hayatage\u00e7irene dek.B\u00fcy\u00fckannesiyle ya\u015fayan sekiz ya\u015f\u0131ndaki bir \u00e7ocuk, tatile git-tikleri otelde cad\u0131lar\u0131n gizli toplant\u0131s\u0131na tesad\u00fcfen tan\u0131k olurve onlar\u0131n korkun\u00e7 plan\u0131n\u0131 \u00f6\u011frenir: \u00dclkedeki t\u00fcm \u00e7ocuklar\u0131sonsuza dek ortadan kald\u0131rmak!Ancak cesur kahraman\u0131m\u0131z ve b\u00fcy\u00fckannesi, cad\u0131lar\u0131n enb\u00fcy\u00fc\u011f\u00fcne meydan okumaya ve bu karanl\u0131k plan\u0131 durdurmayakararl\u0131d\u0131r.Bu s\u0131rad\u0131\u015f\u0131 ve s\u00fcr\u00fckleyici macera hem Roald Dahl hayranlar\u0131hem de \u00e7izgi roman tutkunlar\u0131 i\u00e7in ka\u00e7\u0131r\u0131lmayacak bir klasik.<\/p>\n","protected":false},"excerpt":{"rendered":"<p>Roald Dahl\u2019\u0131n kara mizahla \u00f6r\u00fclm\u00fc\u015f ba\u015fyap\u0131t\u0131 Cad\u0131lar, Eisner \u00d6d\u00fcll\u00fc \u00e7izer P\u00e9n\u00e9lope Bagieu\u2019n\u00fcn etkileyici tasvirleriyle yeniden hayat buluyor.Cad\u0131lar ger\u00e7ek. Tehlikeli.Ve \u00e7ocuklardan nefret ediyorlar.Ama onlar\u0131 fark etmek neredeyse<span class=\"excerpt-hellip\"> [\u2026]<\/span><\/p>\n","protected":false},"featured_media":0,"template":"","meta":{"_monsterinsights_skip_tracking":false,"_monsterinsights_sitenote_active":false,"_monsterinsights_sitenote_note":"","_monsterinsights_sitenote_category":0},"product_brand":[],"product_cat":[12689,12274],"product_tag":[],"class_list":{"0":"post-772963","1":"product","2":"type-product","3":"status-publish","5":"product_cat-cizgi-roman-cocuk-ve-genclik-kitaplari","6":"product_cat-cocuk-ve-genclik-kitaplari","7":"pa_cilt-ciltsiz","8":"pa_tur-kitap","9":"pa_yayinevi-epsilon-yayinlari","10":"pa_yazar-roald-dahl","12":"first","13":"instock","14":"sale","15":"shipping-taxable","16":"purchasable","17":"product-type-simple"},"_links":{"self":[{"href":"https:\/\/roveyayinevi.com.tr\/index.php\/wp-json\/wp\/v2\/product\/772963","targetHints":{"allow":["GET"]}}],"collection":[{"href":"https:\/\/roveyayinevi.com.tr\/index.php\/wp-json\/wp\/v2\/product"}],"about":[{"href":"https:\/\/roveyayinevi.com.tr\/index.php\/wp-json\/wp\/v2\/types\/product"}],"wp:attachment":[{"href":"https:\/\/roveyayinevi.com.tr\/index.php\/wp-json\/wp\/v2\/media?parent=772963"}],"wp:term":[{"taxonomy":"product_brand","embeddable":true,"href":"https:\/\/roveyayinevi.com.tr\/index.php\/wp-json\/wp\/v2\/product_brand?post=772963"},{"taxonomy":"product_cat","embeddable":true,"href":"https:\/\/roveyayinevi.com.tr\/index.php\/wp-json\/wp\/v2\/product_cat?post=772963"},{"taxonomy":"product_tag","embeddable":true,"href":"https:\/\/roveyayinevi.com.tr\/index.php\/wp-json\/wp\/v2\/product_tag?post=772963"}],"curies":[{"name":"wp","href":"https:\/\/api.w.org\/{rel}","templated":true}]}}