{"id":772958,"date":"2025-08-28T15:58:46","date_gmt":"2025-08-28T12:58:46","guid":{"rendered":"https:\/\/roveyayinevi.com.tr\/index.php\/urun\/turklesmek-islamlasmak-muasirlasmak-5\/"},"modified":"2026-04-15T03:39:17","modified_gmt":"2026-04-15T00:39:17","slug":"turklesmek-islamlasmak-muasirlasmak-5","status":"publish","type":"product","link":"https:\/\/roveyayinevi.com.tr\/index.php\/urun\/turklesmek-islamlasmak-muasirlasmak-5\/","title":{"rendered":"T\u00fcrkle\u015fmek \u0130slamla\u015fmak Muas\u0131rla\u015fmak"},"content":{"rendered":"<p>D\u00dc\u015e\u00dcNCE   D\u00fcnyan\u0131n do\u011fusu da, bat\u0131s\u0131 da bize a\u00e7\u0131k bir \u015fekilde g\u00f6steriyor ki, bu as\u0131r millilik asr\u0131d\u0131r. Bu asr\u0131n vicdanlar\u0131 \u00fczerinde en etkili kuvvet, millilik \u00fclk\u00fcs\u00fcd\u00fcr.   T\u00fcrk\u00e7\u00fcl\u00fck ak\u0131m\u0131 Osmanl\u0131l\u0131\u011f\u0131n kar\u015f\u0131t\u0131 olmak \u015f\u00f6yle dursun, ger\u00e7ekte en kuvvetli destek\u00e7isidir\u2026 T\u00fcrkl\u00fck kozmopolitli\u011fe kar\u015f\u0131, \u0130slamiyet ve Osmanl\u0131l\u0131\u011f\u0131n hakiki dayana\u011f\u0131d\u0131r.   T\u00fcrkle\u015fmek ve \u0130slamla\u015fmak idealleri aras\u0131nda bir \u00e7at\u0131\u015fma olmad\u0131\u011f\u0131 gibi, bunlarla muas\u0131rla\u015fmak ihtiyac\u0131 aras\u0131nda da bir \u00e7at\u0131\u015fma yoktur.   O halde her birinin n\u00fcfuz dairelerini tayin ederek, bu \u00fc\u00e7 gayenin \u00fc\u00e7\u00fcn\u00fc de kabul etmeliyiz. Daha do\u011frusu, bunlar\u0131n bir ihtiyac\u0131n \u00fc\u00e7 de\u011fi\u015fik noktadan g\u00f6r\u00fclm\u00fc\u015f a\u015famalar\u0131 oldu\u011funu anlayarak, \u2018\u00e7a\u011fda\u015f bir \u0130slam T\u00fcrkl\u00fc\u011f\u00fc\u2019 olu\u015fturmal\u0131y\u0131z. <\/p>\n","protected":false},"excerpt":{"rendered":"<p>D\u00dc\u015e\u00dcNCE D\u00fcnyan\u0131n do\u011fusu da, bat\u0131s\u0131 da bize a\u00e7\u0131k bir \u015fekilde g\u00f6steriyor ki, bu as\u0131r millilik asr\u0131d\u0131r. Bu asr\u0131n vicdanlar\u0131 \u00fczerinde en etkili kuvvet, millilik \u00fclk\u00fcs\u00fcd\u00fcr. T\u00fcrk\u00e7\u00fcl\u00fck<span class=\"excerpt-hellip\"> [\u2026]<\/span><\/p>\n","protected":false},"featured_media":0,"template":"","meta":{"_monsterinsights_skip_tracking":false,"_monsterinsights_sitenote_active":false,"_monsterinsights_sitenote_note":"","_monsterinsights_sitenote_category":0},"product_brand":[],"product_cat":[12304,13650],"product_tag":[],"class_list":{"0":"post-772958","1":"product","2":"type-product","3":"status-publish","5":"product_cat-tarih","6":"product_cat-turk-tarihi-arastirmalari","7":"pa_cilt-ciltsiz","8":"pa_tur-kitap","9":"pa_yayinevi-biyografi-net-yayincilik","10":"pa_yazar-ziya-gokalp","12":"first","13":"instock","14":"sale","15":"shipping-taxable","16":"purchasable","17":"product-type-simple"},"_links":{"self":[{"href":"https:\/\/roveyayinevi.com.tr\/index.php\/wp-json\/wp\/v2\/product\/772958","targetHints":{"allow":["GET"]}}],"collection":[{"href":"https:\/\/roveyayinevi.com.tr\/index.php\/wp-json\/wp\/v2\/product"}],"about":[{"href":"https:\/\/roveyayinevi.com.tr\/index.php\/wp-json\/wp\/v2\/types\/product"}],"wp:attachment":[{"href":"https:\/\/roveyayinevi.com.tr\/index.php\/wp-json\/wp\/v2\/media?parent=772958"}],"wp:term":[{"taxonomy":"product_brand","embeddable":true,"href":"https:\/\/roveyayinevi.com.tr\/index.php\/wp-json\/wp\/v2\/product_brand?post=772958"},{"taxonomy":"product_cat","embeddable":true,"href":"https:\/\/roveyayinevi.com.tr\/index.php\/wp-json\/wp\/v2\/product_cat?post=772958"},{"taxonomy":"product_tag","embeddable":true,"href":"https:\/\/roveyayinevi.com.tr\/index.php\/wp-json\/wp\/v2\/product_tag?post=772958"}],"curies":[{"name":"wp","href":"https:\/\/api.w.org\/{rel}","templated":true}]}}