{"id":772950,"date":"2025-08-28T15:58:27","date_gmt":"2025-08-28T12:58:27","guid":{"rendered":"https:\/\/roveyayinevi.com.tr\/index.php\/urun\/huzurlu-kamp-2\/"},"modified":"2026-04-15T03:39:17","modified_gmt":"2026-04-15T00:39:17","slug":"huzurlu-kamp-2","status":"publish","type":"product","link":"https:\/\/roveyayinevi.com.tr\/index.php\/urun\/huzurlu-kamp-2\/","title":{"rendered":"Huzurlu Kamp -2"},"content":{"rendered":"<p>Rin ezelden beri kamp yapmay\u0131 seviyordu, Nadeshiko da giderek daha fazla seviyor. Birbirleriyle kar\u015f\u0131la\u015ft\u0131klar\u0131nda hangi muhte\u015fem manzaralar\u0131 g\u00f6rme \u015fans\u0131n\u0131 bulacaklar?<\/p>\n","protected":false},"excerpt":{"rendered":"<p>Rin ezelden beri kamp yapmay\u0131 seviyordu, Nadeshiko da giderek daha fazla seviyor. Birbirleriyle kar\u015f\u0131la\u015ft\u0131klar\u0131nda hangi muhte\u015fem manzaralar\u0131 g\u00f6rme \u015fans\u0131n\u0131 bulacaklar?<\/p>\n","protected":false},"featured_media":0,"template":"","meta":{"_monsterinsights_skip_tracking":false,"_monsterinsights_sitenote_active":false,"_monsterinsights_sitenote_note":"","_monsterinsights_sitenote_category":0},"product_brand":[],"product_cat":[12416,12291],"product_tag":[],"class_list":{"0":"post-772950","1":"product","2":"type-product","3":"status-publish","5":"product_cat-cizgi-roman","6":"product_cat-edebiyat","7":"pa_cilt-ciltsiz","8":"pa_tur-kitap","9":"pa_yayinevi-kayip-kita-yayinlari","10":"pa_yazar-afro","12":"first","13":"instock","14":"sale","15":"shipping-taxable","16":"purchasable","17":"product-type-simple"},"_links":{"self":[{"href":"https:\/\/roveyayinevi.com.tr\/index.php\/wp-json\/wp\/v2\/product\/772950","targetHints":{"allow":["GET"]}}],"collection":[{"href":"https:\/\/roveyayinevi.com.tr\/index.php\/wp-json\/wp\/v2\/product"}],"about":[{"href":"https:\/\/roveyayinevi.com.tr\/index.php\/wp-json\/wp\/v2\/types\/product"}],"wp:attachment":[{"href":"https:\/\/roveyayinevi.com.tr\/index.php\/wp-json\/wp\/v2\/media?parent=772950"}],"wp:term":[{"taxonomy":"product_brand","embeddable":true,"href":"https:\/\/roveyayinevi.com.tr\/index.php\/wp-json\/wp\/v2\/product_brand?post=772950"},{"taxonomy":"product_cat","embeddable":true,"href":"https:\/\/roveyayinevi.com.tr\/index.php\/wp-json\/wp\/v2\/product_cat?post=772950"},{"taxonomy":"product_tag","embeddable":true,"href":"https:\/\/roveyayinevi.com.tr\/index.php\/wp-json\/wp\/v2\/product_tag?post=772950"}],"curies":[{"name":"wp","href":"https:\/\/api.w.org\/{rel}","templated":true}]}}