{"id":772942,"date":"2025-08-28T15:58:10","date_gmt":"2025-08-28T12:58:10","guid":{"rendered":"https:\/\/roveyayinevi.com.tr\/index.php\/urun\/gercekligin-ozel-parcalari\/"},"modified":"2026-04-15T03:39:17","modified_gmt":"2026-04-15T00:39:17","slug":"gercekligin-ozel-parcalari","status":"publish","type":"product","link":"https:\/\/roveyayinevi.com.tr\/index.php\/urun\/gercekligin-ozel-parcalari\/","title":{"rendered":"Ger\u00e7ekli\u011fin \u00d6zel Par\u00e7alar\u0131"},"content":{"rendered":"<p>\u0130nsana dair her \u015feyi masum g\u00f6rmek do\u011fru de\u011fil. Belki bizim ger\u00e7ekten bir masumiyet m\u00fczesi kurmam\u0131z laz\u0131m, masumiyetin anlam\u0131n\u0131 korumak ve tan\u0131tmak i\u00e7in. M\u00fczelerin b\u00f6yle bir fonksiyonu var ya, korumak ve tan\u0131tmak&#8230; Masumiyet su\u00e7suzluk, su\u00e7tan uzak olma, \u00e7ocuklara has safl\u0131kla ilgili. Onun ele almam\u0131z gereken bir anlam\u0131 daha var, bug\u00fcn\u00fcn d\u00fcnyas\u0131nda korumas\u0131z olmay\u0131, su\u00e7lular taraf\u0131ndan suistimal edilmeye son derece a\u00e7\u0131k olmay\u0131 ifade ediyor. Masumlukla kolay kand\u0131r\u0131labilirlik aras\u0131nda g\u00fc\u00e7l\u00fc bir ili\u015fki var. <\/p>\n","protected":false},"excerpt":{"rendered":"<p>\u0130nsana dair her \u015feyi masum g\u00f6rmek do\u011fru de\u011fil. Belki bizim ger\u00e7ekten bir masumiyet m\u00fczesi kurmam\u0131z laz\u0131m, masumiyetin anlam\u0131n\u0131 korumak ve tan\u0131tmak i\u00e7in. M\u00fczelerin b\u00f6yle bir fonksiyonu<span class=\"excerpt-hellip\"> [\u2026]<\/span><\/p>\n","protected":false},"featured_media":0,"template":"","meta":{"_monsterinsights_skip_tracking":false,"_monsterinsights_sitenote_active":false,"_monsterinsights_sitenote_note":"","_monsterinsights_sitenote_category":0},"product_brand":[],"product_cat":[20351,12388],"product_tag":[],"class_list":{"0":"post-772942","1":"product","2":"type-product","3":"status-publish","5":"product_cat-dusunce","6":"product_cat-felsefe","7":"pa_cilt-ciltsiz","8":"pa_tur-kitap","9":"pa_yayinevi-biyografi-net-yayincilik","10":"pa_yazar-mustafa-kadir-atasoy","12":"first","13":"instock","14":"sale","15":"shipping-taxable","16":"purchasable","17":"product-type-simple"},"_links":{"self":[{"href":"https:\/\/roveyayinevi.com.tr\/index.php\/wp-json\/wp\/v2\/product\/772942","targetHints":{"allow":["GET"]}}],"collection":[{"href":"https:\/\/roveyayinevi.com.tr\/index.php\/wp-json\/wp\/v2\/product"}],"about":[{"href":"https:\/\/roveyayinevi.com.tr\/index.php\/wp-json\/wp\/v2\/types\/product"}],"wp:attachment":[{"href":"https:\/\/roveyayinevi.com.tr\/index.php\/wp-json\/wp\/v2\/media?parent=772942"}],"wp:term":[{"taxonomy":"product_brand","embeddable":true,"href":"https:\/\/roveyayinevi.com.tr\/index.php\/wp-json\/wp\/v2\/product_brand?post=772942"},{"taxonomy":"product_cat","embeddable":true,"href":"https:\/\/roveyayinevi.com.tr\/index.php\/wp-json\/wp\/v2\/product_cat?post=772942"},{"taxonomy":"product_tag","embeddable":true,"href":"https:\/\/roveyayinevi.com.tr\/index.php\/wp-json\/wp\/v2\/product_tag?post=772942"}],"curies":[{"name":"wp","href":"https:\/\/api.w.org\/{rel}","templated":true}]}}