{"id":772913,"date":"2025-08-28T15:57:15","date_gmt":"2025-08-28T12:57:15","guid":{"rendered":"https:\/\/roveyayinevi.com.tr\/index.php\/urun\/kizima-dinleri-ogretiyorum\/"},"modified":"2026-04-15T03:39:16","modified_gmt":"2026-04-15T00:39:16","slug":"kizima-dinleri-ogretiyorum","status":"publish","type":"product","link":"https:\/\/roveyayinevi.com.tr\/index.php\/urun\/kizima-dinleri-ogretiyorum\/","title":{"rendered":"K\u0131z\u0131ma Dinleri \u00d6\u011fretiyorum"},"content":{"rendered":"<p>\u201cDinleri anlatmak kolay de\u011fil,\u201d diyor yazar Roger-Pol Droit, \u201cama denemek gerek.\u201d K\u0131z\u0131ma Dinleri \u00d6\u011fretiyorum, tam da bu denemenin, bir baban\u0131n k\u0131z\u0131yla yapt\u0131\u011f\u0131 ayd\u0131nlat\u0131c\u0131 sohbetlerin \u00fcr\u00fcn\u00fc. Kitap, dinlerin dogmatik y\u00f6nlerinden ziyade, alt\u0131nda yatan derin insani sorulara odaklan\u0131yor: Dinler neden vard\u0131r? Neden inan\u0131r\u0131z? Kutsal nedir? Ho\u015fg\u00f6r\u00fc neyi gerektirir? Tanr\u0131 kavram\u0131 farkl\u0131 k\u00fclt\u00fcrlerde nas\u0131l anlam bulmu\u015ftur? Droit\u2019n\u0131n felsefi derinli\u011fi ve berrak anlat\u0131m\u0131yla, bu kitap ister inan\u00e7l\u0131 olun ister olmay\u0131n, ister \u00e7ocu\u011funuza rehberlik etmek isteyin ister kendi ufkunuzu geni\u015fletmek&#8230; Dinlerin tarihsel, k\u00fclt\u00fcrel ve felsefi zenginli\u011fine \u00f6nyarg\u0131s\u0131z bir kap\u0131 aral\u0131yor. \u00c7\u00fcnk\u00fc anlamak, yarg\u0131lamaktan \u00f6nce gelir. Dinleri \u00f6\u011frenmek, insan\u0131 anlamakt\u0131r.<\/p>\n","protected":false},"excerpt":{"rendered":"<p>\u201cDinleri anlatmak kolay de\u011fil,\u201d diyor yazar Roger-Pol Droit, \u201cama denemek gerek.\u201d K\u0131z\u0131ma Dinleri \u00d6\u011fretiyorum, tam da bu denemenin, bir baban\u0131n k\u0131z\u0131yla yapt\u0131\u011f\u0131 ayd\u0131nlat\u0131c\u0131 sohbetlerin \u00fcr\u00fcn\u00fc. Kitap,<span class=\"excerpt-hellip\"> [\u2026]<\/span><\/p>\n","protected":false},"featured_media":0,"template":"","meta":{"_monsterinsights_skip_tracking":false,"_monsterinsights_sitenote_active":false,"_monsterinsights_sitenote_note":"","_monsterinsights_sitenote_category":0},"product_brand":[],"product_cat":[12718],"product_tag":[],"class_list":{"0":"post-772913","1":"product","2":"type-product","3":"status-publish","5":"product_cat-din","6":"pa_cilt-ciltsiz","7":"pa_tur-kitap","8":"pa_yayinevi-say-yayinlari","9":"pa_yazar-roger-pol-droit","11":"first","12":"instock","13":"sale","14":"shipping-taxable","15":"purchasable","16":"product-type-simple"},"_links":{"self":[{"href":"https:\/\/roveyayinevi.com.tr\/index.php\/wp-json\/wp\/v2\/product\/772913","targetHints":{"allow":["GET"]}}],"collection":[{"href":"https:\/\/roveyayinevi.com.tr\/index.php\/wp-json\/wp\/v2\/product"}],"about":[{"href":"https:\/\/roveyayinevi.com.tr\/index.php\/wp-json\/wp\/v2\/types\/product"}],"wp:attachment":[{"href":"https:\/\/roveyayinevi.com.tr\/index.php\/wp-json\/wp\/v2\/media?parent=772913"}],"wp:term":[{"taxonomy":"product_brand","embeddable":true,"href":"https:\/\/roveyayinevi.com.tr\/index.php\/wp-json\/wp\/v2\/product_brand?post=772913"},{"taxonomy":"product_cat","embeddable":true,"href":"https:\/\/roveyayinevi.com.tr\/index.php\/wp-json\/wp\/v2\/product_cat?post=772913"},{"taxonomy":"product_tag","embeddable":true,"href":"https:\/\/roveyayinevi.com.tr\/index.php\/wp-json\/wp\/v2\/product_tag?post=772913"}],"curies":[{"name":"wp","href":"https:\/\/api.w.org\/{rel}","templated":true}]}}