{"id":772911,"date":"2025-08-28T15:57:13","date_gmt":"2025-08-28T12:57:13","guid":{"rendered":"https:\/\/roveyayinevi.com.tr\/index.php\/urun\/kadin-haklari-tarihi\/"},"modified":"2026-04-15T03:39:16","modified_gmt":"2026-04-15T00:39:16","slug":"kadin-haklari-tarihi","status":"publish","type":"product","link":"https:\/\/roveyayinevi.com.tr\/index.php\/urun\/kadin-haklari-tarihi\/","title":{"rendered":"Kad\u0131n Haklar\u0131 Tarihi"},"content":{"rendered":"<p>Elinizdeki kitap, kad\u0131n haklar\u0131 m\u00fccadelesinin izini, Mary Wollstonecraft\u2019\u0131n 1792 tarihli Kad\u0131n Haklar\u0131n\u0131n Gerek\u00e7elendirilmesi adl\u0131 eserinden ba\u015flayarak, 1928\u2019de Britanya\u2019da kad\u0131nlara oy hakk\u0131 tan\u0131nmas\u0131na dek s\u00fcr\u00fcyor. Bireysel direni\u015f bi\u00e7imlerini ve kolektif hareketleri analiz eden \u00e7al\u0131\u015fma, e\u015fitlik ve adalet aray\u0131\u015f\u0131 i\u00e7inde \u00e7ok say\u0131da engelle kar\u015f\u0131la\u015fan kad\u0131nlar\u0131n m\u00fccadelelerini bir araya getiriyor.   Caroline Norton, Florence Nightingale, Barbara Leigh Smith, Bessie Rayner Parkes, Millicent Fawcett, Emily Davies, Emmeline Pankhurst ve k\u0131zlar\u0131 Christabel ile Sylvia Pankhurst gibi \u00f6nc\u00fc isimler, oy hakk\u0131 m\u00fccadelesinde \u00e7e\u015fitli y\u00f6ntemlerle seslerini duyurmu\u015f; yaz\u0131lar\u0131, eylemleri ve kamusal alandaki varl\u0131klar\u0131yla tarihsel bir d\u00f6n\u00fc\u015f\u00fcm\u00fcn \u00f6n\u00fcn\u00fc a\u00e7m\u0131\u015flard\u0131r. Kitap, bu s\u00fcreci mektuplar, gazete haberleri, ki\u015fisel anlat\u0131lar ve d\u00f6nemin propaganda metinleri arac\u0131l\u0131\u011f\u0131yla takip ediyor. Kad\u0131nlar\u0131n, babalar\u0131n\u0131n ya da e\u015flerinin \u201cm\u00fclk\u00fc\u201d olmaktan \u00e7\u0131karak temel yurtta\u015fl\u0131k haklar\u0131na sahip bireyler h\u00e2line gelme s\u00fcreci, \u00e7ok y\u00f6nl\u00fc bir anlat\u0131mla ortaya konuyor.   Bu ilham verici ve zorlu s\u00fcreci belgelendiren Kad\u0131n Haklar\u0131 Tarihi, kad\u0131nlar\u0131n tarih boyunca verdikleri e\u015fitlik m\u00fccadelesini anlamak isteyen herkes i\u00e7in de\u011ferli bir kaynak. <\/p>\n","protected":false},"excerpt":{"rendered":"<p>Elinizdeki kitap, kad\u0131n haklar\u0131 m\u00fccadelesinin izini, Mary Wollstonecraft\u2019\u0131n 1792 tarihli Kad\u0131n Haklar\u0131n\u0131n Gerek\u00e7elendirilmesi adl\u0131 eserinden ba\u015flayarak, 1928\u2019de Britanya\u2019da kad\u0131nlara oy hakk\u0131 tan\u0131nmas\u0131na dek s\u00fcr\u00fcyor. Bireysel direni\u015f<span class=\"excerpt-hellip\"> [\u2026]<\/span><\/p>\n","protected":false},"featured_media":0,"template":"","meta":{"_monsterinsights_skip_tracking":false,"_monsterinsights_sitenote_active":false,"_monsterinsights_sitenote_note":"","_monsterinsights_sitenote_category":0},"product_brand":[],"product_cat":[13252,12324],"product_tag":[],"class_list":{"0":"post-772911","1":"product","2":"type-product","3":"status-publish","5":"product_cat-kadin-calismalari","6":"product_cat-sosyoloji","7":"pa_cilt-ciltsiz","8":"pa_tur-kitap","9":"pa_yayinevi-say-yayinlari","10":"pa_yazar-lucinda-hawksley","12":"first","13":"instock","14":"sale","15":"shipping-taxable","16":"purchasable","17":"product-type-simple"},"_links":{"self":[{"href":"https:\/\/roveyayinevi.com.tr\/index.php\/wp-json\/wp\/v2\/product\/772911","targetHints":{"allow":["GET"]}}],"collection":[{"href":"https:\/\/roveyayinevi.com.tr\/index.php\/wp-json\/wp\/v2\/product"}],"about":[{"href":"https:\/\/roveyayinevi.com.tr\/index.php\/wp-json\/wp\/v2\/types\/product"}],"wp:attachment":[{"href":"https:\/\/roveyayinevi.com.tr\/index.php\/wp-json\/wp\/v2\/media?parent=772911"}],"wp:term":[{"taxonomy":"product_brand","embeddable":true,"href":"https:\/\/roveyayinevi.com.tr\/index.php\/wp-json\/wp\/v2\/product_brand?post=772911"},{"taxonomy":"product_cat","embeddable":true,"href":"https:\/\/roveyayinevi.com.tr\/index.php\/wp-json\/wp\/v2\/product_cat?post=772911"},{"taxonomy":"product_tag","embeddable":true,"href":"https:\/\/roveyayinevi.com.tr\/index.php\/wp-json\/wp\/v2\/product_tag?post=772911"}],"curies":[{"name":"wp","href":"https:\/\/api.w.org\/{rel}","templated":true}]}}