{"id":772904,"date":"2025-08-28T15:57:00","date_gmt":"2025-08-28T12:57:00","guid":{"rendered":"https:\/\/roveyayinevi.com.tr\/index.php\/urun\/ikinci-beyninizi-kurun\/"},"modified":"2026-04-08T03:35:37","modified_gmt":"2026-04-08T00:35:37","slug":"ikinci-beyninizi-kurun","status":"publish","type":"product","link":"https:\/\/roveyayinevi.com.tr\/index.php\/urun\/ikinci-beyninizi-kurun\/","title":{"rendered":"\u0130kinci Beyninizi Kurun"},"content":{"rendered":"<p>Dijital Ya\u015fam\u0131n\u0131z\u0131 D\u00fczenleyip Yarat\u0131c\u0131l\u0131\u011f\u0131n\u0131z\u0131 Art\u0131rman\u0131n Kan\u0131tlanm\u0131\u015f Y\u00f6ntemi   \u0130\u00e7inde Rahat Rahat Gezebilece\u011finiz Bir Beyin Daha Kurup Yarat\u0131c\u0131l\u0131\u011f\u0131n\u0131z\u0131 Art\u0131rmaya, \u0130nternetin Sonsuz Bilgi Da\u011farc\u0131\u011f\u0131n\u0131 Kolay Y\u00f6netmeye Devrimci Bir Yakla\u015f\u0131m!   Tarihte e\u015fi benzeri olmayan bir noktaday\u0131z, d\u00fcnyan\u0131n b\u00fct\u00fcn bilgi kayna\u011f\u0131na istedi\u011fimiz an eri\u015febiliriz. Bir \u015feyler \u00f6\u011frenmek, kendimizi geli\u015ftirmek i\u00e7in bundan daha iyi bir \u00e7a\u011f olamaz. Fakat\u2026 Kendinizi g\u00fc\u00e7lenmi\u015f hissedece\u011finize bu bitmek bilmeyen bilgi ak\u0131\u015f\u0131 kar\u015f\u0131s\u0131nda bo\u011fuluyorsunuz sanki.   Toyota gibi b\u00fcy\u00fck firmalarda \u00e7al\u0131\u015fm\u0131\u015f, yazd\u0131klar\u0131yla Forbes, The New York Times ve Harvard Business Review gibi mecralarda yer alm\u0131\u015f, d\u00fcnyan\u0131n ileri gelen verimlilik uzmanlar\u0131ndan Tiago Forte\u2019nin bu soruna bir \u00e7\u00f6z\u00fcm\u00fc var: \u0130kinci bir beyin kurmak.    En de\u011ferli fikirlerinizi, ilham kaynaklar\u0131n\u0131z\u0131 t\u00fcm ayg\u0131tlar\u0131n\u0131z ve dijital platformlar\u0131n\u0131zda nas\u0131l d\u00fczenleyece\u011finizi, not alma al\u0131\u015fkanl\u0131klar\u0131n\u0131z\u0131 projelerinizi canland\u0131racak bi\u00e7imde nas\u0131l de\u011fi\u015ftirebilece\u011finizi anlatan Tiago Forte\u2019den \u0130kinci Beyninizi Kurun sonsuz bilgi deryas\u0131nda dibe batmadan yol almay\u0131 \u00f6\u011freten bir kaynak kitap, hedeflerinizin \u00fczerinizi \u00e7izebilmeniz i\u00e7in ihtiyac\u0131n\u0131z olan o \u00f6zg\u00fcven sa\u011flay\u0131c\u0131 k\u0131lavuz.     \u201cEn az on y\u0131ld\u0131r Forte\u2019nin \u00e7e\u015fitli fikirlerini kullan\u0131yorum. Kendi aya\u011f\u0131n\u0131za \u00e7elme atmaktan vazge\u00e7ti\u011finizde bu y\u00f6ntemlerin sahiden \u00e7al\u0131\u015ft\u0131\u011f\u0131n\u0131 g\u00f6receksiniz.\u201d  \u2013Seth Godin <\/p>\n","protected":false},"excerpt":{"rendered":"<p>Dijital Ya\u015fam\u0131n\u0131z\u0131 D\u00fczenleyip Yarat\u0131c\u0131l\u0131\u011f\u0131n\u0131z\u0131 Art\u0131rman\u0131n Kan\u0131tlanm\u0131\u015f Y\u00f6ntemi \u0130\u00e7inde Rahat Rahat Gezebilece\u011finiz Bir Beyin Daha Kurup Yarat\u0131c\u0131l\u0131\u011f\u0131n\u0131z\u0131 Art\u0131rmaya, \u0130nternetin Sonsuz Bilgi Da\u011farc\u0131\u011f\u0131n\u0131 Kolay Y\u00f6netmeye Devrimci Bir Yakla\u015f\u0131m!<span class=\"excerpt-hellip\"> [\u2026]<\/span><\/p>\n","protected":false},"featured_media":0,"template":"","meta":{"_monsterinsights_skip_tracking":false,"_monsterinsights_sitenote_active":false,"_monsterinsights_sitenote_note":"","_monsterinsights_sitenote_category":0},"product_brand":[],"product_cat":[12364,12376],"product_tag":[],"class_list":{"0":"post-772904","1":"product","2":"type-product","3":"status-publish","5":"product_cat-genel-konular","6":"product_cat-kisisel-gelisim","7":"pa_cilt-ciltsiz","8":"pa_tur-kitap","9":"pa_yayinevi-nepal-kitap","10":"pa_yazar-tiago-forte","12":"first","13":"instock","14":"sale","15":"shipping-taxable","16":"purchasable","17":"product-type-simple"},"_links":{"self":[{"href":"https:\/\/roveyayinevi.com.tr\/index.php\/wp-json\/wp\/v2\/product\/772904","targetHints":{"allow":["GET"]}}],"collection":[{"href":"https:\/\/roveyayinevi.com.tr\/index.php\/wp-json\/wp\/v2\/product"}],"about":[{"href":"https:\/\/roveyayinevi.com.tr\/index.php\/wp-json\/wp\/v2\/types\/product"}],"wp:attachment":[{"href":"https:\/\/roveyayinevi.com.tr\/index.php\/wp-json\/wp\/v2\/media?parent=772904"}],"wp:term":[{"taxonomy":"product_brand","embeddable":true,"href":"https:\/\/roveyayinevi.com.tr\/index.php\/wp-json\/wp\/v2\/product_brand?post=772904"},{"taxonomy":"product_cat","embeddable":true,"href":"https:\/\/roveyayinevi.com.tr\/index.php\/wp-json\/wp\/v2\/product_cat?post=772904"},{"taxonomy":"product_tag","embeddable":true,"href":"https:\/\/roveyayinevi.com.tr\/index.php\/wp-json\/wp\/v2\/product_tag?post=772904"}],"curies":[{"name":"wp","href":"https:\/\/api.w.org\/{rel}","templated":true}]}}