{"id":772888,"date":"2025-08-28T15:56:26","date_gmt":"2025-08-28T12:56:26","guid":{"rendered":"https:\/\/roveyayinevi.com.tr\/index.php\/urun\/ingiliz-yillik-raporlarinda-israil-i\/"},"modified":"2026-04-15T03:39:15","modified_gmt":"2026-04-15T00:39:15","slug":"ingiliz-yillik-raporlarinda-israil-i","status":"publish","type":"product","link":"https:\/\/roveyayinevi.com.tr\/index.php\/urun\/ingiliz-yillik-raporlarinda-israil-i\/","title":{"rendered":"\u0130ngiliz Y\u0131ll\u0131k  Raporlar\u0131nda \u0130srail \u2022 I"},"content":{"rendered":"<p>\u0130kinci D\u00fcnya sava\u015f\u0131ndan hemen sonra kurulan (1948) \u0130srail, ortalama bir insan \u00f6mr\u00fcnden daha k\u0131sa bir s\u00fcrede topraklar\u0131n\u0131 yakla\u015f\u0131k iki misli geni\u015fletti\u011fi gibi asker\u00ee, iktisad\u00ee ve siyasi y\u00f6nden de b\u00f6lgenin en g\u00fc\u00e7l\u00fc devletlerinden biri haline gelmi\u015ftir. \u0130srail\u2019in, varl\u0131\u011f\u0131n\u0131n devam\u0131 ve topraklar\u0131n\u0131n geni\u015flemesi i\u00e7in y\u00fcr\u00fctt\u00fc\u011f\u00fc ac\u0131mas\u0131z m\u00fccadele onun uluslararas\u0131 camiadaki diplomatik \u00e7abalar\u0131n\u0131 da \u015fekillendirmi\u015ftir. \u00d6yle ki, Arap \u00fclkeleri ile ya\u015fanan sorunlar\u0131 \u00e7\u00f6zmek i\u00e7in yap\u0131lan say\u0131s\u0131z diplomatik giri\u015fimlerde \u0130srail, amac\u0131na ula\u015fmak i\u00e7in kendisini her ko\u015fulda mutlak hakl\u0131 g\u00f6ren bir anlay\u0131\u015fla hareket etmeyi Yahudilere verilmi\u015f \u201ckutsal ve de\u011fi\u015fmez bir hak\u201d olarak g\u00f6rm\u00fc\u015ft\u00fcr. \u0130ngiliz Y\u0131ll\u0131k Raporlar\u0131nda \u0130srail \u2022 I isimli bu eser, \u0130ngiliz Milli Ar\u015fivlerinde yer alan ve \u0130ngiltere\u2019nin \u0130srail b\u00fcy\u00fckel\u00e7ili\u011finin her y\u0131l d\u00fczenli olarak d\u0131\u015fi\u015flerine g\u00f6nderdi\u011fi y\u0131ll\u0131k de\u011ferlendirme raporlar\u0131n\u0131n ilk k\u0131sm\u0131 olan 1949-1959 y\u0131llar\u0131na ait raporlardan olu\u015fmaktad\u0131r. \u0130lk defa T\u00fcrk okuyucular\u0131n dikkatine sunulan bu raporlar, \u0130srail\u2019in kurulu\u015f s\u00fcrecini ve Siyonist d\u00fc\u015f\u00fcncenin d\u0131\u015f d\u00fcnyaya bak\u0131\u015f a\u00e7\u0131s\u0131n\u0131 ortaya koymas\u0131 bak\u0131m\u0131ndan \u00f6nem arzetmektedir.   <\/p>\n","protected":false},"excerpt":{"rendered":"<p>\u0130kinci D\u00fcnya sava\u015f\u0131ndan hemen sonra kurulan (1948) \u0130srail, ortalama bir insan \u00f6mr\u00fcnden daha k\u0131sa bir s\u00fcrede topraklar\u0131n\u0131 yakla\u015f\u0131k iki misli geni\u015fletti\u011fi gibi asker\u00ee, iktisad\u00ee ve siyasi<span class=\"excerpt-hellip\"> [\u2026]<\/span><\/p>\n","protected":false},"featured_media":0,"template":"","meta":{"_monsterinsights_skip_tracking":false,"_monsterinsights_sitenote_active":false,"_monsterinsights_sitenote_note":"","_monsterinsights_sitenote_category":0},"product_brand":[],"product_cat":[12337,17225],"product_tag":[],"class_list":{"0":"post-772888","1":"product","2":"type-product","3":"status-publish","5":"product_cat-politika-siyaset","6":"product_cat-uluslararasi-iliskiler","7":"pa_cilt-ciltsiz","8":"pa_tur-kitap","9":"pa_yayinevi-ideal-kultur-akademik","10":"pa_yazar-mehmet-okur-resul-yavuz","12":"first","13":"instock","14":"sale","15":"shipping-taxable","16":"purchasable","17":"product-type-simple"},"_links":{"self":[{"href":"https:\/\/roveyayinevi.com.tr\/index.php\/wp-json\/wp\/v2\/product\/772888","targetHints":{"allow":["GET"]}}],"collection":[{"href":"https:\/\/roveyayinevi.com.tr\/index.php\/wp-json\/wp\/v2\/product"}],"about":[{"href":"https:\/\/roveyayinevi.com.tr\/index.php\/wp-json\/wp\/v2\/types\/product"}],"wp:attachment":[{"href":"https:\/\/roveyayinevi.com.tr\/index.php\/wp-json\/wp\/v2\/media?parent=772888"}],"wp:term":[{"taxonomy":"product_brand","embeddable":true,"href":"https:\/\/roveyayinevi.com.tr\/index.php\/wp-json\/wp\/v2\/product_brand?post=772888"},{"taxonomy":"product_cat","embeddable":true,"href":"https:\/\/roveyayinevi.com.tr\/index.php\/wp-json\/wp\/v2\/product_cat?post=772888"},{"taxonomy":"product_tag","embeddable":true,"href":"https:\/\/roveyayinevi.com.tr\/index.php\/wp-json\/wp\/v2\/product_tag?post=772888"}],"curies":[{"name":"wp","href":"https:\/\/api.w.org\/{rel}","templated":true}]}}