{"id":772887,"date":"2025-08-28T15:56:24","date_gmt":"2025-08-28T12:56:24","guid":{"rendered":"https:\/\/roveyayinevi.com.tr\/index.php\/urun\/son-ve-diger-baslangiclar-gelecekten-hikayeler\/"},"modified":"2026-04-15T03:39:15","modified_gmt":"2026-04-15T00:39:15","slug":"son-ve-diger-baslangiclar-gelecekten-hikayeler","status":"publish","type":"product","link":"https:\/\/roveyayinevi.com.tr\/index.php\/urun\/son-ve-diger-baslangiclar-gelecekten-hikayeler\/","title":{"rendered":"Son ve Di\u011fer Ba\u015flang\u0131\u00e7lar: Gelecekten Hikayeler"},"content":{"rendered":"<p>&#8220;D\u00f6n\u00fc\u015f\u00fcm seni mahveder, seni yok eder. As\u0131l deh\u015fet verici olansa ona izin vermen gerekti\u011fidir.&#8221; Se\u00e7ilmi\u015f Olanlar\u2019\u0131n yazar\u0131 Veronica Roth, ge\u00e7mi\u015fin yank\u0131lar\u0131 ve gelece\u011fin bilinmezli\u011fi aras\u0131nda sizi cesur ve b\u00fcy\u00fcleyici bir yolculu\u011fa davet ediyor. Son ve Di\u011fer Ba\u015flang\u0131\u00e7lar, insanl\u0131\u011f\u0131n en derin korkular\u0131na ve en b\u00fcy\u00fck umutlar\u0131na dokunan, \u00e7arp\u0131c\u0131 hik\u00e2yelerle dolu bir antoloji.  Bu koleksiyondaki her bir hik\u00e2ye sizi gelece\u011fin s\u0131rad\u0131\u015f\u0131 d\u00fcnyas\u0131na ta\u015f\u0131rken, ayn\u0131 zamanda sevgi, ihanet, dostluk ve fedak\u00e2rl\u0131k gibi tan\u0131d\u0131k duygularla y\u00fczle\u015fmenizi sa\u011fl\u0131yor. \u0130kinci \u015fanslar\u0131n, zor se\u00e7imlerin ve insan ruhunun dayan\u0131kl\u0131l\u0131\u011f\u0131n\u0131n bir ke\u015ffi niteli\u011findeki bu hik\u00e2yeler, daha iyi bir son umuduyla ba\u015fl\u0131yor ve ba\u015flang\u0131c\u0131 daha iyi anlayarak sona eriyor.   Son ve Di\u011fer Ba\u015flang\u0131\u00e7lar, insan olman\u0131n ne anlama geldi\u011fine dair unutulmaz bir yolculuk&#8230; <\/p>\n","protected":false},"excerpt":{"rendered":"<p>&#8220;D\u00f6n\u00fc\u015f\u00fcm seni mahveder, seni yok eder. As\u0131l deh\u015fet verici olansa ona izin vermen gerekti\u011fidir.&#8221; Se\u00e7ilmi\u015f Olanlar\u2019\u0131n yazar\u0131 Veronica Roth, ge\u00e7mi\u015fin yank\u0131lar\u0131 ve gelece\u011fin bilinmezli\u011fi aras\u0131nda sizi<span class=\"excerpt-hellip\"> [\u2026]<\/span><\/p>\n","protected":false},"featured_media":0,"template":"","meta":{"_monsterinsights_skip_tracking":false,"_monsterinsights_sitenote_active":false,"_monsterinsights_sitenote_note":"","_monsterinsights_sitenote_category":0},"product_brand":[],"product_cat":[12540,12291],"product_tag":[],"class_list":{"0":"post-772887","1":"product","2":"type-product","3":"status-publish","5":"product_cat-bilim-kurgu","6":"product_cat-edebiyat","7":"pa_cilt-ciltsiz","8":"pa_tur-kitap","9":"pa_yayinevi-yabanci-yayinevi","10":"pa_yazar-veronica-roth","12":"first","13":"instock","14":"sale","15":"shipping-taxable","16":"purchasable","17":"product-type-simple"},"_links":{"self":[{"href":"https:\/\/roveyayinevi.com.tr\/index.php\/wp-json\/wp\/v2\/product\/772887","targetHints":{"allow":["GET"]}}],"collection":[{"href":"https:\/\/roveyayinevi.com.tr\/index.php\/wp-json\/wp\/v2\/product"}],"about":[{"href":"https:\/\/roveyayinevi.com.tr\/index.php\/wp-json\/wp\/v2\/types\/product"}],"wp:attachment":[{"href":"https:\/\/roveyayinevi.com.tr\/index.php\/wp-json\/wp\/v2\/media?parent=772887"}],"wp:term":[{"taxonomy":"product_brand","embeddable":true,"href":"https:\/\/roveyayinevi.com.tr\/index.php\/wp-json\/wp\/v2\/product_brand?post=772887"},{"taxonomy":"product_cat","embeddable":true,"href":"https:\/\/roveyayinevi.com.tr\/index.php\/wp-json\/wp\/v2\/product_cat?post=772887"},{"taxonomy":"product_tag","embeddable":true,"href":"https:\/\/roveyayinevi.com.tr\/index.php\/wp-json\/wp\/v2\/product_tag?post=772887"}],"curies":[{"name":"wp","href":"https:\/\/api.w.org\/{rel}","templated":true}]}}