{"id":772876,"date":"2025-08-28T15:56:00","date_gmt":"2025-08-28T12:56:00","guid":{"rendered":"https:\/\/roveyayinevi.com.tr\/index.php\/urun\/turlerin-kokeni-3\/"},"modified":"2026-04-15T03:39:15","modified_gmt":"2026-04-15T00:39:15","slug":"turlerin-kokeni-3","status":"publish","type":"product","link":"https:\/\/roveyayinevi.com.tr\/index.php\/urun\/turlerin-kokeni-3\/","title":{"rendered":"T\u00fcrlerin K\u00f6keni"},"content":{"rendered":"<p>Bir varl\u0131\u011f\u0131 canl\u0131 k\u0131lan \u015fey nedir? \u00d6zg\u00fcr irade var m\u0131d\u0131r? Sevmek \u00f6\u011frenilen bir davran\u0131\u015f m\u0131d\u0131r, yoksa evrimin bir arma\u011fan\u0131 m\u0131?Robotlar\u0131n egemenli\u011finde \u015fekillenen bir d\u00fcnyada, organik biyoloji \u00f6\u011frencisi robot Kay Histion bu sorular\u0131n cevab\u0131n\u0131 ararken \u201cinsan\u201d ad\u0131n\u0131 verdi\u011fi organik varl\u0131klar\u0131 yarat\u0131r. Fakat robotlar \u00fczerinde ilahi etkiler b\u0131rakan bu varl\u0131klar sevgi, ba\u011fl\u0131l\u0131k ve itaate dayal\u0131 yeni bir d\u00fczenin de habercisidir: Yarat\u0131c\u0131 insanlar, kendi yarat\u0131c\u0131lar\u0131 olan robotlar\u0131 k\u00f6lele\u015ftirme tehdidini de i\u00e7lerinde bar\u0131nd\u0131r\u0131rlar. \u0130nsanlar\u0131n yoklu\u011funda varl\u0131klar\u0131n\u0131 \u00f6zg\u00fcrce s\u00fcrd\u00fcren robotlar, insanlarla birlikte kendilerini a\u015fmaya zorlan\u0131rlar. Bu insani tehdidin yol a\u00e7t\u0131\u011f\u0131 zorlanma, ya\u015fama dair \u00e7ok \u00f6nemli bir bilgiyi hem insanlar\u0131n hem de robotlar\u0131n kula\u011f\u0131na f\u0131s\u0131ldar: Ya\u015fam sadece var olmak de\u011fil, birlikte var olman\u0131n yollar\u0131n\u0131 aramakt\u0131r.Kore bilimkurgusunun \u00f6nc\u00fc ismi ve Amerikan Ulusal Kitap \u00d6d\u00fcl\u00fc\u2019ne aday g\u00f6sterilen ilk Koreli yazar Kim Bo-young, yirmi \u00fc\u00e7 y\u0131lda tamamlad\u0131\u011f\u0131 bu kitapta evrimsel biyolojiyi yapay zek\u00e2 eti\u011fiyle harmanlayarak ya\u015fam, bilin\u00e7, inan\u00e7 ve iktidar kavramlar\u0131n\u0131 yerinden eden bir anlat\u0131 sunuyor. Robotlarla insanlar\u0131n konumlar\u0131n\u0131 i\u00e7 i\u00e7e ge\u00e7irerek alt\u00fcst eden T\u00fcrlerin K\u00f6keni, gelece\u011fe ait bu hik\u00e2yelerle, bizi \u00f6zg\u00fcrl\u00fck ve e\u015fitlik gibi kadim sorunlar \u00fczerine d\u00fc\u015f\u00fcnmeye davet ediyor.<\/p>\n","protected":false},"excerpt":{"rendered":"<p>Bir varl\u0131\u011f\u0131 canl\u0131 k\u0131lan \u015fey nedir? \u00d6zg\u00fcr irade var m\u0131d\u0131r? Sevmek \u00f6\u011frenilen bir davran\u0131\u015f m\u0131d\u0131r, yoksa evrimin bir arma\u011fan\u0131 m\u0131?Robotlar\u0131n egemenli\u011finde \u015fekillenen bir d\u00fcnyada, organik biyoloji<span class=\"excerpt-hellip\"> [\u2026]<\/span><\/p>\n","protected":false},"featured_media":0,"template":"","meta":{"_monsterinsights_skip_tracking":false,"_monsterinsights_sitenote_active":false,"_monsterinsights_sitenote_note":"","_monsterinsights_sitenote_category":0},"product_brand":[],"product_cat":[13005,13006],"product_tag":[],"class_list":{"0":"post-772876","1":"product","2":"type-product","3":"status-publish","5":"product_cat-bilim-muhendislik","6":"product_cat-populer-bilim","7":"pa_cilt-ciltsiz","8":"pa_tur-kitap","9":"pa_yayinevi-livera-yayinevi","10":"pa_yazar-kim-bo-young","12":"first","13":"instock","14":"sale","15":"shipping-taxable","16":"purchasable","17":"product-type-simple"},"_links":{"self":[{"href":"https:\/\/roveyayinevi.com.tr\/index.php\/wp-json\/wp\/v2\/product\/772876","targetHints":{"allow":["GET"]}}],"collection":[{"href":"https:\/\/roveyayinevi.com.tr\/index.php\/wp-json\/wp\/v2\/product"}],"about":[{"href":"https:\/\/roveyayinevi.com.tr\/index.php\/wp-json\/wp\/v2\/types\/product"}],"wp:attachment":[{"href":"https:\/\/roveyayinevi.com.tr\/index.php\/wp-json\/wp\/v2\/media?parent=772876"}],"wp:term":[{"taxonomy":"product_brand","embeddable":true,"href":"https:\/\/roveyayinevi.com.tr\/index.php\/wp-json\/wp\/v2\/product_brand?post=772876"},{"taxonomy":"product_cat","embeddable":true,"href":"https:\/\/roveyayinevi.com.tr\/index.php\/wp-json\/wp\/v2\/product_cat?post=772876"},{"taxonomy":"product_tag","embeddable":true,"href":"https:\/\/roveyayinevi.com.tr\/index.php\/wp-json\/wp\/v2\/product_tag?post=772876"}],"curies":[{"name":"wp","href":"https:\/\/api.w.org\/{rel}","templated":true}]}}