{"id":772869,"date":"2025-08-28T15:55:47","date_gmt":"2025-08-28T12:55:47","guid":{"rendered":"https:\/\/roveyayinevi.com.tr\/index.php\/urun\/caesar-2\/"},"modified":"2026-04-15T03:39:15","modified_gmt":"2026-04-15T00:39:15","slug":"caesar-2","status":"publish","type":"product","link":"https:\/\/roveyayinevi.com.tr\/index.php\/urun\/caesar-2\/","title":{"rendered":"Caesar"},"content":{"rendered":"<p>D\u00fcnya tarihinin en b\u00fcy\u00fck komutanlar\u0131n\u0131 t\u00fcm y\u00f6nleriyle inceleyen OSPREY B\u00fcy\u00fck Komutanlar Serisi, Caesar ile devam ediyor\u2026   Caesar, Roma Cumhuriyeti\u2019nin yaln\u0131zca bir komutan\u0131 de\u011fil; ayn\u0131 zamanda tarihin ak\u0131\u015f\u0131n\u0131 de\u011fi\u015ftiren en b\u00fcy\u00fck stratejistlerinden biriydi. Onun zaferleri yaln\u0131zca sava\u015f meydanlar\u0131nda de\u011fil, Roma siyasetinin karma\u015f\u0131k labirentlerinde de kazan\u0131ld\u0131. Cumhuriyet\u2019i imparatorlu\u011fa s\u00fcr\u00fckleyen d\u00f6n\u00fc\u015f\u00fcm\u00fcn ba\u015f mimar\u0131 olan Caesar, e\u011fer Rubicon\u2019u ge\u00e7meseydi d\u00fcnya tarihi bamba\u015fka bir y\u00f6ne akabilirdi.   Oysa Caesar\u2019\u0131n yolu ba\u015f\u0131ndan beri alt\u0131nla d\u00f6\u015fenmi\u015f de\u011fildi. Soylu bir aileden gelse de Marius\u2019un ye\u011feni olmak, Sulla\u2019n\u0131n d\u00fc\u015fman listesine girmesine ve ba\u015fkentten ka\u00e7mas\u0131na sebep olmu\u015ftu. Korsanlar taraf\u0131ndan ka\u00e7\u0131r\u0131lm\u0131\u015f, ordudan uzakla\u015ft\u0131r\u0131lm\u0131\u015f, s\u00fcrg\u00fcn y\u0131llar\u0131 boyunca g\u00f6z ard\u0131 edilmi\u015fti. Ancak bu ini\u015fli \u00e7\u0131k\u0131\u015fl\u0131 yolculuk, onu s\u0131ra d\u0131\u015f\u0131 bir liderlik anlay\u0131\u015f\u0131na ve vazge\u00e7ilmez bir halk deste\u011fine ta\u015f\u0131yacakt\u0131. Geri d\u00f6nd\u00fc\u011f\u00fcnde ise Roma\u2019n\u0131n g\u00f6zdesi haline gelmi\u015fti.   Caesar, Galya&#8217;daki uzun ve kanl\u0131 seferleri boyunca yaln\u0131zca toprak de\u011fil, \u00fcn ve sadakat de kazand\u0131. Alesia&#8217;da kazan\u0131lan zafer, yaln\u0131zca Roma&#8217;n\u0131n kuzey s\u0131n\u0131rlar\u0131n\u0131 \u00e7izmemi\u015f, ayn\u0131 zamanda ad\u0131n\u0131 \u00f6l\u00fcms\u00fczle\u015ftiren d\u00f6n\u00fcm noktas\u0131 olmu\u015ftu. O art\u0131k yaln\u0131zca bir general de\u011fil, Roma tarihinin gidi\u015fat\u0131n\u0131 belirleyecek bir g\u00fc\u00e7t\u00fc. Ancak bu g\u00fc\u00e7, sonunda Senato\u2019nun ve eski d\u00fczenin huzurunu ka\u00e7\u0131racak, onu s\u0131rt\u0131ndan han\u00e7erletecek kadar b\u00fcy\u00fcyecekti.   Rakiplerinin \u00e7o\u011fu, onun zaferlerini askeri \u015fans\u0131na, halk deste\u011fini pop\u00fclist vaatlerine ba\u011flamaya \u00e7al\u0131\u015ft\u0131. Fakat Caesar yaln\u0131zca bir sava\u015f makinesi de\u011fil, stratejinin ve sabr\u0131n da ustas\u0131yd\u0131. Her muharebeyi, her siyasi hamleyi bir satran\u00e7 tahtas\u0131 gibi oynad\u0131. Pompeius Magnus gibi dev rakipleri bile onun planlar\u0131na kar\u015f\u0131 koymakta aciz kald\u0131. Nihayet i\u00e7 sava\u015f patlak verdi\u011finde, art\u0131k yaln\u0131zca Roma\u2019n\u0131n de\u011fil, d\u00fcnyan\u0131n kaderini de avu\u00e7lar\u0131 aras\u0131na alm\u0131\u015ft\u0131.   Osprey B\u00fcy\u00fck Komutanlar serisinin yeni kitab\u0131 Caesar, \u00e7ok say\u0131da g\u00f6rselle o d\u00f6nemi g\u00f6zlerinizin \u00f6n\u00fcne getirirken, taktik haritalarla da sava\u015f alanlar\u0131n\u0131 ad\u0131m ad\u0131m dola\u015fma imk\u00e2n\u0131 sunuyor. <\/p>\n","protected":false},"excerpt":{"rendered":"<p>D\u00fcnya tarihinin en b\u00fcy\u00fck komutanlar\u0131n\u0131 t\u00fcm y\u00f6nleriyle inceleyen OSPREY B\u00fcy\u00fck Komutanlar Serisi, Caesar ile devam ediyor\u2026 Caesar, Roma Cumhuriyeti\u2019nin yaln\u0131zca bir komutan\u0131 de\u011fil; ayn\u0131 zamanda tarihin<span class=\"excerpt-hellip\"> [\u2026]<\/span><\/p>\n","protected":false},"featured_media":0,"template":"","meta":{"_monsterinsights_skip_tracking":false,"_monsterinsights_sitenote_active":false,"_monsterinsights_sitenote_note":"","_monsterinsights_sitenote_category":0},"product_brand":[],"product_cat":[12304],"product_tag":[],"class_list":{"0":"post-772869","1":"product","2":"type-product","3":"status-publish","5":"product_cat-tarih","6":"pa_cilt-ciltsiz","7":"pa_tur-kitap","8":"pa_yayinevi-kronik-kitap","9":"pa_yazar-nic-fields","11":"first","12":"instock","13":"sale","14":"shipping-taxable","15":"purchasable","16":"product-type-simple"},"_links":{"self":[{"href":"https:\/\/roveyayinevi.com.tr\/index.php\/wp-json\/wp\/v2\/product\/772869","targetHints":{"allow":["GET"]}}],"collection":[{"href":"https:\/\/roveyayinevi.com.tr\/index.php\/wp-json\/wp\/v2\/product"}],"about":[{"href":"https:\/\/roveyayinevi.com.tr\/index.php\/wp-json\/wp\/v2\/types\/product"}],"wp:attachment":[{"href":"https:\/\/roveyayinevi.com.tr\/index.php\/wp-json\/wp\/v2\/media?parent=772869"}],"wp:term":[{"taxonomy":"product_brand","embeddable":true,"href":"https:\/\/roveyayinevi.com.tr\/index.php\/wp-json\/wp\/v2\/product_brand?post=772869"},{"taxonomy":"product_cat","embeddable":true,"href":"https:\/\/roveyayinevi.com.tr\/index.php\/wp-json\/wp\/v2\/product_cat?post=772869"},{"taxonomy":"product_tag","embeddable":true,"href":"https:\/\/roveyayinevi.com.tr\/index.php\/wp-json\/wp\/v2\/product_tag?post=772869"}],"curies":[{"name":"wp","href":"https:\/\/api.w.org\/{rel}","templated":true}]}}