{"id":772859,"date":"2025-08-28T15:55:27","date_gmt":"2025-08-28T12:55:27","guid":{"rendered":"https:\/\/roveyayinevi.com.tr\/index.php\/urun\/gercegin-otesindeki-tutku\/"},"modified":"2026-04-15T03:39:14","modified_gmt":"2026-04-15T00:39:14","slug":"gercegin-otesindeki-tutku","status":"publish","type":"product","link":"https:\/\/roveyayinevi.com.tr\/index.php\/urun\/gercegin-otesindeki-tutku\/","title":{"rendered":"Ger\u00e7e\u011fin \u00d6tesindeki Tutku"},"content":{"rendered":"<p>Tutkunun, inceli\u011fin ve ruhlar\u0131 birle\u015ftiren a\u015fk\u0131n roman\u0131\u2026 James ve Serra\u2026 Ayr\u0131 bedenlerde, ama tek bir ruhun iki yank\u0131s\u0131\u2026 Onlar\u0131n a\u015fk\u0131, s\u0131radan duygular\u0131n \u00e7ok \u00f6tesinde, sezgilerle \u00f6r\u00fcl\u00fc, her an\u0131 derin bir ba\u011f ile yo\u011frulmu\u015f bir b\u00fct\u00fcnl\u00fck. Bu hik\u00e2yede, bir erke\u011fin sevdi\u011fi kad\u0131n\u0131 anlamak, hissetmek ve ruhuna incelikle dokunabilmek i\u00e7in g\u00f6sterdi\u011fi e\u015fsiz \u00e7aba g\u00f6zler \u00f6n\u00fcne seriliyor. James, Serra\u2019n\u0131n kalbine bir iz de\u011fil, bir yuva b\u0131rakmak istiyor. Onun mutlulu\u011fu i\u00e7in duyarl\u0131l\u0131\u011f\u0131n, \u015fefkatin ve a\u015fk\u0131n s\u0131n\u0131rlar\u0131n\u0131 yeniden tan\u0131ml\u0131yor. \u0130\u00e7g\u00fcd\u00fclerle tetiklenen d\u00fcrt\u00fcler, kaybetme korkusuyla harmanlan\u0131yor ama her duygunun merkezinde tek bir ger\u00e7ek var: Sevmenin sorumlulu\u011fu. Bu kitapta, tutkuyu sadece bir arzu de\u011fil; derinlikli, empatik, kar\u015f\u0131l\u0131kl\u0131 bir b\u00fct\u00fcnle\u015fme olarak ya\u015fayacaks\u0131n\u0131z. Kendi duygular\u0131n\u0131zdan izler bulacak, her sat\u0131rda i\u00e7inizde bir \u015feylerin yank\u0131land\u0131\u011f\u0131n\u0131 hissedeceksiniz. \u201cBu sadece bir a\u015fk hik\u00e2yesi de\u011fil, bir kad\u0131n\u0131n ruhuna t\u00fcm zarafetiyle dokunabilen bir adam\u0131n \u00f6yk\u00fcs\u00fc.\u201d <\/p>\n","protected":false},"excerpt":{"rendered":"<p>Tutkunun, inceli\u011fin ve ruhlar\u0131 birle\u015ftiren a\u015fk\u0131n roman\u0131\u2026 James ve Serra\u2026 Ayr\u0131 bedenlerde, ama tek bir ruhun iki yank\u0131s\u0131\u2026 Onlar\u0131n a\u015fk\u0131, s\u0131radan duygular\u0131n \u00e7ok \u00f6tesinde, sezgilerle \u00f6r\u00fcl\u00fc,<span class=\"excerpt-hellip\"> [\u2026]<\/span><\/p>\n","protected":false},"featured_media":0,"template":"","meta":{"_monsterinsights_skip_tracking":false,"_monsterinsights_sitenote_active":false,"_monsterinsights_sitenote_note":"","_monsterinsights_sitenote_category":0},"product_brand":[],"product_cat":[12291,12711],"product_tag":[],"class_list":{"0":"post-772859","1":"product","2":"type-product","3":"status-publish","5":"product_cat-edebiyat","6":"product_cat-roman-oyku","7":"pa_cilt-ciltsiz","8":"pa_tur-kitap","9":"pa_yayinevi-perseus","10":"pa_yazar-arzu-sen","12":"first","13":"instock","14":"sale","15":"shipping-taxable","16":"purchasable","17":"product-type-simple"},"_links":{"self":[{"href":"https:\/\/roveyayinevi.com.tr\/index.php\/wp-json\/wp\/v2\/product\/772859","targetHints":{"allow":["GET"]}}],"collection":[{"href":"https:\/\/roveyayinevi.com.tr\/index.php\/wp-json\/wp\/v2\/product"}],"about":[{"href":"https:\/\/roveyayinevi.com.tr\/index.php\/wp-json\/wp\/v2\/types\/product"}],"wp:attachment":[{"href":"https:\/\/roveyayinevi.com.tr\/index.php\/wp-json\/wp\/v2\/media?parent=772859"}],"wp:term":[{"taxonomy":"product_brand","embeddable":true,"href":"https:\/\/roveyayinevi.com.tr\/index.php\/wp-json\/wp\/v2\/product_brand?post=772859"},{"taxonomy":"product_cat","embeddable":true,"href":"https:\/\/roveyayinevi.com.tr\/index.php\/wp-json\/wp\/v2\/product_cat?post=772859"},{"taxonomy":"product_tag","embeddable":true,"href":"https:\/\/roveyayinevi.com.tr\/index.php\/wp-json\/wp\/v2\/product_tag?post=772859"}],"curies":[{"name":"wp","href":"https:\/\/api.w.org\/{rel}","templated":true}]}}