{"id":772850,"date":"2025-08-28T15:55:09","date_gmt":"2025-08-28T12:55:09","guid":{"rendered":"https:\/\/roveyayinevi.com.tr\/index.php\/urun\/dunyadan-sonra-bir-yer\/"},"modified":"2026-04-12T03:30:38","modified_gmt":"2026-04-12T00:30:38","slug":"dunyadan-sonra-bir-yer","status":"publish","type":"product","link":"https:\/\/roveyayinevi.com.tr\/index.php\/urun\/dunyadan-sonra-bir-yer\/","title":{"rendered":"D\u00fcnyadan Sonra Bir Yer"},"content":{"rendered":"<p>\u201cAdamlar aralar\u0131nda konu\u015ftular. Kulak kesildin: Teneke tepsi, \u00e7ay ka\u015f\u0131klar\u0131, televizyon c\u0131z\u0131rt\u0131s\u0131&#8230; Masaya vuran parmaklar. S\u00f6zc\u00fckler seslere kar\u0131\u015f\u0131p bozuldu. Bir ara o\u011flan seni i\u015faret etti sanki. \u0130lk kez o zaman arkan\u0131 d\u00f6nd\u00fcn ve t\u00fcm adamlara tek seferde bakt\u0131n. Hepsi \u00f6nce bir \u00e7izgiye sonra b\u00fcy\u00fck\u00e7e bir g\u00f6ze d\u00f6n\u00fc\u015ft\u00fc. \u0130\u00e7inde k\u0131z\u0131l yollar\u0131n d\u00f6nd\u00fc\u011f\u00fc, insan uzvuna benzemeyen bir yuvarlakt\u0131 bu.\u201d Yelina Tayfur, D\u00fcnyadan Sonra Bir Yer\u2019de ziyaret\u00e7ilerin, yolcular\u0131n, misafirlerin, yabanc\u0131lar\u0131n, yok say\u0131lanlar\u0131n, unutulanlar\u0131n, bekleyenlerin ya\u015famlar\u0131ndan kesitler sunuyor. Yaln\u0131zl\u0131\u011fa yazg\u0131l\u0131 s\u0131radan insanlar\u0131n h\u00fcsranlar\u0131n\u0131 ve hayallerini, bo\u015f vermi\u015fliklerini ve \u0131srarl\u0131 aray\u0131\u015flar\u0131n\u0131, k\u0131r\u0131lgan heyecanlar\u0131n\u0131 ve derin korkular\u0131n\u0131 kayda ge\u00e7iriyor. Genellikle yenilgiye mahk\u00fbm bu varolu\u015f halinin ezicili\u011fini anlat\u0131rken, her \u015feye ra\u011fmen ya\u015fama tutunan bu insanlar\u0131n g\u00fc\u00e7l\u00fc bir direni\u015f ve dayan\u0131\u015fma ihtimalini canl\u0131 tuttuklar\u0131n\u0131 da sat\u0131r aralar\u0131nda f\u0131s\u0131ld\u0131yor\u2026<\/p>\n","protected":false},"excerpt":{"rendered":"<p>\u201cAdamlar aralar\u0131nda konu\u015ftular. Kulak kesildin: Teneke tepsi, \u00e7ay ka\u015f\u0131klar\u0131, televizyon c\u0131z\u0131rt\u0131s\u0131&#8230; Masaya vuran parmaklar. S\u00f6zc\u00fckler seslere kar\u0131\u015f\u0131p bozuldu. Bir ara o\u011flan seni i\u015faret etti sanki. \u0130lk<span class=\"excerpt-hellip\"> [\u2026]<\/span><\/p>\n","protected":false},"featured_media":0,"template":"","meta":{"_monsterinsights_skip_tracking":false,"_monsterinsights_sitenote_active":false,"_monsterinsights_sitenote_note":"","_monsterinsights_sitenote_category":0},"product_brand":[],"product_cat":[12291,12711],"product_tag":[],"class_list":{"0":"post-772850","1":"product","2":"type-product","3":"status-publish","5":"product_cat-edebiyat","6":"product_cat-roman-oyku","7":"pa_cilt-ciltsiz","8":"pa_tur-kitap","9":"pa_yayinevi-iletisim-yayinlari","10":"pa_yazar-yelina-tayfur","12":"first","13":"instock","14":"sale","15":"shipping-taxable","16":"purchasable","17":"product-type-simple"},"_links":{"self":[{"href":"https:\/\/roveyayinevi.com.tr\/index.php\/wp-json\/wp\/v2\/product\/772850","targetHints":{"allow":["GET"]}}],"collection":[{"href":"https:\/\/roveyayinevi.com.tr\/index.php\/wp-json\/wp\/v2\/product"}],"about":[{"href":"https:\/\/roveyayinevi.com.tr\/index.php\/wp-json\/wp\/v2\/types\/product"}],"wp:attachment":[{"href":"https:\/\/roveyayinevi.com.tr\/index.php\/wp-json\/wp\/v2\/media?parent=772850"}],"wp:term":[{"taxonomy":"product_brand","embeddable":true,"href":"https:\/\/roveyayinevi.com.tr\/index.php\/wp-json\/wp\/v2\/product_brand?post=772850"},{"taxonomy":"product_cat","embeddable":true,"href":"https:\/\/roveyayinevi.com.tr\/index.php\/wp-json\/wp\/v2\/product_cat?post=772850"},{"taxonomy":"product_tag","embeddable":true,"href":"https:\/\/roveyayinevi.com.tr\/index.php\/wp-json\/wp\/v2\/product_tag?post=772850"}],"curies":[{"name":"wp","href":"https:\/\/api.w.org\/{rel}","templated":true}]}}