{"id":772842,"date":"2025-08-28T15:54:51","date_gmt":"2025-08-28T12:54:51","guid":{"rendered":"https:\/\/roveyayinevi.com.tr\/index.php\/urun\/bici-bici-vakti\/"},"modified":"2026-04-03T03:31:11","modified_gmt":"2026-04-03T00:31:11","slug":"bici-bici-vakti","status":"publish","type":"product","link":"https:\/\/roveyayinevi.com.tr\/index.php\/urun\/bici-bici-vakti\/","title":{"rendered":"B\u0131c\u0131 B\u0131c\u0131 Vakti"},"content":{"rendered":"<p>Suyun sihrine kap\u0131lmaya haz\u0131r m\u0131s\u0131n\u0131z? B\u0131c\u0131 B\u0131c\u0131 Vakti, \u00e7ocuklara y\u0131kanmay\u0131 anlat\u0131yor. Sudan \u00e7\u0131kmak istemeyen \u00e7ocuklar kadar banyo yapmaktan ka\u00e7an \u00e7ocuklara da e\u011flenceli bir hik\u00e2ye sunuyor. Sabun, \u015fampuan, k\u00f6p\u00fck, lif derken \u00e7ocuklar temizlenmenin ne kadar keyifli olabilece\u011fini ke\u015ffediyor. B\u0131c\u0131 B\u0131c\u0131 Vakti, \u00e7ocuklar\u0131n hijyen al\u0131\u015fkanl\u0131klar\u0131n\u0131 sevgiyle, \u015fiirle ve oyunla ke\u015ffetti\u011fi s\u0131ra d\u0131\u015f\u0131 bir kitap. Ergin \u0130ren\u2019in kaleme ald\u0131\u011f\u0131 metin Demet \u00d6zge Aykan\u2019\u0131n renkli ve detayl\u0131 \u00e7izimleriyle hayat buluyor.<\/p>\n","protected":false},"excerpt":{"rendered":"<p>Suyun sihrine kap\u0131lmaya haz\u0131r m\u0131s\u0131n\u0131z? B\u0131c\u0131 B\u0131c\u0131 Vakti, \u00e7ocuklara y\u0131kanmay\u0131 anlat\u0131yor. Sudan \u00e7\u0131kmak istemeyen \u00e7ocuklar kadar banyo yapmaktan ka\u00e7an \u00e7ocuklara da e\u011flenceli bir hik\u00e2ye sunuyor. Sabun,<span class=\"excerpt-hellip\"> [\u2026]<\/span><\/p>\n","protected":false},"featured_media":0,"template":"","meta":{"_monsterinsights_skip_tracking":false,"_monsterinsights_sitenote_active":false,"_monsterinsights_sitenote_note":"","_monsterinsights_sitenote_category":0},"product_brand":[],"product_cat":[12274,12284],"product_tag":[],"class_list":{"0":"post-772842","1":"product","2":"type-product","3":"status-publish","5":"product_cat-cocuk-ve-genclik-kitaplari","6":"product_cat-hikayeler","7":"pa_cilt-ciltsiz","8":"pa_tur-kitap","9":"pa_yayinevi-literatur-yayinevi","10":"pa_yazar-ergin-iren","12":"first","13":"instock","14":"sale","15":"shipping-taxable","16":"purchasable","17":"product-type-simple"},"_links":{"self":[{"href":"https:\/\/roveyayinevi.com.tr\/index.php\/wp-json\/wp\/v2\/product\/772842","targetHints":{"allow":["GET"]}}],"collection":[{"href":"https:\/\/roveyayinevi.com.tr\/index.php\/wp-json\/wp\/v2\/product"}],"about":[{"href":"https:\/\/roveyayinevi.com.tr\/index.php\/wp-json\/wp\/v2\/types\/product"}],"wp:attachment":[{"href":"https:\/\/roveyayinevi.com.tr\/index.php\/wp-json\/wp\/v2\/media?parent=772842"}],"wp:term":[{"taxonomy":"product_brand","embeddable":true,"href":"https:\/\/roveyayinevi.com.tr\/index.php\/wp-json\/wp\/v2\/product_brand?post=772842"},{"taxonomy":"product_cat","embeddable":true,"href":"https:\/\/roveyayinevi.com.tr\/index.php\/wp-json\/wp\/v2\/product_cat?post=772842"},{"taxonomy":"product_tag","embeddable":true,"href":"https:\/\/roveyayinevi.com.tr\/index.php\/wp-json\/wp\/v2\/product_tag?post=772842"}],"curies":[{"name":"wp","href":"https:\/\/api.w.org\/{rel}","templated":true}]}}