{"id":772835,"date":"2025-08-28T15:54:35","date_gmt":"2025-08-28T12:54:35","guid":{"rendered":"https:\/\/roveyayinevi.com.tr\/index.php\/urun\/gece-yolu\/"},"modified":"2026-04-15T03:39:14","modified_gmt":"2026-04-15T00:39:14","slug":"gece-yolu","status":"publish","type":"product","link":"https:\/\/roveyayinevi.com.tr\/index.php\/urun\/gece-yolu\/","title":{"rendered":"Gece Yolu"},"content":{"rendered":"<p>Yanl\u0131\u015f bir karar\u0131n korkun\u00e7 sonu\u00e7lar\u0131\u2026   Y\u0131llarca \u00e7ocuklar\u0131n\u0131n u\u0308zerine titreyen Jude Farraday\u2019in ikizleri Mia ve Zach liseye ba\u015flad\u0131klar\u0131 ilk gu\u0308n Lexi Baill\u2019le tan\u0131\u015f\u0131rlar. Uyu\u015fturucu ba\u011f\u0131ml\u0131s\u0131 bir annenin k\u0131z\u0131 olan ve yaln\u0131z bir \u00e7ocukluk ge\u00e7iren Lexi k\u0131sa su\u0308rede Mia\u2019n\u0131n en iyi arkada\u015f\u0131 ve Farraday ailesinin bir par\u00e7as\u0131 olur.   Lise son s\u0131n\u0131fa geldiklerinde ise her \u015fey de\u011fi\u015fmeye ba\u015flar. \u0130kizler u\u0308niversite i\u00e7in Kaliforniya\u2019ya gitmeyi du\u0308\u015fu\u0308nu\u0308rken Lexi\u2019nin se\u00e7enekleri k\u0131s\u0131tl\u0131d\u0131r. A\u015fk g\u00f6zlerini k\u00f6r ederken \u00f6zgu\u0308rlu\u0308\u011fu\u0308n ve gen\u00e7li\u011fin co\u015fkusuyla partilemeye ba\u015flarlar. Ancak bir gece \u00e7\u0131\u011f\u0131r\u0131ndan \u00e7\u0131kan bir partinin sonunda verdikleri yanl\u0131\u015f bir karar herkesin hayat\u0131n\u0131 altu\u0308st eder.   \u201cGece Yolu\u2019nu okuyup da hik\u00e2yesinden ve karakterlerden etkilenmemeniz imk\u00e2ns\u0131z. Kitab\u0131 bitirdikten sonra etkisini gu\u0308nlerce hissedeceksiniz.\u201d The Huffi ngton Post <\/p>\n","protected":false},"excerpt":{"rendered":"<p>Yanl\u0131\u015f bir karar\u0131n korkun\u00e7 sonu\u00e7lar\u0131\u2026 Y\u0131llarca \u00e7ocuklar\u0131n\u0131n u\u0308zerine titreyen Jude Farraday\u2019in ikizleri Mia ve Zach liseye ba\u015flad\u0131klar\u0131 ilk gu\u0308n Lexi Baill\u2019le tan\u0131\u015f\u0131rlar. Uyu\u015fturucu ba\u011f\u0131ml\u0131s\u0131 bir annenin<span class=\"excerpt-hellip\"> [\u2026]<\/span><\/p>\n","protected":false},"featured_media":0,"template":"","meta":{"_monsterinsights_skip_tracking":false,"_monsterinsights_sitenote_active":false,"_monsterinsights_sitenote_note":"","_monsterinsights_sitenote_category":0},"product_brand":[],"product_cat":[12291,12711],"product_tag":[],"class_list":{"0":"post-772835","1":"product","2":"type-product","3":"status-publish","5":"product_cat-edebiyat","6":"product_cat-roman-oyku","7":"pa_cilt-ciltsiz","8":"pa_tur-kitap","9":"pa_yayinevi-dogan-kitap","10":"pa_yazar-kristin-hannah","12":"first","13":"instock","14":"sale","15":"shipping-taxable","16":"purchasable","17":"product-type-simple"},"_links":{"self":[{"href":"https:\/\/roveyayinevi.com.tr\/index.php\/wp-json\/wp\/v2\/product\/772835","targetHints":{"allow":["GET"]}}],"collection":[{"href":"https:\/\/roveyayinevi.com.tr\/index.php\/wp-json\/wp\/v2\/product"}],"about":[{"href":"https:\/\/roveyayinevi.com.tr\/index.php\/wp-json\/wp\/v2\/types\/product"}],"wp:attachment":[{"href":"https:\/\/roveyayinevi.com.tr\/index.php\/wp-json\/wp\/v2\/media?parent=772835"}],"wp:term":[{"taxonomy":"product_brand","embeddable":true,"href":"https:\/\/roveyayinevi.com.tr\/index.php\/wp-json\/wp\/v2\/product_brand?post=772835"},{"taxonomy":"product_cat","embeddable":true,"href":"https:\/\/roveyayinevi.com.tr\/index.php\/wp-json\/wp\/v2\/product_cat?post=772835"},{"taxonomy":"product_tag","embeddable":true,"href":"https:\/\/roveyayinevi.com.tr\/index.php\/wp-json\/wp\/v2\/product_tag?post=772835"}],"curies":[{"name":"wp","href":"https:\/\/api.w.org\/{rel}","templated":true}]}}