{"id":772831,"date":"2025-08-28T15:54:26","date_gmt":"2025-08-28T12:54:26","guid":{"rendered":"https:\/\/roveyayinevi.com.tr\/index.php\/urun\/buyuk-teyzenin-kaktusleri\/"},"modified":"2026-04-11T03:38:37","modified_gmt":"2026-04-11T00:38:37","slug":"buyuk-teyzenin-kaktusleri","status":"publish","type":"product","link":"https:\/\/roveyayinevi.com.tr\/index.php\/urun\/buyuk-teyzenin-kaktusleri\/","title":{"rendered":"B\u00fcy\u00fck Teyzenin Kakt\u00fcsleri"},"content":{"rendered":"<p>Yasemin Temizarabac\u0131 Y\u0131ld\u0131rmaz\u2019\u0131n yazd\u0131\u011f\u0131 B\u00fcy\u00fck Teyzenin Kakt\u00fcsleri kitab\u0131na \u00d6yk\u00fc Akarca r\u00fcya gibi resimleriyle e\u015flik ediyor.   Uzaktaki b\u00fcy\u00fck teyzeye bayram ziyaretine giden Defne\u2019yle siz de unutamayaca\u011f\u0131n\u0131z bir yolculuk ya\u015fayabilirsiniz&#8230; <\/p>\n","protected":false},"excerpt":{"rendered":"<p>Yasemin Temizarabac\u0131 Y\u0131ld\u0131rmaz\u2019\u0131n yazd\u0131\u011f\u0131 B\u00fcy\u00fck Teyzenin Kakt\u00fcsleri kitab\u0131na \u00d6yk\u00fc Akarca r\u00fcya gibi resimleriyle e\u015flik ediyor. Uzaktaki b\u00fcy\u00fck teyzeye bayram ziyaretine giden Defne\u2019yle siz de unutamayaca\u011f\u0131n\u0131z bir<span class=\"excerpt-hellip\"> [\u2026]<\/span><\/p>\n","protected":false},"featured_media":0,"template":"","meta":{"_monsterinsights_skip_tracking":false,"_monsterinsights_sitenote_active":false,"_monsterinsights_sitenote_note":"","_monsterinsights_sitenote_category":0},"product_brand":[],"product_cat":[12274,12284],"product_tag":[],"class_list":{"0":"post-772831","1":"product","2":"type-product","3":"status-publish","5":"product_cat-cocuk-ve-genclik-kitaplari","6":"product_cat-hikayeler","7":"pa_cilt-ciltsiz","8":"pa_tur-kitap","9":"pa_yayinevi-yapi-kredi-yayinlari","10":"pa_yazar-yasemin-temizarabaci-yildirmaz","12":"first","13":"instock","14":"sale","15":"shipping-taxable","16":"purchasable","17":"product-type-simple"},"_links":{"self":[{"href":"https:\/\/roveyayinevi.com.tr\/index.php\/wp-json\/wp\/v2\/product\/772831","targetHints":{"allow":["GET"]}}],"collection":[{"href":"https:\/\/roveyayinevi.com.tr\/index.php\/wp-json\/wp\/v2\/product"}],"about":[{"href":"https:\/\/roveyayinevi.com.tr\/index.php\/wp-json\/wp\/v2\/types\/product"}],"wp:attachment":[{"href":"https:\/\/roveyayinevi.com.tr\/index.php\/wp-json\/wp\/v2\/media?parent=772831"}],"wp:term":[{"taxonomy":"product_brand","embeddable":true,"href":"https:\/\/roveyayinevi.com.tr\/index.php\/wp-json\/wp\/v2\/product_brand?post=772831"},{"taxonomy":"product_cat","embeddable":true,"href":"https:\/\/roveyayinevi.com.tr\/index.php\/wp-json\/wp\/v2\/product_cat?post=772831"},{"taxonomy":"product_tag","embeddable":true,"href":"https:\/\/roveyayinevi.com.tr\/index.php\/wp-json\/wp\/v2\/product_tag?post=772831"}],"curies":[{"name":"wp","href":"https:\/\/api.w.org\/{rel}","templated":true}]}}