{"id":772819,"date":"2025-08-28T15:53:29","date_gmt":"2025-08-28T12:53:29","guid":{"rendered":"https:\/\/roveyayinevi.com.tr\/index.php\/urun\/kolaj-ekonomik-ve-siyasal-karalamalar\/"},"modified":"2026-01-30T04:11:37","modified_gmt":"2026-01-30T01:11:37","slug":"kolaj-ekonomik-ve-siyasal-karalamalar","status":"publish","type":"product","link":"https:\/\/roveyayinevi.com.tr\/index.php\/urun\/kolaj-ekonomik-ve-siyasal-karalamalar\/","title":{"rendered":"Kolaj&#8230; Ekonomik ve Siyasal Karalamalar"},"content":{"rendered":"<p>Vova Yay\u0131nevi olarak de\u011ferli yazar\u0131m\u0131z Dr. R.B\u00fclend K\u0131rmac\u0131&#8217;n\u0131n yeni bir eseriyle siz okurlar\u0131m\u0131za merhaba demenin mutlulu\u011funu i\u00e7indeyiz\u2026 Dr. K\u0131rmac\u0131, \u201cKolaj &#8216;Siyasal ve Ekonomik Karalamalar!\u201d adl\u0131 bu yap\u0131t\u0131nda g\u00fcncel siyasal ve ekonomik veriler \u0131\u015f\u0131\u011f\u0131nda bizleri bir ufuk turuna \u00e7\u0131kar\u0131yor; \u201ckitab\u0131n\u0131n yolculu\u011fu\u201d \u00fclkemiz ve yerk\u00fcrenin sorunlar\u0131 kadar, o sorunlara \u00e7\u00f6z\u00fcm yollar\u0131n\u0131 i\u015fledi\u011fi makalelerden olu\u015fuyor\u2026 Dr. R.B\u00fclend K\u0131rmac\u0131, elinizdeki bu kitab\u0131n\u0131n birbiriyle b\u00fct\u00fcnl\u00fck te\u015fkil eden \u201cS\u0130YASAL KARALAMALAR: D\u00dcNYA ve T\u00dcRK\u0130YE\u201d adl\u0131 ilk b\u00f6l\u00fcm\u00fcnde daha \u00e7ok D\u00fcnya&#8217;m\u0131z\u0131n i\u00e7inde bulundu\u011fu siyasal, ekonomik ko\u015fullar\u0131 irdeliyor; kitab\u0131n\u0131n \u201cEKONOM\u0130K KARALAMALAR: T\u00dcRK\u0130YE ve D\u00dcNYA\u201d adl\u0131 ikinci b\u00f6l\u00fcm\u00fcnde ise T\u00fcrkiye ekonomisinden ba\u015fl\u0131yor, k\u00fcreselle\u015fmenin, liberalizmin ciddi bir ele\u015ftirisiyle toplumlar\u0131 yozla\u015ft\u0131ran, sosyal adalet ilkesini a\u015f\u0131nd\u0131ran ve ulus-devletleri zay\u0131flatmak ere\u011fi ta\u015f\u0131yan \u201cyol ve y\u00f6ntemleri\u201d g\u00f6zler \u00f6n\u00fcne serip; hak\u00e7a ve insanc\u0131l bir d\u00fcnyan\u0131n kurulmas\u0131 gere\u011fi ve ger\u00e7e\u011fine var\u0131yor\u2026 Kolaj&#8217;\u0131n yolculu\u011funun verimli olmas\u0131n\u0131 ve de iyi okumalar diliyor, sayg\u0131lar sunuyoruz. <\/p>\n","protected":false},"excerpt":{"rendered":"<p>Vova Yay\u0131nevi olarak de\u011ferli yazar\u0131m\u0131z Dr. R.B\u00fclend K\u0131rmac\u0131&#8217;n\u0131n yeni bir eseriyle siz okurlar\u0131m\u0131za merhaba demenin mutlulu\u011funu i\u00e7indeyiz\u2026 Dr. K\u0131rmac\u0131, \u201cKolaj &#8216;Siyasal ve Ekonomik Karalamalar!\u201d adl\u0131 bu<span class=\"excerpt-hellip\"> [\u2026]<\/span><\/p>\n","protected":false},"featured_media":0,"template":"","meta":{"_monsterinsights_skip_tracking":false,"_monsterinsights_sitenote_active":false,"_monsterinsights_sitenote_note":"","_monsterinsights_sitenote_category":0},"product_brand":[],"product_cat":[13043],"product_tag":[],"class_list":{"0":"post-772819","1":"product","2":"type-product","3":"status-publish","5":"product_cat-ekonomi","6":"pa_cilt-ciltsiz","7":"pa_tur-kitap","8":"pa_yayinevi-vova-yayinlari","9":"pa_yazar-r-bulend-kirmaci","11":"first","12":"instock","13":"sale","14":"shipping-taxable","15":"purchasable","16":"product-type-simple"},"_links":{"self":[{"href":"https:\/\/roveyayinevi.com.tr\/index.php\/wp-json\/wp\/v2\/product\/772819","targetHints":{"allow":["GET"]}}],"collection":[{"href":"https:\/\/roveyayinevi.com.tr\/index.php\/wp-json\/wp\/v2\/product"}],"about":[{"href":"https:\/\/roveyayinevi.com.tr\/index.php\/wp-json\/wp\/v2\/types\/product"}],"wp:attachment":[{"href":"https:\/\/roveyayinevi.com.tr\/index.php\/wp-json\/wp\/v2\/media?parent=772819"}],"wp:term":[{"taxonomy":"product_brand","embeddable":true,"href":"https:\/\/roveyayinevi.com.tr\/index.php\/wp-json\/wp\/v2\/product_brand?post=772819"},{"taxonomy":"product_cat","embeddable":true,"href":"https:\/\/roveyayinevi.com.tr\/index.php\/wp-json\/wp\/v2\/product_cat?post=772819"},{"taxonomy":"product_tag","embeddable":true,"href":"https:\/\/roveyayinevi.com.tr\/index.php\/wp-json\/wp\/v2\/product_tag?post=772819"}],"curies":[{"name":"wp","href":"https:\/\/api.w.org\/{rel}","templated":true}]}}