{"id":772815,"date":"2025-08-28T15:53:22","date_gmt":"2025-08-28T12:53:22","guid":{"rendered":"https:\/\/roveyayinevi.com.tr\/index.php\/urun\/iyi-dusun-mutlu-yasa\/"},"modified":"2026-04-11T03:38:37","modified_gmt":"2026-04-11T00:38:37","slug":"iyi-dusun-mutlu-yasa","status":"publish","type":"product","link":"https:\/\/roveyayinevi.com.tr\/index.php\/urun\/iyi-dusun-mutlu-yasa\/","title":{"rendered":"\u0130yi D\u00fc\u015f\u00fcn Mutlu Ya\u015fa"},"content":{"rendered":"<p>\u201cBak\u0131\u015f a\u00e7\u0131s\u0131n\u0131 de\u011fi\u015ftiren mutlulu\u011fu yakalar.\u201dArada s\u0131rada kendini \u00f6nemsiz hissetti\u011finde, \u00f6z g\u00fcvenin k\u0131r\u0131ld\u0131\u011f\u0131nda, insanlar\u0131n haks\u0131z ele\u015ftirilerine maruz kald\u0131\u011f\u0131nda ge\u00e7mi\u015fte yapt\u0131klar\u0131na bir bak ve ne kadar da b\u00fcy\u00fck i\u015fler ba\u015fard\u0131\u011f\u0131n\u0131n hakk\u0131n\u0131 kendine ver.     \u2022 S\u0131k\u0131nt\u0131lar elbette bir g\u00fcn bitecek.     \u2022 \u00dcz\u00fclen elbette bir g\u00fcn mutlu olacak.     \u2022 Kaybolan ve \u00f6zlenen elbette bir g\u00fcn geri d\u00f6necek.     \u2022 Baz\u0131 r\u00fcyalar ger\u00e7ek olacak.Ya\u015fayaca\u011f\u0131n harika g\u00fczellikler, ba\u015faraca\u011f\u0131n muhte\u015fem i\u015fler, kazanaca\u011f\u0131n \u015fampiyonluklar ger\u00e7ekle\u015fmek i\u00e7in seni beklemekte. \u0130\u015fte b\u00fct\u00fcn bunlar vazge\u00e7medi\u011fin s\u00fcrece ger\u00e7ekle\u015fecek ve sen bu sefer \u00e7ok mutlu olacaks\u0131n \u00e7\u00fcnk\u00fc bunu hak ediyorsun. Art\u0131k s\u0131ra sende&#8230;<\/p>\n","protected":false},"excerpt":{"rendered":"<p>\u201cBak\u0131\u015f a\u00e7\u0131s\u0131n\u0131 de\u011fi\u015ftiren mutlulu\u011fu yakalar.\u201dArada s\u0131rada kendini \u00f6nemsiz hissetti\u011finde, \u00f6z g\u00fcvenin k\u0131r\u0131ld\u0131\u011f\u0131nda, insanlar\u0131n haks\u0131z ele\u015ftirilerine maruz kald\u0131\u011f\u0131nda ge\u00e7mi\u015fte yapt\u0131klar\u0131na bir bak ve ne kadar da b\u00fcy\u00fck<span class=\"excerpt-hellip\"> [\u2026]<\/span><\/p>\n","protected":false},"featured_media":0,"template":"","meta":{"_monsterinsights_skip_tracking":false,"_monsterinsights_sitenote_active":false,"_monsterinsights_sitenote_note":"","_monsterinsights_sitenote_category":0},"product_brand":[],"product_cat":[12364,12376],"product_tag":[],"class_list":{"0":"post-772815","1":"product","2":"type-product","3":"status-publish","5":"product_cat-genel-konular","6":"product_cat-kisisel-gelisim","7":"pa_cilt-ciltsiz","8":"pa_tur-kitap","9":"pa_yayinevi-hayat-yayinlari","10":"pa_yazar-zekeriya-efiloglu","12":"first","13":"instock","14":"sale","15":"shipping-taxable","16":"purchasable","17":"product-type-simple"},"_links":{"self":[{"href":"https:\/\/roveyayinevi.com.tr\/index.php\/wp-json\/wp\/v2\/product\/772815","targetHints":{"allow":["GET"]}}],"collection":[{"href":"https:\/\/roveyayinevi.com.tr\/index.php\/wp-json\/wp\/v2\/product"}],"about":[{"href":"https:\/\/roveyayinevi.com.tr\/index.php\/wp-json\/wp\/v2\/types\/product"}],"wp:attachment":[{"href":"https:\/\/roveyayinevi.com.tr\/index.php\/wp-json\/wp\/v2\/media?parent=772815"}],"wp:term":[{"taxonomy":"product_brand","embeddable":true,"href":"https:\/\/roveyayinevi.com.tr\/index.php\/wp-json\/wp\/v2\/product_brand?post=772815"},{"taxonomy":"product_cat","embeddable":true,"href":"https:\/\/roveyayinevi.com.tr\/index.php\/wp-json\/wp\/v2\/product_cat?post=772815"},{"taxonomy":"product_tag","embeddable":true,"href":"https:\/\/roveyayinevi.com.tr\/index.php\/wp-json\/wp\/v2\/product_tag?post=772815"}],"curies":[{"name":"wp","href":"https:\/\/api.w.org\/{rel}","templated":true}]}}